{"id":775072,"date":"2025-09-09T16:32:42","date_gmt":"2025-09-09T13:32:42","guid":{"rendered":"https:\/\/roveyayinevi.com.tr\/index.php\/urun\/bask-irlanda-katalonya-ve-iskocya-milliyetciliklerinin-tarihi-gecmisten-bugune-ozerklik-ve-bagimsizlik-arayislari\/"},"modified":"2025-10-29T09:42:46","modified_gmt":"2025-10-29T06:42:46","slug":"bask-irlanda-katalonya-ve-iskocya-milliyetciliklerinin-tarihi-gecmisten-bugune-ozerklik-ve-bagimsizlik-arayislari","status":"publish","type":"product","link":"https:\/\/roveyayinevi.com.tr\/index.php\/urun\/bask-irlanda-katalonya-ve-iskocya-milliyetciliklerinin-tarihi-gecmisten-bugune-ozerklik-ve-bagimsizlik-arayislari\/","title":{"rendered":"Bask, \u0130rlanda, Katalonya Ve \u0130sko\u00e7ya Milliyet\u00e7iliklerinin Tarihi: Ge\u00e7mi\u015ften Bug\u00fcne \u00d6zerklik Ve Ba\u011f\u0131ms\u0131zl\u0131k Aray\u0131\u015flar\u0131"},"content":{"rendered":"<p>\u0130\u00e7indekiler     B\u00d6L\u00dcM I TAR\u0130H\u0130, KURAMLARI VE KAVRAMLARIYLA M\u0130LL\u0130YET\u00c7\u0130L\u0130K   B\u00d6L\u00dcM II BASK M\u0130LL\u0130YET\u00c7\u0130L\u0130\u011e\u0130   B\u00d6L\u00dcM III \u0130RLANDA M\u0130LL\u0130YET\u00c7\u0130L\u0130\u011e\u0130   B\u00d6L\u00dcM IV KATALAN M\u0130LL\u0130YET\u00c7\u0130L\u0130\u011e\u0130   B\u00d6L\u00dcM V \u0130SKO\u00c7 M\u0130LL\u0130YET\u00c7\u0130L\u0130\u011e\u0130 <\/p>\n","protected":false},"excerpt":{"rendered":"<p>\u0130\u00e7indekiler B\u00d6L\u00dcM I TAR\u0130H\u0130, KURAMLARI VE KAVRAMLARIYLA M\u0130LL\u0130YET\u00c7\u0130L\u0130K B\u00d6L\u00dcM II BASK M\u0130LL\u0130YET\u00c7\u0130L\u0130\u011e\u0130 B\u00d6L\u00dcM III \u0130RLANDA M\u0130LL\u0130YET\u00c7\u0130L\u0130\u011e\u0130 B\u00d6L\u00dcM IV KATALAN M\u0130LL\u0130YET\u00c7\u0130L\u0130\u011e\u0130 B\u00d6L\u00dcM V \u0130SKO\u00c7 M\u0130LL\u0130YET\u00c7\u0130L\u0130\u011e\u0130<\/p>\n","protected":false},"featured_media":0,"template":"","meta":{"_monsterinsights_skip_tracking":false,"_monsterinsights_sitenote_active":false,"_monsterinsights_sitenote_note":"","_monsterinsights_sitenote_category":0},"product_brand":[],"product_cat":[12573,12566],"product_tag":[],"class_list":{"0":"post-775072","1":"product","2":"type-product","3":"status-publish","5":"product_cat-akademik-kitaplar","6":"product_cat-egitim","7":"pa_cilt-ciltsiz","8":"pa_tur-kitap","9":"pa_yayinevi-gazi-kitabevi","10":"pa_yazar-sevki-kiralp","12":"first","13":"instock","14":"sale","15":"shipping-taxable","16":"purchasable","17":"product-type-simple"},"_links":{"self":[{"href":"https:\/\/roveyayinevi.com.tr\/index.php\/wp-json\/wp\/v2\/product\/775072","targetHints":{"allow":["GET"]}}],"collection":[{"href":"https:\/\/roveyayinevi.com.tr\/index.php\/wp-json\/wp\/v2\/product"}],"about":[{"href":"https:\/\/roveyayinevi.com.tr\/index.php\/wp-json\/wp\/v2\/types\/product"}],"wp:attachment":[{"href":"https:\/\/roveyayinevi.com.tr\/index.php\/wp-json\/wp\/v2\/media?parent=775072"}],"wp:term":[{"taxonomy":"product_brand","embeddable":true,"href":"https:\/\/roveyayinevi.com.tr\/index.php\/wp-json\/wp\/v2\/product_brand?post=775072"},{"taxonomy":"product_cat","embeddable":true,"href":"https:\/\/roveyayinevi.com.tr\/index.php\/wp-json\/wp\/v2\/product_cat?post=775072"},{"taxonomy":"product_tag","embeddable":true,"href":"https:\/\/roveyayinevi.com.tr\/index.php\/wp-json\/wp\/v2\/product_tag?post=775072"}],"curies":[{"name":"wp","href":"https:\/\/api.w.org\/{rel}","templated":true}]}}

Bask, İrlanda, Katalonya Ve İskoçya Milliyetçiliklerinin Tarihi: Geçmişten Bugüne Özerklik Ve Bağımsızlık Arayışları

<p>İçindekiler     BÖLÜM I TARİHİ, KURAMLARI VE KAVRAMLARIYLA MİLLİYETÇİLİK   BÖLÜM II BASK MİLLİYETÇİLİĞİ   BÖLÜM III İRLANDA MİLLİYETÇİLİĞİ   BÖLÜM IV KATALAN MİLLİYETÇİLİĞİ   BÖLÜM V İSKOÇ MİLLİYETÇİLİĞİ </p>

<p>İçindekiler BÖLÜM I TARİHİ, KURAMLARI VE KAVRAMLARIYLA MİLLİYETÇİLİK BÖLÜM II BASK MİLLİYETÇİLİĞİ BÖLÜM III İRLANDA MİLLİYETÇİLİĞİ BÖLÜM IV KATALAN MİLLİYETÇİLİĞİ BÖLÜM V İSKOÇ MİLLİYETÇİLİĞİ</p>
