{"id":775062,"date":"2025-09-09T16:18:11","date_gmt":"2025-09-09T13:18:11","guid":{"rendered":"https:\/\/roveyayinevi.com.tr\/index.php\/urun\/pazartesi-mektuplari\/"},"modified":"2026-04-16T03:07:46","modified_gmt":"2026-04-16T00:07:46","slug":"pazartesi-mektuplari","status":"publish","type":"product","link":"https:\/\/roveyayinevi.com.tr\/index.php\/urun\/pazartesi-mektuplari\/","title":{"rendered":"Pazartesi Mektuplar\u0131"},"content":{"rendered":"<p>Pazartesileri oldum olas\u0131 \u00e7ok sevdim. Mutlak bir yenilik hissi. Hi\u00e7 a\u00e7\u0131lmam\u0131\u015f bir kitab\u0131n sayfalar\u0131n\u0131n aras\u0131nda bir yerlere burnunu soktu\u011funda ald\u0131\u011f\u0131n o koku gibi.    Bu sat\u0131rlar\u0131 belki taze bir Pazartesi, belki yorgun bir \u00c7ar\u015famba, belki tembel bir Pazar g\u00fcn\u00fc okursun. \u0130sterim ki bu sat\u0131rlar ne zaman kar\u015f\u0131na \u00e7\u0131karsa \u00e7\u0131ks\u0131n, sen onlar\u0131 o zaman kendine k\u00fc\u00e7\u00fcc\u00fck bir i\u015faret olarak alas\u0131n.   \u0130\u00e7inin bir yerine bir kelime dokunsun, elinin gitmedi\u011fine cesaretin, cesaretinin yetmedi\u011fine elin uzans\u0131n. \u0130sterim ki kalbin hayat\u0131nda bir yeni\u2019ye a\u00e7\u0131ls\u0131n, sonra da en beklemedi\u011fin anda hayat\u0131na al\u0131\u015f\u0131lm\u0131\u015f de\u011fil de, hen\u00fcz kendisiyle hi\u00e7 tan\u0131\u015f\u0131lmam\u0131\u015f heyecanlar yay\u0131ls\u0131n. <\/p>\n","protected":false},"excerpt":{"rendered":"<p>Pazartesileri oldum olas\u0131 \u00e7ok sevdim. Mutlak bir yenilik hissi. Hi\u00e7 a\u00e7\u0131lmam\u0131\u015f bir kitab\u0131n sayfalar\u0131n\u0131n aras\u0131nda bir yerlere burnunu soktu\u011funda ald\u0131\u011f\u0131n o koku gibi. Bu sat\u0131rlar\u0131 belki<span class=\"excerpt-hellip\"> [\u2026]<\/span><\/p>\n","protected":false},"featured_media":0,"template":"","meta":{"_monsterinsights_skip_tracking":false,"_monsterinsights_sitenote_active":false,"_monsterinsights_sitenote_note":"","_monsterinsights_sitenote_category":0},"product_brand":[],"product_cat":[12364,12376],"product_tag":[],"class_list":{"0":"post-775062","1":"product","2":"type-product","3":"status-publish","5":"product_cat-genel-konular","6":"product_cat-kisisel-gelisim","7":"pa_cilt-ciltsiz","8":"pa_tur-kitap","9":"pa_yayinevi-dogan-novus","10":"pa_yazar-ege-soley","12":"first","13":"instock","14":"sale","15":"shipping-taxable","16":"purchasable","17":"product-type-simple"},"_links":{"self":[{"href":"https:\/\/roveyayinevi.com.tr\/index.php\/wp-json\/wp\/v2\/product\/775062","targetHints":{"allow":["GET"]}}],"collection":[{"href":"https:\/\/roveyayinevi.com.tr\/index.php\/wp-json\/wp\/v2\/product"}],"about":[{"href":"https:\/\/roveyayinevi.com.tr\/index.php\/wp-json\/wp\/v2\/types\/product"}],"wp:attachment":[{"href":"https:\/\/roveyayinevi.com.tr\/index.php\/wp-json\/wp\/v2\/media?parent=775062"}],"wp:term":[{"taxonomy":"product_brand","embeddable":true,"href":"https:\/\/roveyayinevi.com.tr\/index.php\/wp-json\/wp\/v2\/product_brand?post=775062"},{"taxonomy":"product_cat","embeddable":true,"href":"https:\/\/roveyayinevi.com.tr\/index.php\/wp-json\/wp\/v2\/product_cat?post=775062"},{"taxonomy":"product_tag","embeddable":true,"href":"https:\/\/roveyayinevi.com.tr\/index.php\/wp-json\/wp\/v2\/product_tag?post=775062"}],"curies":[{"name":"wp","href":"https:\/\/api.w.org\/{rel}","templated":true}]}}