{"id":775060,"date":"2025-09-09T16:15:08","date_gmt":"2025-09-09T13:15:08","guid":{"rendered":"https:\/\/roveyayinevi.com.tr\/index.php\/urun\/telefonu-icat-eden-alexander-graham-bell-cocuklar-icin-kasifler-ve-mucitler-serisi-6\/"},"modified":"2025-11-21T09:35:06","modified_gmt":"2025-11-21T06:35:06","slug":"telefonu-icat-eden-alexander-graham-bell-cocuklar-icin-kasifler-ve-mucitler-serisi-6","status":"publish","type":"product","link":"https:\/\/roveyayinevi.com.tr\/index.php\/urun\/telefonu-icat-eden-alexander-graham-bell-cocuklar-icin-kasifler-ve-mucitler-serisi-6\/","title":{"rendered":"Telefonu \u0130cat Eden Alexander Graham Bell &#8211; \u00c7ocuklar i\u00e7in Ka\u015fifler ve Mucitler Serisi 6"},"content":{"rendered":"<p>\u00c7evrenizdeki insanlar\u0131n neye ihtiyac\u0131 oldu\u011funu belirlemek i\u00e7in g\u00f6zlem yapar m\u0131s\u0131n\u0131z? Ekip \u00e7al\u0131\u015fmas\u0131n\u0131 sever misniz? Peki ya tesad\u00fcf eseri bir icad\u0131 bulma \u015fans\u0131n\u0131z oldu mu? \u00d6\u011fretmen Yazar Sevgili Nagihan Y\u0131lmaz\u2019\u0131n kaleminden \u00e7\u0131kan \u2018\u2019Telefonu \u0130cat Eden Alexander Graham Bell\u2019\u2019 eseri t\u00fcm sorular\u0131m\u0131z\u0131n cevaplar\u0131n\u0131 sunuyor, bizlere ise sadece okumak d\u00fc\u015f\u00fcyor.   <\/p>\n","protected":false},"excerpt":{"rendered":"<p>\u00c7evrenizdeki insanlar\u0131n neye ihtiyac\u0131 oldu\u011funu belirlemek i\u00e7in g\u00f6zlem yapar m\u0131s\u0131n\u0131z? Ekip \u00e7al\u0131\u015fmas\u0131n\u0131 sever misniz? Peki ya tesad\u00fcf eseri bir icad\u0131 bulma \u015fans\u0131n\u0131z oldu mu? \u00d6\u011fretmen Yazar<span class=\"excerpt-hellip\"> [\u2026]<\/span><\/p>\n","protected":false},"featured_media":0,"template":"","meta":{"_monsterinsights_skip_tracking":false,"_monsterinsights_sitenote_active":false,"_monsterinsights_sitenote_note":"","_monsterinsights_sitenote_category":0},"product_brand":[],"product_cat":[13829,12274],"product_tag":[],"class_list":{"0":"post-775060","1":"product","2":"type-product","3":"status-publish","5":"product_cat-bilimsel-kitaplar","6":"product_cat-cocuk-ve-genclik-kitaplari","7":"pa_cilt-ciltsiz","8":"pa_tur-kitap","9":"pa_yayinevi-kirmizi-ada-yayinlari","10":"pa_yazar-nagihan-yilmaz","12":"first","13":"instock","14":"sale","15":"shipping-taxable","16":"purchasable","17":"product-type-simple"},"_links":{"self":[{"href":"https:\/\/roveyayinevi.com.tr\/index.php\/wp-json\/wp\/v2\/product\/775060","targetHints":{"allow":["GET"]}}],"collection":[{"href":"https:\/\/roveyayinevi.com.tr\/index.php\/wp-json\/wp\/v2\/product"}],"about":[{"href":"https:\/\/roveyayinevi.com.tr\/index.php\/wp-json\/wp\/v2\/types\/product"}],"wp:attachment":[{"href":"https:\/\/roveyayinevi.com.tr\/index.php\/wp-json\/wp\/v2\/media?parent=775060"}],"wp:term":[{"taxonomy":"product_brand","embeddable":true,"href":"https:\/\/roveyayinevi.com.tr\/index.php\/wp-json\/wp\/v2\/product_brand?post=775060"},{"taxonomy":"product_cat","embeddable":true,"href":"https:\/\/roveyayinevi.com.tr\/index.php\/wp-json\/wp\/v2\/product_cat?post=775060"},{"taxonomy":"product_tag","embeddable":true,"href":"https:\/\/roveyayinevi.com.tr\/index.php\/wp-json\/wp\/v2\/product_tag?post=775060"}],"curies":[{"name":"wp","href":"https:\/\/api.w.org\/{rel}","templated":true}]}}