{"id":775051,"date":"2025-09-09T16:02:25","date_gmt":"2025-09-09T13:02:25","guid":{"rendered":"https:\/\/roveyayinevi.com.tr\/index.php\/urun\/muslumanin-diyeti\/"},"modified":"2026-04-16T03:05:31","modified_gmt":"2026-04-16T00:05:31","slug":"muslumanin-diyeti","status":"publish","type":"product","link":"https:\/\/roveyayinevi.com.tr\/index.php\/urun\/muslumanin-diyeti\/","title":{"rendered":"M\u00fcsl\u00fcman\u2019\u0131n Diyeti"},"content":{"rendered":"<p>\u201cKontrol edilebilir ve y\u00f6netilebilir olan yeme-i\u00e7me duygusu\u201d f\u0131trat\u0131m\u0131za uygun bir ama\u00e7 olmas\u0131 gerekirken bizler i\u00e7in bir haz arac\u0131 haline mi geldi? Bat\u0131 k\u00fclt\u00fcr\u00fcn\u00fcn \u015fatafatl\u0131 sofralar\u0131na meyleden M\u00fcsl\u00fcmanlar mutfaklar\u0131nda \u0130slam \u00f6l\u00e7\u00fcs\u00fcn\u00fc g\u00f6z ard\u0131 ederek beslenme k\u00fclt\u00fcr\u00fcnde nas\u0131l bir tahribata neden oluyor? Kur\u2019\u00e2n-\u0131 Ker\u00eem ve Hz. Peygamber\u2019in (s.a.v.) S\u00fcnnet-i Seniyesi\u2019nin belirledi\u011fi \u00f6l\u00e7\u00fcn\u00fcn d\u0131\u015f\u0131na \u00e7\u0131kan her lokma nefsimizi nas\u0131l bir esarete mahkum ediyor? M\u00fcsl\u00fcmanlar al\u0131\u015fveri\u015f sepetlerini helal mi haram m\u0131 oldu\u011funa ald\u0131r\u0131\u015f etmeyerek sun\u2019\u00ee ihtiya\u00e7lar\u0131yla doldururken sa\u011fl\u0131\u011f\u0131n\u0131 ve neslini koruyabilece\u011fini d\u00fc\u015f\u00fcn\u00fcyor mu? Resulullah\u2019\u0131n (s.a.v.) \u201cMuhakkak ki bir ki\u015filik yemek iki ki\u015fiye yeter, iki ki\u015filik yemek de \u00fc\u00e7 ve d\u00f6rt ki\u015fiye yeter. D\u00f6rt ki\u015filik yemek de be\u015f-alt\u0131 ki\u015fiye yeter.\u201d had\u00ees-i \u015fer\u00eefindeki r\u0131zk\u0131n bereketine g\u00fcn\u00fcm\u00fcz M\u00fcsl\u00fcmanlar\u0131 neden ula\u015fam\u0131yor? \u0130nsan\u0131n s\u0131n\u0131r bilmeyen zevkleri tabiattan kopu\u015funa neden olurken onu nas\u0131l bi zehrin i\u00e7ine s\u00fcr\u00fckl\u00fcyor? G\u00fcn\u00fcm\u00fcz insanlar\u0131 s\u00f6zde bolluk i\u00e7inde ge\u00e7irdikleri ya\u015famlar\u0131nda ger\u00e7ek toklu\u011fa eri\u015febiliyor mu? Beslenme al\u0131\u015fkanl\u0131klar\u0131m\u0131z\u0131n bir g\u00fcn bizleri getirdi\u011fi hastal\u0131k durumunda g\u00fcn\u00fcm\u00fcz ila\u00e7 end\u00fcstrisine g\u00fcvenebilir miyiz? Bize sunulan bu ila\u00e7lar bizi g\u00fc\u00e7lendiriyor mu, yoksa savunmas\u0131zla\u015ft\u0131r\u0131yor mu? Yusuf Has Hacib\u2019in, \u201caz adl\u0131 ila\u00e7tan yiyin\u201d s\u00f6z\u00fcyle \u00f6zellikle alt\u0131n\u0131 \u00e7izdi\u011fi \u201caz\u201d yemek, g\u00fcn\u00fcm\u00fcz insanlar\u0131n\u0131n korkusuyken asl\u0131nda bir \u015fifa (arac\u0131) m\u0131? Kem\u00e2l \u00d6zer, M\u00fcsl\u00fcman\u2019\u0131n Diyeti kitab\u0131nda t\u00fcm bu sorulara cevap verirken M\u00fcsl\u00fcmanlar\u0131n ve dahi gayrim\u00fcslimlerin s\u0131hhatlerini koruyarak hayatlar\u0131n\u0131 nas\u0131l id\u00e2me ettireceklerini detayl\u0131ca a\u00e7\u0131kl\u0131yor. A\u00e7l\u0131k ve tokluk duygular\u0131n\u0131n zamanla psikolojimiz ve bir\u00e7ok d\u0131\u015f etken taraf\u0131ndan belirlendi\u011fini vurgularken M\u00fcsl\u00fcmanlar\u0131n beslenme al\u0131\u015fkanl\u0131klar\u0131n\u0131 Kur\u2019\u00e2n-\u0131 Ker\u00eem ve had\u00ees-i \u015fer\u00eefler \u0131\u015f\u0131\u011f\u0131nda d\u00fczenlemesi i\u00e7in e\u015fsiz bir eser ortaya koyuyor. Bizlere \u0130slam\u2019\u0131n mutfa\u011f\u0131nda israf ve \u015fatafattan uzak, \u2018\u2019tayyib\u2019\u2019 ve \u2018\u2019tahir\u2019\u2019 g\u0131dalar\u0131 i\u00e7eren ve kayna\u011f\u0131n\u0131 tabiattan alan bir beslenme bi\u00e7iminin m\u00fcmk\u00fcn oldu\u011funu g\u00f6steriyor. <\/p>\n","protected":false},"excerpt":{"rendered":"<p>\u201cKontrol edilebilir ve y\u00f6netilebilir olan yeme-i\u00e7me duygusu\u201d f\u0131trat\u0131m\u0131za uygun bir ama\u00e7 olmas\u0131 gerekirken bizler i\u00e7in bir haz arac\u0131 haline mi geldi? Bat\u0131 k\u00fclt\u00fcr\u00fcn\u00fcn \u015fatafatl\u0131 sofralar\u0131na meyleden<span class=\"excerpt-hellip\"> [\u2026]<\/span><\/p>\n","protected":false},"featured_media":0,"template":"","meta":{"_monsterinsights_skip_tracking":false,"_monsterinsights_sitenote_active":false,"_monsterinsights_sitenote_note":"","_monsterinsights_sitenote_category":0},"product_brand":[],"product_cat":[13366,13365],"product_tag":[],"class_list":{"0":"post-775051","1":"product","2":"type-product","3":"status-publish","5":"product_cat-diger-saglik","6":"product_cat-saglik","7":"pa_cilt-ciltsiz","8":"pa_tur-kitap","9":"pa_yayinevi-ketebe-yayinlari","10":"pa_yazar-kemal-ozer","12":"first","13":"instock","14":"sale","15":"shipping-taxable","16":"purchasable","17":"product-type-simple"},"_links":{"self":[{"href":"https:\/\/roveyayinevi.com.tr\/index.php\/wp-json\/wp\/v2\/product\/775051","targetHints":{"allow":["GET"]}}],"collection":[{"href":"https:\/\/roveyayinevi.com.tr\/index.php\/wp-json\/wp\/v2\/product"}],"about":[{"href":"https:\/\/roveyayinevi.com.tr\/index.php\/wp-json\/wp\/v2\/types\/product"}],"wp:attachment":[{"href":"https:\/\/roveyayinevi.com.tr\/index.php\/wp-json\/wp\/v2\/media?parent=775051"}],"wp:term":[{"taxonomy":"product_brand","embeddable":true,"href":"https:\/\/roveyayinevi.com.tr\/index.php\/wp-json\/wp\/v2\/product_brand?post=775051"},{"taxonomy":"product_cat","embeddable":true,"href":"https:\/\/roveyayinevi.com.tr\/index.php\/wp-json\/wp\/v2\/product_cat?post=775051"},{"taxonomy":"product_tag","embeddable":true,"href":"https:\/\/roveyayinevi.com.tr\/index.php\/wp-json\/wp\/v2\/product_tag?post=775051"}],"curies":[{"name":"wp","href":"https:\/\/api.w.org\/{rel}","templated":true}]}}