{"id":775037,"date":"2025-09-09T15:40:22","date_gmt":"2025-09-09T12:40:22","guid":{"rendered":"https:\/\/roveyayinevi.com.tr\/index.php\/urun\/crush-of-life-time-hayatimin-aski-1\/"},"modified":"2026-04-16T03:01:40","modified_gmt":"2026-04-16T00:01:40","slug":"crush-of-life-time-hayatimin-aski-1","status":"publish","type":"product","link":"https:\/\/roveyayinevi.com.tr\/index.php\/urun\/crush-of-life-time-hayatimin-aski-1\/","title":{"rendered":"Crush of Life Time Hayat\u0131m\u0131n A\u015fk\u0131 1"},"content":{"rendered":"<p>Instagram\u2019\u0131n tanr\u0131\u00e7as\u0131 olarak adland\u0131ran Yang Hyeji\u2019nin sayfas\u0131nda 100.000\u2019den fazla takip\u00e7isi var fakat hi\u00e7 erkek arkada\u015f\u0131 olmad\u0131! Yeni lisesinde bu bo\u015flu\u011fu doldurmay\u0131 umuyor ancak kendisini, pop\u00fclerli\u011fiyle ilgilenmeyen Jo Kisung ile ayn\u0131 s\u0131n\u0131fta s\u0131ra arkada\u015f\u0131 olarak buluyor.    <\/p>\n","protected":false},"excerpt":{"rendered":"<p>Instagram\u2019\u0131n tanr\u0131\u00e7as\u0131 olarak adland\u0131ran Yang Hyeji\u2019nin sayfas\u0131nda 100.000\u2019den fazla takip\u00e7isi var fakat hi\u00e7 erkek arkada\u015f\u0131 olmad\u0131! Yeni lisesinde bu bo\u015flu\u011fu doldurmay\u0131 umuyor ancak kendisini, pop\u00fclerli\u011fiyle ilgilenmeyen<span class=\"excerpt-hellip\"> [\u2026]<\/span><\/p>\n","protected":false},"featured_media":0,"template":"","meta":{"_monsterinsights_skip_tracking":false,"_monsterinsights_sitenote_active":false,"_monsterinsights_sitenote_note":"","_monsterinsights_sitenote_category":0},"product_brand":[],"product_cat":[12416,12291],"product_tag":[],"class_list":{"0":"post-775037","1":"product","2":"type-product","3":"status-publish","5":"product_cat-cizgi-roman","6":"product_cat-edebiyat","7":"pa_cilt-ciltsiz","8":"pa_tur-kitap","9":"pa_yayinevi-athica-yayinlari","10":"pa_yazar-jeong-halim","12":"first","13":"instock","14":"sale","15":"shipping-taxable","16":"purchasable","17":"product-type-simple"},"_links":{"self":[{"href":"https:\/\/roveyayinevi.com.tr\/index.php\/wp-json\/wp\/v2\/product\/775037","targetHints":{"allow":["GET"]}}],"collection":[{"href":"https:\/\/roveyayinevi.com.tr\/index.php\/wp-json\/wp\/v2\/product"}],"about":[{"href":"https:\/\/roveyayinevi.com.tr\/index.php\/wp-json\/wp\/v2\/types\/product"}],"wp:attachment":[{"href":"https:\/\/roveyayinevi.com.tr\/index.php\/wp-json\/wp\/v2\/media?parent=775037"}],"wp:term":[{"taxonomy":"product_brand","embeddable":true,"href":"https:\/\/roveyayinevi.com.tr\/index.php\/wp-json\/wp\/v2\/product_brand?post=775037"},{"taxonomy":"product_cat","embeddable":true,"href":"https:\/\/roveyayinevi.com.tr\/index.php\/wp-json\/wp\/v2\/product_cat?post=775037"},{"taxonomy":"product_tag","embeddable":true,"href":"https:\/\/roveyayinevi.com.tr\/index.php\/wp-json\/wp\/v2\/product_tag?post=775037"}],"curies":[{"name":"wp","href":"https:\/\/api.w.org\/{rel}","templated":true}]}}