{"id":775035,"date":"2025-09-09T15:38:22","date_gmt":"2025-09-09T12:38:22","guid":{"rendered":"https:\/\/roveyayinevi.com.tr\/index.php\/urun\/mubarek-gunler-ve-cocuk\/"},"modified":"2026-04-16T03:01:17","modified_gmt":"2026-04-16T00:01:17","slug":"mubarek-gunler-ve-cocuk","status":"publish","type":"product","link":"https:\/\/roveyayinevi.com.tr\/index.php\/urun\/mubarek-gunler-ve-cocuk\/","title":{"rendered":"M\u00fcbarek G\u00fcnler ve \u00c7ocuk"},"content":{"rendered":"<p>Ki\u015fili\u011fin geli\u015fti\u011fi ve karakterin temellerinin at\u0131ld\u0131\u011f\u0131 k\u00fc\u00e7\u00fck ya\u015flarda \u00e7ocuklar\u0131m\u0131za dini e\u011fitimi en g\u00fczel \u015fekilde anlatmak biz ebeveynlerin asli g\u00f6revidir. \u00c7ocuklar\u0131m\u0131z\u0131n d\u00fcnyas\u0131nda kal\u0131c\u0131 izler b\u0131rakabilmek i\u00e7in \u00f6nce biz b\u00fcy\u00fcklerin \u00e7ok iyi \u00f6rnek olmas\u0131 ve empati kurmas\u0131 gerekmektedir. G\u00f6z\u00fcm\u00fcz\u00fcn nuru evlatlar\u0131m\u0131za manevi bahar\u0131m\u0131z olan \u00fc\u00e7 aylar recep, \u015faban ve ramazan\u0131n heyecan\u0131n\u0131 ve bayramlar\u0131m\u0131z\u0131n co\u015fkusunu hissetmelerini ve ibadet etmenin verdi\u011fi huzur, mutluluk sab\u0131r ve \u015f\u00fck\u00fcr duygular\u0131n\u0131 anlamalar\u0131 i\u00e7in \u00e7ocuklar\u0131m\u0131zla s\u00fcrekli i\u015fbirli\u011fi i\u00e7inde olmam\u0131z gerekir. \u201cM\u00fcbarek G\u00fcnlerde \u00c7ocuk\u201d kitab\u0131 etkinliklerde olumlu peki\u015ftire\u00e7ler kullan\u0131larak, \u201cSevdirerek Din E\u011fitimi\u201d metoduyla haz\u0131rlanm\u0131\u015f olup, ibadet etmenin verdi\u011fi huzuru, kandillerin ve bayramlar\u0131m\u0131z\u0131n heyecan\u0131n\u0131 ve mutlulu\u011funu ve iman etmenin bilinciyle gereken davran\u0131\u015flar yerine getirebilen M\u00fcsl\u00fcman \u00e7ocuklar yeti\u015fsin diye haz\u0131rlanm\u0131\u015ft\u0131r. Samimi anlat\u0131m\u0131 s\u0131cac\u0131k \u00e7izimleri, e\u011flenceli ve \u00f6\u011fretici etkinlikleriyle en g\u00fczel kandiller ve \u00e7ocuk heyecan\u0131nda bayramlar\u0131 anlatman\u0131za ve dolu dolu ya\u015faman\u0131za yard\u0131mc\u0131 olacakt\u0131r. Dini merak eden koca y\u00fcrekli \u00e7ocuklara&#8230; <\/p>\n","protected":false},"excerpt":{"rendered":"<p>Ki\u015fili\u011fin geli\u015fti\u011fi ve karakterin temellerinin at\u0131ld\u0131\u011f\u0131 k\u00fc\u00e7\u00fck ya\u015flarda \u00e7ocuklar\u0131m\u0131za dini e\u011fitimi en g\u00fczel \u015fekilde anlatmak biz ebeveynlerin asli g\u00f6revidir. \u00c7ocuklar\u0131m\u0131z\u0131n d\u00fcnyas\u0131nda kal\u0131c\u0131 izler b\u0131rakabilmek i\u00e7in \u00f6nce<span class=\"excerpt-hellip\"> [\u2026]<\/span><\/p>\n","protected":false},"featured_media":0,"template":"","meta":{"_monsterinsights_skip_tracking":false,"_monsterinsights_sitenote_active":false,"_monsterinsights_sitenote_note":"","_monsterinsights_sitenote_category":0},"product_brand":[],"product_cat":[12274,12518],"product_tag":[],"class_list":{"0":"post-775035","1":"product","2":"type-product","3":"status-publish","5":"product_cat-cocuk-ve-genclik-kitaplari","6":"product_cat-okul-oncesi-kitaplar","7":"pa_cilt-ciltsiz","8":"pa_tur-kitap","9":"pa_yayinevi-nesil-cocuk-yayinlari","10":"pa_yazar-esra-korkmaz","12":"first","13":"instock","14":"sale","15":"shipping-taxable","16":"purchasable","17":"product-type-simple"},"_links":{"self":[{"href":"https:\/\/roveyayinevi.com.tr\/index.php\/wp-json\/wp\/v2\/product\/775035","targetHints":{"allow":["GET"]}}],"collection":[{"href":"https:\/\/roveyayinevi.com.tr\/index.php\/wp-json\/wp\/v2\/product"}],"about":[{"href":"https:\/\/roveyayinevi.com.tr\/index.php\/wp-json\/wp\/v2\/types\/product"}],"wp:attachment":[{"href":"https:\/\/roveyayinevi.com.tr\/index.php\/wp-json\/wp\/v2\/media?parent=775035"}],"wp:term":[{"taxonomy":"product_brand","embeddable":true,"href":"https:\/\/roveyayinevi.com.tr\/index.php\/wp-json\/wp\/v2\/product_brand?post=775035"},{"taxonomy":"product_cat","embeddable":true,"href":"https:\/\/roveyayinevi.com.tr\/index.php\/wp-json\/wp\/v2\/product_cat?post=775035"},{"taxonomy":"product_tag","embeddable":true,"href":"https:\/\/roveyayinevi.com.tr\/index.php\/wp-json\/wp\/v2\/product_tag?post=775035"}],"curies":[{"name":"wp","href":"https:\/\/api.w.org\/{rel}","templated":true}]}}