{"id":775025,"date":"2025-09-09T15:33:11","date_gmt":"2025-09-09T12:33:11","guid":{"rendered":"https:\/\/roveyayinevi.com.tr\/index.php\/urun\/servet-enerjini-aktive-et\/"},"modified":"2026-04-16T03:00:37","modified_gmt":"2026-04-16T00:00:37","slug":"servet-enerjini-aktive-et","status":"publish","type":"product","link":"https:\/\/roveyayinevi.com.tr\/index.php\/urun\/servet-enerjini-aktive-et\/","title":{"rendered":"Servet Enerjini Aktive Et"},"content":{"rendered":"<p>HAYATTAN DAHA FAZLASINI \u0130STEYENLER \u0130\u00c7\u0130N&#8230; B\u00fcy\u00fck finansal de\u011fi\u015fime haz\u0131r m\u0131s\u0131n? Zenginlik, bolluk ve bereket yasalar\u0131 hakk\u0131nda bildi\u011fin ne varsa unut. Bu kitap g\u00fcn\u00fc kurtarmak isteyenler i\u00e7in de\u011fil, hayattan daha fazlas\u0131n\u0131 isteyenler i\u00e7in. Varl\u0131kl\u0131 bir ya\u015fama a\u00e7\u0131lan kap\u0131lar\u0131n sihirli anahtar\u0131n\u0131 tutuyorsun \u015fu an ellerinin aras\u0131nda. Hayalindeki ya\u015fama sadece bir ad\u0131m uzakl\u0131ktas\u0131n. Zenginlik, para, bolluk biriktirerek elde edilmez, var edilir. Evren seni b\u00fct\u00fcn\u00fcyle desteklemek istiyor. B\u00fcy\u00fck s\u0131r, sana da a\u00e7\u0131l\u0131yor. Derin etkiler i\u00e7eren b\u00fcy\u00fcl\u00fc bir bollu\u011fa a\u00e7\u0131l\u0131yor yolun, ister kabul edersin, ister yine izleyicisi olursun hayat\u0131n. Se\u00e7im senin&#8230;   <\/p>\n","protected":false},"excerpt":{"rendered":"<p>HAYATTAN DAHA FAZLASINI \u0130STEYENLER \u0130\u00c7\u0130N&#8230; B\u00fcy\u00fck finansal de\u011fi\u015fime haz\u0131r m\u0131s\u0131n? Zenginlik, bolluk ve bereket yasalar\u0131 hakk\u0131nda bildi\u011fin ne varsa unut. Bu kitap g\u00fcn\u00fc kurtarmak isteyenler i\u00e7in<span class=\"excerpt-hellip\"> [\u2026]<\/span><\/p>\n","protected":false},"featured_media":0,"template":"","meta":{"_monsterinsights_skip_tracking":false,"_monsterinsights_sitenote_active":false,"_monsterinsights_sitenote_note":"","_monsterinsights_sitenote_category":0},"product_brand":[],"product_cat":[12364,12376],"product_tag":[],"class_list":{"0":"post-775025","1":"product","2":"type-product","3":"status-publish","5":"product_cat-genel-konular","6":"product_cat-kisisel-gelisim","7":"pa_cilt-ciltsiz","8":"pa_tur-kitap","9":"pa_yayinevi-destek-yayinlari","10":"pa_yazar-gulis-ozhan-bolat","12":"first","13":"instock","14":"sale","15":"shipping-taxable","16":"purchasable","17":"product-type-simple"},"_links":{"self":[{"href":"https:\/\/roveyayinevi.com.tr\/index.php\/wp-json\/wp\/v2\/product\/775025","targetHints":{"allow":["GET"]}}],"collection":[{"href":"https:\/\/roveyayinevi.com.tr\/index.php\/wp-json\/wp\/v2\/product"}],"about":[{"href":"https:\/\/roveyayinevi.com.tr\/index.php\/wp-json\/wp\/v2\/types\/product"}],"wp:attachment":[{"href":"https:\/\/roveyayinevi.com.tr\/index.php\/wp-json\/wp\/v2\/media?parent=775025"}],"wp:term":[{"taxonomy":"product_brand","embeddable":true,"href":"https:\/\/roveyayinevi.com.tr\/index.php\/wp-json\/wp\/v2\/product_brand?post=775025"},{"taxonomy":"product_cat","embeddable":true,"href":"https:\/\/roveyayinevi.com.tr\/index.php\/wp-json\/wp\/v2\/product_cat?post=775025"},{"taxonomy":"product_tag","embeddable":true,"href":"https:\/\/roveyayinevi.com.tr\/index.php\/wp-json\/wp\/v2\/product_tag?post=775025"}],"curies":[{"name":"wp","href":"https:\/\/api.w.org\/{rel}","templated":true}]}}