{"id":775022,"date":"2025-09-09T15:29:29","date_gmt":"2025-09-09T12:29:29","guid":{"rendered":"https:\/\/roveyayinevi.com.tr\/index.php\/urun\/kultur-uretimi\/"},"modified":"2026-04-16T03:00:00","modified_gmt":"2026-04-16T00:00:00","slug":"kultur-uretimi","status":"publish","type":"product","link":"https:\/\/roveyayinevi.com.tr\/index.php\/urun\/kultur-uretimi\/","title":{"rendered":"K\u00fclt\u00fcr \u00dcretimi"},"content":{"rendered":"<p>Avrupa toplumlar\u0131nda sanat\u0131n kurumsallas\u0327mas\u0131n\u0131n tarihi, sanat\u0131n o\u0308zerklig\u0306ini kazanmas\u0131n\u0131n tarihidir. Ro\u0308nesans\u2019ta tohumlar\u0131 at\u0131lan bu o\u0308zerkles\u0327me su\u0308reci boyunca sanat, Kilise ile Saray\u2019\u0131n himayesinden ve vesayetinden koparak bag\u0306\u0131ms\u0131zlas\u0327\u0131r. Ayn\u0131 su\u0308rec\u0327te kapitalizmin yu\u0308kselis\u0327ine kos\u0327ut bir sanat piyasas\u0131 o\u0308rgu\u0308tlenir. Bir yandan da sanat tarihi ve sanat eles\u0327tirisi bas\u0327l\u0131 bas\u0327\u0131na birer yaz\u0131n tu\u0308ru\u0308 olarak gelis\u0327ir. 19. yu\u0308zy\u0131la gelindig\u0306inde, kendi bilgisini ve estetig\u0306ini kendi ic\u0327inde belirleyen, otoriteyi ve mes\u0327ruiyeti kendi mercilerinden devs\u0327iren bir sanat alan\u0131 tes\u0327ekku\u0308l etmis\u0327tir. Ne var ki, bu alan bir yandan da piyasaya ta\u0302bidir; oysa varl\u0131g\u0306\u0131n\u0131 \u201cekonomi\u201dnin inka\u0302r\u0131 u\u0308zerine tesis etmis\u0327, kendini \u201cticari\u201d kayg\u0131lar\u0131n reddiyle tan\u0131mlam\u0131s\u0327t\u0131r. Pierre Bourdieu, burada yay\u0131mlad\u0131g\u0306\u0131m\u0131z iki temel makalesinde, sanat alan\u0131na damgas\u0131n\u0131 vuran bu paradoksu masaya yat\u0131r\u0131yor ve \u201csembolik mallar\u201d\u0131n u\u0308retimindeki yap\u0131sal dinamikleri ortaya koyuyor. Tiyatro, edebiyat ve go\u0308rsel sanat alanlar\u0131ndaki saha aras\u0327t\u0131rmalar\u0131 u\u0308zerinden, ku\u0308ltu\u0308rel u\u0308retimin temel yasas\u0131 olan rekabetin nas\u0131l is\u0327ledig\u0306ini inceliyor. \u201cC\u0327\u0131kar go\u0308zetmezlik\u201d, \u201csaf estetik\u201d, \u201csanat-ic\u0327in-sanat\u201d gibi s\u0327iarlar\u0131n u\u0308stu\u0308nu\u0308 o\u0308rttu\u0308g\u0306u\u0308 sembolik iktidar mu\u0308cadelelerini go\u0308zler o\u0308nu\u0308ne seriyor. Randal Johnson\u2019\u0131n sunus\u0327 yaz\u0131s\u0131 ise Bourdieu\u2019nu\u0308n c\u0327al\u0131s\u0327malar\u0131n\u0131 ve temel kavramlar\u0131n\u0131 ele al\u0131yor.<\/p>\n","protected":false},"excerpt":{"rendered":"<p>Avrupa toplumlar\u0131nda sanat\u0131n kurumsallas\u0327mas\u0131n\u0131n tarihi, sanat\u0131n o\u0308zerklig\u0306ini kazanmas\u0131n\u0131n tarihidir. Ro\u0308nesans\u2019ta tohumlar\u0131 at\u0131lan bu o\u0308zerkles\u0327me su\u0308reci boyunca sanat, Kilise ile Saray\u2019\u0131n himayesinden ve vesayetinden koparak bag\u0306\u0131ms\u0131zlas\u0327\u0131r. Ayn\u0131<span class=\"excerpt-hellip\"> [\u2026]<\/span><\/p>\n","protected":false},"featured_media":0,"template":"","meta":{"_monsterinsights_skip_tracking":false,"_monsterinsights_sitenote_active":false,"_monsterinsights_sitenote_note":"","_monsterinsights_sitenote_category":0},"product_brand":[],"product_cat":[12408,14197],"product_tag":[],"class_list":{"0":"post-775022","1":"product","2":"type-product","3":"status-publish","5":"product_cat-sanat","6":"product_cat-sanat-tarihi","7":"pa_cilt-ciltsiz","8":"pa_tur-kitap","9":"pa_yayinevi-iletisim-yayinlari","10":"pa_yazar-pierre-bourdieu","12":"first","13":"instock","14":"sale","15":"shipping-taxable","16":"purchasable","17":"product-type-simple"},"_links":{"self":[{"href":"https:\/\/roveyayinevi.com.tr\/index.php\/wp-json\/wp\/v2\/product\/775022","targetHints":{"allow":["GET"]}}],"collection":[{"href":"https:\/\/roveyayinevi.com.tr\/index.php\/wp-json\/wp\/v2\/product"}],"about":[{"href":"https:\/\/roveyayinevi.com.tr\/index.php\/wp-json\/wp\/v2\/types\/product"}],"wp:attachment":[{"href":"https:\/\/roveyayinevi.com.tr\/index.php\/wp-json\/wp\/v2\/media?parent=775022"}],"wp:term":[{"taxonomy":"product_brand","embeddable":true,"href":"https:\/\/roveyayinevi.com.tr\/index.php\/wp-json\/wp\/v2\/product_brand?post=775022"},{"taxonomy":"product_cat","embeddable":true,"href":"https:\/\/roveyayinevi.com.tr\/index.php\/wp-json\/wp\/v2\/product_cat?post=775022"},{"taxonomy":"product_tag","embeddable":true,"href":"https:\/\/roveyayinevi.com.tr\/index.php\/wp-json\/wp\/v2\/product_tag?post=775022"}],"curies":[{"name":"wp","href":"https:\/\/api.w.org\/{rel}","templated":true}]}}