{"id":775020,"date":"2025-09-09T15:27:55","date_gmt":"2025-09-09T12:27:55","guid":{"rendered":"https:\/\/roveyayinevi.com.tr\/index.php\/urun\/uc-oda-bir-salon\/"},"modified":"2026-04-16T02:59:47","modified_gmt":"2026-04-15T23:59:47","slug":"uc-oda-bir-salon","status":"publish","type":"product","link":"https:\/\/roveyayinevi.com.tr\/index.php\/urun\/uc-oda-bir-salon\/","title":{"rendered":"\u00dc\u00e7 Oda Bir Salon"},"content":{"rendered":"<p>Ne kadar ko\u015farsan ko\u015f, yeti\u015fti\u011fin sadece nasibindir..   Evinden, Allah\u2019\u0131n r\u0131zas\u0131 i\u00e7in i\u011fne kald\u0131rsa sevap alacak y\u00fcrekler vard\u0131 hani. Sahi ne oldu o y\u00fcreklere?Magazin programlar\u0131n\u0131n, sosyal medya fenomenlerinin zehriyle \u015fuurunu yitirmi\u015f gibi oturdu\u011fu koltukta uyu\u015fup kalm\u0131\u015flar m\u0131yd\u0131 yoksa?Sahi ne olmu\u015ftu da  Musa aleyhisselam\u0131n saf\u0131nda firavunlara kar\u015f\u0131 b\u00fcy\u00fct\u00fclecek \u00e7ocuklar\u0131n sahibinin Allah oldu\u011funu unutanlar, \u00e7ocu\u011fa \u2018ge\u00e7im s\u0131k\u0131nt\u0131s\u0131\u2019 ad\u0131n\u0131 koymu\u015flard\u0131?Kendisine t\u00fcrl\u00fc vazife se\u00e7enler, \u2018evlat-e\u015f-ana-baba\u2019 olmay\u0131 unutmu\u015f. Ba\u015fkas\u0131n\u0131n hanesindeki \u00e7\u00f6plere g\u00f6zlerini dikenler, kendi evlerindeki kirli camlar\u0131 g\u00f6rmez olmu\u015ftu.   Ya Rabbi! D\u00f6nd\u00fcr \u00f6z\u00fcm\u00fcze bizi&#8230;\u0130ki g\u00f6nl\u00fcn birbirine denkli\u011fiyle nimetlenenlere evlerindeki \u015fenli\u011fi hat\u0131rlat.   <\/p>\n","protected":false},"excerpt":{"rendered":"<p>Ne kadar ko\u015farsan ko\u015f, yeti\u015fti\u011fin sadece nasibindir.. Evinden, Allah\u2019\u0131n r\u0131zas\u0131 i\u00e7in i\u011fne kald\u0131rsa sevap alacak y\u00fcrekler vard\u0131 hani. Sahi ne oldu o y\u00fcreklere?Magazin programlar\u0131n\u0131n, sosyal medya<span class=\"excerpt-hellip\"> [\u2026]<\/span><\/p>\n","protected":false},"featured_media":0,"template":"","meta":{"_monsterinsights_skip_tracking":false,"_monsterinsights_sitenote_active":false,"_monsterinsights_sitenote_note":"","_monsterinsights_sitenote_category":0},"product_brand":[],"product_cat":[12718,12719,15238],"product_tag":[],"class_list":{"0":"post-775020","1":"product","2":"type-product","3":"status-publish","5":"product_cat-din","6":"product_cat-islam","7":"product_cat-tasavvuf","8":"pa_cilt-ciltsiz","9":"pa_tur-kitap","10":"pa_yayinevi-hayykitap","11":"pa_yazar-onur-kaplan","13":"first","14":"instock","15":"sale","16":"shipping-taxable","17":"purchasable","18":"product-type-simple"},"_links":{"self":[{"href":"https:\/\/roveyayinevi.com.tr\/index.php\/wp-json\/wp\/v2\/product\/775020","targetHints":{"allow":["GET"]}}],"collection":[{"href":"https:\/\/roveyayinevi.com.tr\/index.php\/wp-json\/wp\/v2\/product"}],"about":[{"href":"https:\/\/roveyayinevi.com.tr\/index.php\/wp-json\/wp\/v2\/types\/product"}],"wp:attachment":[{"href":"https:\/\/roveyayinevi.com.tr\/index.php\/wp-json\/wp\/v2\/media?parent=775020"}],"wp:term":[{"taxonomy":"product_brand","embeddable":true,"href":"https:\/\/roveyayinevi.com.tr\/index.php\/wp-json\/wp\/v2\/product_brand?post=775020"},{"taxonomy":"product_cat","embeddable":true,"href":"https:\/\/roveyayinevi.com.tr\/index.php\/wp-json\/wp\/v2\/product_cat?post=775020"},{"taxonomy":"product_tag","embeddable":true,"href":"https:\/\/roveyayinevi.com.tr\/index.php\/wp-json\/wp\/v2\/product_tag?post=775020"}],"curies":[{"name":"wp","href":"https:\/\/api.w.org\/{rel}","templated":true}]}}