{"id":775014,"date":"2025-09-09T15:23:00","date_gmt":"2025-09-09T12:23:00","guid":{"rendered":"https:\/\/roveyayinevi.com.tr\/index.php\/urun\/gecmisin-kar-taneleri\/"},"modified":"2026-04-16T02:58:54","modified_gmt":"2026-04-15T23:58:54","slug":"gecmisin-kar-taneleri","status":"publish","type":"product","link":"https:\/\/roveyayinevi.com.tr\/index.php\/urun\/gecmisin-kar-taneleri\/","title":{"rendered":"Ge\u00e7mi\u015fin Kar Taneleri"},"content":{"rendered":"<p>Bu kitab\u0131 yazarken her kelimede hakk\u0131 olan, kalemime, a\u011fa\u00e7lara, \u00e7i\u00e7eklere, denize, g\u00f6ky\u00fcz\u00fcne, ya\u011fmura, kar tanelerine, gecelere, y\u0131ld\u0131zlara, ay\u0131n \u0131\u015f\u0131\u011f\u0131na, kelebeklere, ser\u00e7elere, suyun her haline ve bana renk olarak e\u015flik eden izlemeye doyamad\u0131\u011f\u0131m fizik belgesellerine, psikoloji ilminin her tonuna, klasik m\u00fczi\u011fe ve ney musikisine ve sayamad\u0131\u011f\u0131m alemdeki nice g\u00fczelliklere ve de bana g\u00f6n\u00fclden dua eden g\u00fczel insanlara te\u015fekk\u00fcr ediyorum. <\/p>\n","protected":false},"excerpt":{"rendered":"<p>Bu kitab\u0131 yazarken her kelimede hakk\u0131 olan, kalemime, a\u011fa\u00e7lara, \u00e7i\u00e7eklere, denize, g\u00f6ky\u00fcz\u00fcne, ya\u011fmura, kar tanelerine, gecelere, y\u0131ld\u0131zlara, ay\u0131n \u0131\u015f\u0131\u011f\u0131na, kelebeklere, ser\u00e7elere, suyun her haline ve bana<span class=\"excerpt-hellip\"> [\u2026]<\/span><\/p>\n","protected":false},"featured_media":0,"template":"","meta":{"_monsterinsights_skip_tracking":false,"_monsterinsights_sitenote_active":false,"_monsterinsights_sitenote_note":"","_monsterinsights_sitenote_category":0},"product_brand":[],"product_cat":[12777,12291],"product_tag":[],"class_list":{"0":"post-775014","1":"product","2":"type-product","3":"status-publish","5":"product_cat-deneme","6":"product_cat-edebiyat","7":"pa_cilt-ciltsiz","8":"pa_tur-kitap","9":"pa_yayinevi-gulnar-yayinlari","10":"pa_yazar-ebru-simal-sagik","12":"first","13":"instock","14":"sale","15":"shipping-taxable","16":"purchasable","17":"product-type-simple"},"_links":{"self":[{"href":"https:\/\/roveyayinevi.com.tr\/index.php\/wp-json\/wp\/v2\/product\/775014","targetHints":{"allow":["GET"]}}],"collection":[{"href":"https:\/\/roveyayinevi.com.tr\/index.php\/wp-json\/wp\/v2\/product"}],"about":[{"href":"https:\/\/roveyayinevi.com.tr\/index.php\/wp-json\/wp\/v2\/types\/product"}],"wp:attachment":[{"href":"https:\/\/roveyayinevi.com.tr\/index.php\/wp-json\/wp\/v2\/media?parent=775014"}],"wp:term":[{"taxonomy":"product_brand","embeddable":true,"href":"https:\/\/roveyayinevi.com.tr\/index.php\/wp-json\/wp\/v2\/product_brand?post=775014"},{"taxonomy":"product_cat","embeddable":true,"href":"https:\/\/roveyayinevi.com.tr\/index.php\/wp-json\/wp\/v2\/product_cat?post=775014"},{"taxonomy":"product_tag","embeddable":true,"href":"https:\/\/roveyayinevi.com.tr\/index.php\/wp-json\/wp\/v2\/product_tag?post=775014"}],"curies":[{"name":"wp","href":"https:\/\/api.w.org\/{rel}","templated":true}]}}