{"id":775008,"date":"2025-09-09T15:15:52","date_gmt":"2025-09-09T12:15:52","guid":{"rendered":"https:\/\/roveyayinevi.com.tr\/index.php\/urun\/obezite-ameliyatlari-101-soru-cevap\/"},"modified":"2026-04-16T02:57:41","modified_gmt":"2026-04-15T23:57:41","slug":"obezite-ameliyatlari-101-soru-cevap","status":"publish","type":"product","link":"https:\/\/roveyayinevi.com.tr\/index.php\/urun\/obezite-ameliyatlari-101-soru-cevap\/","title":{"rendered":"Obezite Ameliyatlar\u0131 &#8211; 101 Soru &#8211; Cevap"},"content":{"rendered":"<p>D\u00fcnyada tan\u0131 konulan obez (a\u015f\u0131r\u0131 \u015fi\u015fman) yeti\u015fkin say\u0131s\u0131 bug\u00fcn 300 milyonun \u00fczerinde. Ciddi bir hastal\u0131k olan obezite (a\u015f\u0131r\u0131 \u015fi\u015fmanl\u0131k) yaratt\u0131\u011f\u0131 fiziksel s\u0131k\u0131nt\u0131lar\u0131n yan\u0131nda hem kad\u0131nlarda hem de erkeklerde diyabet, kardiyovask\u00fcler hastal\u0131k, hipertansiyon, fel\u00e7 ve belirli kanser t\u00fcrleri i\u00e7in risk olu\u015fturuyor. Sa\u011fl\u0131\u011fa yans\u0131yan olumsuz sonu\u00e7lar\u0131, erken \u00f6l\u00fcm riskinin artmas\u0131ndan genel ya\u015fam kalitesini d\u00fc\u015f\u00fcren ciddi kronik risklere kadar uzan\u0131yor. Dolay\u0131s\u0131yla obezitenin \u201cirade yetersizli\u011fi\u201d de\u011fil bir hastal\u0131k oldu\u011fu konusunda toplumun bilin\u00e7lenmesine b\u00fcy\u00fck ihtiya\u00e7 duyuluyor.        101 Soru 101 Cevap Obezite Ameliyatlar\u0131, 30 y\u0131l\u0131 a\u015fan hekimlik ya\u015fam\u0131n\u0131 obezitenin \u00f6nlenmesi ve tedavi edilmesine adam\u0131\u015f Prof. Dr. Halil Co\u015fkun ve obezite hastalar\u0131yla \u00e7al\u0131\u015fan Bariatrik Diyetisyen Nida Y\u0131ld\u0131z taraf\u0131ndan sade bir dille kaleme al\u0131nd\u0131. Kitap, obezitenin nas\u0131l bir hastal\u0131k oldu\u011fundan ba\u015flayarak, obezite tedavi y\u00f6ntemleri, obezite ameliyatlar\u0131 ve ameliyat s\u00fcrecindeki beslenme hakk\u0131nda her t\u00fcrl\u00fc bilgiyi i\u00e7eriyor. Obezitenin zararlar\u0131n\u0131 \u00f6\u011frenmek, obeziteden korunmak, obeziteyle ya\u015famaya son vermek, obezite ameliyatlar\u0131yla ilgili do\u011fru bilgiler edinmek isteyen herkese fayda sa\u011flayacak, bilimsel kan\u0131tlarla desteklenmi\u015f, her k\u00fct\u00fcphanede bulunmas\u0131 gereken kaynak bir kitap. <\/p>\n","protected":false},"excerpt":{"rendered":"<p>D\u00fcnyada tan\u0131 konulan obez (a\u015f\u0131r\u0131 \u015fi\u015fman) yeti\u015fkin say\u0131s\u0131 bug\u00fcn 300 milyonun \u00fczerinde. Ciddi bir hastal\u0131k olan obezite (a\u015f\u0131r\u0131 \u015fi\u015fmanl\u0131k) yaratt\u0131\u011f\u0131 fiziksel s\u0131k\u0131nt\u0131lar\u0131n yan\u0131nda hem kad\u0131nlarda hem<span class=\"excerpt-hellip\"> [\u2026]<\/span><\/p>\n","protected":false},"featured_media":0,"template":"","meta":{"_monsterinsights_skip_tracking":false,"_monsterinsights_sitenote_active":false,"_monsterinsights_sitenote_note":"","_monsterinsights_sitenote_category":0},"product_brand":[],"product_cat":[20313,13365],"product_tag":[],"class_list":{"0":"post-775008","1":"product","2":"type-product","3":"status-publish","5":"product_cat-basvuru-kitaplari-saglik","6":"product_cat-saglik","7":"pa_cilt-ciltsiz","8":"pa_tur-kitap","9":"pa_yayinevi-pozitif-yayinlari","10":"pa_yazar-halil-coskun-nida-yildiz","12":"first","13":"instock","14":"sale","15":"shipping-taxable","16":"purchasable","17":"product-type-simple"},"_links":{"self":[{"href":"https:\/\/roveyayinevi.com.tr\/index.php\/wp-json\/wp\/v2\/product\/775008","targetHints":{"allow":["GET"]}}],"collection":[{"href":"https:\/\/roveyayinevi.com.tr\/index.php\/wp-json\/wp\/v2\/product"}],"about":[{"href":"https:\/\/roveyayinevi.com.tr\/index.php\/wp-json\/wp\/v2\/types\/product"}],"wp:attachment":[{"href":"https:\/\/roveyayinevi.com.tr\/index.php\/wp-json\/wp\/v2\/media?parent=775008"}],"wp:term":[{"taxonomy":"product_brand","embeddable":true,"href":"https:\/\/roveyayinevi.com.tr\/index.php\/wp-json\/wp\/v2\/product_brand?post=775008"},{"taxonomy":"product_cat","embeddable":true,"href":"https:\/\/roveyayinevi.com.tr\/index.php\/wp-json\/wp\/v2\/product_cat?post=775008"},{"taxonomy":"product_tag","embeddable":true,"href":"https:\/\/roveyayinevi.com.tr\/index.php\/wp-json\/wp\/v2\/product_tag?post=775008"}],"curies":[{"name":"wp","href":"https:\/\/api.w.org\/{rel}","templated":true}]}}