{"id":775001,"date":"2025-09-09T15:08:59","date_gmt":"2025-09-09T12:08:59","guid":{"rendered":"https:\/\/roveyayinevi.com.tr\/index.php\/urun\/abdulhamid-turkiyesi\/"},"modified":"2026-04-16T02:55:50","modified_gmt":"2026-04-15T23:55:50","slug":"abdulhamid-turkiyesi","status":"publish","type":"product","link":"https:\/\/roveyayinevi.com.tr\/index.php\/urun\/abdulhamid-turkiyesi\/","title":{"rendered":"Abd\u00fclhamid T\u00fcrkiyesi"},"content":{"rendered":"<p>\u00c1rminius V\u00e1mb\u00e9ry (1832-1913), on dokuzuncu y\u00fczy\u0131l\u0131n ikinci yar\u0131s\u0131ndan itibaren Avrupa\u2019n\u0131n bilim ve siyaset hayat\u0131nda yer alan \u00f6nemli bir \u015fahsiyet olarak kabul edilmektedir. Sultan II. Abd\u00fclhamid\u2019in yak\u0131n \u00e7evresine girdi\u011fi gibi Krali\u00e7e Victoria taraf\u0131ndan da Windsor Saray\u0131\u2019nda a\u011f\u0131rlanm\u0131\u015ft\u0131r. Hayat\u0131n\u0131n be\u015f y\u0131l\u0131n\u0131 T\u00fcrk ve M\u00fcsl\u00fcman kimli\u011fiyle \u00fclkemizde ge\u00e7iren, bu zaman zarf\u0131nda Osmanl\u0131 T\u00fcrk\u00e7esini \u00e7ok iyi \u00f6\u011frenen, hac kervanlar\u0131na kat\u0131larak kendi imk\u00e2nlar\u0131yla o zamana dek hi\u00e7bir Bat\u0131l\u0131n\u0131n ayak basmad\u0131\u011f\u0131 Orta Asya\u2019ya kadar giden, sonras\u0131nda da T\u00fcrk dili ve tarihi \u00fczerine bir\u00e7ok eser veren bu Macar \u00e2lim \u00fclkemizde \u00e7ok az tan\u0131nmakta, tan\u0131yanlarsa kendisini Sultan Abd\u00fclhamid\u2019den ald\u0131\u011f\u0131 gizli bilgileri \u0130ngilizlere satan ve Siyonistleri de Y\u0131ld\u0131z Saray\u0131\u2019na kadar sokan Yahudi casus olarak bilmektedir. Buna mukabil V\u00e1mb\u00e9ry, \u015f\u00f6hretini bor\u00e7lu oldu\u011fu T\u00fcrkiye ile T\u00fcrk insan\u0131n\u0131 hi\u00e7 unutmad\u0131\u011f\u0131n\u0131 \u00f6l\u00fcnceye kadar s\u00f6ylemekten \u00e7ekinmemi\u015ftir.Elinizdeki eser V\u00e1mb\u00e9ry\u2019nin 1897 y\u0131l\u0131nda \u00f6nce Almanca ve bir y\u0131l sonra da Frans\u0131zca yay\u0131mlam\u0131\u015f oldu\u011fu, T\u00fcrkiye\u2019nin o zamanki durumunu k\u0131rk y\u0131l \u00f6nceki haliyle k\u0131yaslad\u0131\u011f\u0131 bir \u00e7al\u0131\u015fmad\u0131r. Kendisi bu eserinde T\u00fcrkiye\u2019nin k\u0131rk y\u0131ll\u0131k zaman zarf\u0131nda kaydetti\u011fi b\u00fcy\u00fck geli\u015fmeleri aktar\u0131rken, Tanzimat ile ba\u015flayan T\u00fcrk \u00e7a\u011fda\u015fla\u015fmas\u0131n\u0131n -san\u0131lan\u0131n aksine- Abd\u00fclhamid d\u00f6neminde de kesintiye u\u011framay\u0131p devam etti\u011fini belgeleriyle ortaya koymaktad\u0131r.<\/p>\n","protected":false},"excerpt":{"rendered":"<p>\u00c1rminius V\u00e1mb\u00e9ry (1832-1913), on dokuzuncu y\u00fczy\u0131l\u0131n ikinci yar\u0131s\u0131ndan itibaren Avrupa\u2019n\u0131n bilim ve siyaset hayat\u0131nda yer alan \u00f6nemli bir \u015fahsiyet olarak kabul edilmektedir. Sultan II. Abd\u00fclhamid\u2019in yak\u0131n<span class=\"excerpt-hellip\"> [\u2026]<\/span><\/p>\n","protected":false},"featured_media":0,"template":"","meta":{"_monsterinsights_skip_tracking":false,"_monsterinsights_sitenote_active":false,"_monsterinsights_sitenote_note":"","_monsterinsights_sitenote_category":0},"product_brand":[],"product_cat":[12370,12304],"product_tag":[],"class_list":{"0":"post-775001","1":"product","2":"type-product","3":"status-publish","5":"product_cat-arastirma-inceleme","6":"product_cat-tarih","7":"pa_cilt-ciltsiz","8":"pa_tur-kitap","9":"pa_yayinevi-yeditepe-yayinevi","10":"pa_yazar-arminius-vambery","12":"first","13":"instock","14":"sale","15":"shipping-taxable","16":"purchasable","17":"product-type-simple"},"_links":{"self":[{"href":"https:\/\/roveyayinevi.com.tr\/index.php\/wp-json\/wp\/v2\/product\/775001","targetHints":{"allow":["GET"]}}],"collection":[{"href":"https:\/\/roveyayinevi.com.tr\/index.php\/wp-json\/wp\/v2\/product"}],"about":[{"href":"https:\/\/roveyayinevi.com.tr\/index.php\/wp-json\/wp\/v2\/types\/product"}],"wp:attachment":[{"href":"https:\/\/roveyayinevi.com.tr\/index.php\/wp-json\/wp\/v2\/media?parent=775001"}],"wp:term":[{"taxonomy":"product_brand","embeddable":true,"href":"https:\/\/roveyayinevi.com.tr\/index.php\/wp-json\/wp\/v2\/product_brand?post=775001"},{"taxonomy":"product_cat","embeddable":true,"href":"https:\/\/roveyayinevi.com.tr\/index.php\/wp-json\/wp\/v2\/product_cat?post=775001"},{"taxonomy":"product_tag","embeddable":true,"href":"https:\/\/roveyayinevi.com.tr\/index.php\/wp-json\/wp\/v2\/product_tag?post=775001"}],"curies":[{"name":"wp","href":"https:\/\/api.w.org\/{rel}","templated":true}]}}