{"id":774998,"date":"2025-09-09T15:05:37","date_gmt":"2025-09-09T12:05:37","guid":{"rendered":"https:\/\/roveyayinevi.com.tr\/index.php\/urun\/sir-muhafizi-baris-manco-2023\/"},"modified":"2026-04-16T02:55:33","modified_gmt":"2026-04-15T23:55:33","slug":"sir-muhafizi-baris-manco-2023","status":"publish","type":"product","link":"https:\/\/roveyayinevi.com.tr\/index.php\/urun\/sir-muhafizi-baris-manco-2023\/","title":{"rendered":"S\u0131r Muhaf\u0131z\u0131 Bar\u0131\u015f Man\u00e7o 2023"},"content":{"rendered":"<p>MAN\u00c7OLOJ\u0130 VE TEOLOJ\u0130, M\u0130TOLOJ\u0130\u2019N\u0130N TOPLAMIDIR.   Tanr\u0131sal mesajlar\u0131n insanda kar\u015f\u0131l\u0131k bulup bulmad\u0131\u011f\u0131 ya da ne \u00f6l\u00e7\u00fcde kar\u015f\u0131l\u0131k buldu\u011fu veyahut insan\u0131n f\u0131trat\u0131ndaki yatk\u0131nl\u0131ktan uzakla\u015f\u0131p uzakla\u015fmad\u0131\u011f\u0131 konusu bize Bar\u0131\u015f Man\u00e7o form\u00fcl\u00fcn\u00fc verir. Bar\u0131\u015f Man\u00e7o, m\u00fczi\u011fini yaparken onun alt metni i\u00e7in de en az m\u00fczi\u011fi kadar u\u011fra\u015ft\u0131 ve salt bir dinletiden ibaret olmayan, bir hik\u00e2yesi ve felsefesi olan eserler \u00fcretti. Kendisini sadece bir m\u00fczisyen olarak g\u00f6rmeyen Man\u00e7o, sahnede meddahl\u0131k gelene\u011fini s\u00fcrd\u00fcrd\u00fc\u011f\u00fcn\u00fc ve yapt\u0131\u011f\u0131 m\u00fczikte Hititlerden Erzurum Ba\u015f Bar\u0131\u2019na kadar Anadolu m\u00fczi\u011fi evriminin titiz bir ara\u015ft\u0131rmas\u0131n\u0131n bulundu\u011funu dile getirdi. Daha kariyerinin ba\u015flar\u0131nda \u201c1973\u201d y\u0131l\u0131nda yay\u0131mlad\u0131\u011f\u0131 2023 alb\u00fcm\u00fc ve alb\u00fcme ismini veren par\u00e7an\u0131n i\u00e7inde 2023 y\u0131l\u0131nda \u00e7ok \u00f6nemli olaylar olaca\u011f\u0131n\u0131n kodlar\u0131 vard\u0131r. Ayn\u0131 alb\u00fcmde yer alan \u201cKayalar\u0131n O\u011flu\u201d par\u00e7as\u0131 da Cumhuriyet\u2019in 100. y\u0131l\u0131 ile ilgili pek \u00e7ok s\u0131rr\u0131 bar\u0131nd\u0131r\u0131r. 1982 y\u0131l\u0131nda belki de y\u0131llar sonra anlam\u0131n\u0131 kazanacak bir \u015fark\u0131 yazd\u0131: \u201cD\u00f6nence.\u201d Ancak \u015fimdi gizemini \u00e7\u00f6zebildi\u011fimiz bir fenomen&#8230; Mustafa Kemal Atat\u00fcrk ile ba\u015flayan birinci s\u00fcrecin ikinci d\u00f6nemi art\u0131k ba\u015flam\u0131\u015ft\u0131r. \u201c\u0130kinci 19 Ata T\u00fcrk S\u00fcreci\u201d ba\u015flamadan \u00f6nce Bar\u0131\u015f Man\u00e7o gibi bir S\u0131r Muhaf\u0131z\u0131\u2019n\u0131n s\u0131rlar\u0131n\u0131 frekans ve m\u00fczikle birle\u015ftirerek veda etmesi tesad\u00fcf de\u011fil, tevafuktur. Man\u00e7o\u2019nun \u201cBen ne \u00e7a\u011fda\u015f T\u00fcrk ozan\u0131, ne \u00e7a\u011fda\u015f Dede Korkut, ne de g\u00fcn\u00fcm\u00fcz\u00fcn Nasreddin Hoca\u2019s\u0131y\u0131m. Sadece 20. y\u00fczy\u0131lda ya\u015fam\u0131\u015f ve o y\u00fczy\u0131la damgas\u0131n\u0131 vurmaya \u00e7al\u0131\u015fan bir T\u00fcrk\u2019\u00fcm!\u201d s\u00f6z\u00fc ile Gazi Mustafa Kemal Atat\u00fcrk\u2019\u00fcn \u201cBir T\u00fcrk d\u00fcnyaya bedel!\u201d s\u00f6z\u00fc birbirini tamamlar. \u00d6l\u00fcm\u00fcnden sonra vasiyetinde yer ald\u0131\u011f\u0131 gibi mezar\u0131na 19 harf i\u00e7eren \u201cDo\u011fru bildi\u011fini yapt\u0131\u201d c\u00fcmlesini yazd\u0131rmas\u0131 bize Ulu Kam Bar\u0131\u015f Man\u00e7o\u2019nun Atat\u00fcrk sonras\u0131 s\u0131rlar\u0131 se\u00e7ilmi\u015f i\u00e7in ta\u015f\u0131yan 19\u2019un muhaf\u0131z\u0131 oldu\u011funu g\u00f6steriyor. <\/p>\n","protected":false},"excerpt":{"rendered":"<p>MAN\u00c7OLOJ\u0130 VE TEOLOJ\u0130, M\u0130TOLOJ\u0130\u2019N\u0130N TOPLAMIDIR. Tanr\u0131sal mesajlar\u0131n insanda kar\u015f\u0131l\u0131k bulup bulmad\u0131\u011f\u0131 ya da ne \u00f6l\u00e7\u00fcde kar\u015f\u0131l\u0131k buldu\u011fu veyahut insan\u0131n f\u0131trat\u0131ndaki yatk\u0131nl\u0131ktan uzakla\u015f\u0131p uzakla\u015fmad\u0131\u011f\u0131 konusu bize Bar\u0131\u015f<span class=\"excerpt-hellip\"> [\u2026]<\/span><\/p>\n","protected":false},"featured_media":0,"template":"","meta":{"_monsterinsights_skip_tracking":false,"_monsterinsights_sitenote_active":false,"_monsterinsights_sitenote_note":"","_monsterinsights_sitenote_category":0},"product_brand":[],"product_cat":[13072,12291],"product_tag":[],"class_list":{"0":"post-774998","1":"product","2":"type-product","3":"status-publish","5":"product_cat-arastirma-inceleme-referans","6":"product_cat-edebiyat","7":"pa_cilt-ciltsiz","8":"pa_tur-kitap","9":"pa_yayinevi-destek-yayinlari","10":"pa_yazar-huseyin-hakki-kahveci","12":"first","13":"instock","14":"sale","15":"shipping-taxable","16":"purchasable","17":"product-type-simple"},"_links":{"self":[{"href":"https:\/\/roveyayinevi.com.tr\/index.php\/wp-json\/wp\/v2\/product\/774998","targetHints":{"allow":["GET"]}}],"collection":[{"href":"https:\/\/roveyayinevi.com.tr\/index.php\/wp-json\/wp\/v2\/product"}],"about":[{"href":"https:\/\/roveyayinevi.com.tr\/index.php\/wp-json\/wp\/v2\/types\/product"}],"wp:attachment":[{"href":"https:\/\/roveyayinevi.com.tr\/index.php\/wp-json\/wp\/v2\/media?parent=774998"}],"wp:term":[{"taxonomy":"product_brand","embeddable":true,"href":"https:\/\/roveyayinevi.com.tr\/index.php\/wp-json\/wp\/v2\/product_brand?post=774998"},{"taxonomy":"product_cat","embeddable":true,"href":"https:\/\/roveyayinevi.com.tr\/index.php\/wp-json\/wp\/v2\/product_cat?post=774998"},{"taxonomy":"product_tag","embeddable":true,"href":"https:\/\/roveyayinevi.com.tr\/index.php\/wp-json\/wp\/v2\/product_tag?post=774998"}],"curies":[{"name":"wp","href":"https:\/\/api.w.org\/{rel}","templated":true}]}}