{"id":774996,"date":"2025-09-09T15:01:40","date_gmt":"2025-09-09T12:01:40","guid":{"rendered":"https:\/\/roveyayinevi.com.tr\/index.php\/urun\/turkiye-uzerine-politik-iktisat-yazilari\/"},"modified":"2026-04-16T02:54:41","modified_gmt":"2026-04-15T23:54:41","slug":"turkiye-uzerine-politik-iktisat-yazilari","status":"publish","type":"product","link":"https:\/\/roveyayinevi.com.tr\/index.php\/urun\/turkiye-uzerine-politik-iktisat-yazilari\/","title":{"rendered":"T\u00fcrkiye \u00dczerine Politik \u0130ktisat Yaz\u0131lar\u0131"},"content":{"rendered":"<p>\u00b7         1923 CUMHUR\u0130YET \u0130KT\u0130SADININ TA\u015eIYICI KOLONLARI VE GELECE\u011e\u0130   \u00b7         T\u00dcRK\u0130YE\u2019DE KAMU MAL\u0130YES\u0130 VE MAL\u0130YE POL\u0130T\u0130KALARI   \u00b7         2018 D\u00d6V\u0130Z KR\u0130Z\u0130N\u0130 DI\u015e BOR\u00c7 VE CAR\u0130 A\u00c7IK \u00dcZER\u0130NDEN OKUMAK   \u00b7         T\u00dcRK\u0130YE\u2019N\u0130N \u0130KL\u0130M POL\u0130T\u0130KASINI ANLAMAK: HEDEFLER, TASARIMLAR, BEKLENT\u0130LER, SONU\u00c7LAR   \u00b7         COVID-19 SONRASI D\u00dcNYA VE T\u00dcRK\u0130YE EKONOM\u0130S\u0130N\u0130N DURUMU   \u00b7         T\u00dcRK\u0130YE\u2019DE VERG\u0130 HARCAMALARI   \u00b7         T\u00dcRK\u0130YE\u2019DE KONUT SORUNU: A\u00c7IKTAN STOK B\u0130R\u0130K\u0130M\u0130NE   \u00b7         T\u00dcRK\u0130YE \u0130MALAT SANAY\u0130 SEKT\u00d6RLER\u0130N\u0130N TEKNOLOJ\u0130 D\u00dcZEYLER\u0130 \u0130\u00c7\u0130N DETAYLI VE KAPSAMLI B\u0130R SINIFLAMA \u00d6NER\u0130S\u0130: TRTECX YAKLA\u015eIMI \u00b7         G\u00d6\u00c7\u00dcN EKONOM\u0130-POL\u0130T\u0130\u011e\u0130 VE T\u00dcRK\u0130YE\u2019DE G\u00d6\u00c7 Y\u00d6NET\u0130M\u0130   \u00b7         COVID-19 SALGIN KO\u015eULLARINDA BANKA KRED\u0130LER\u0130NDE SEKT\u00d6REL YO\u011eUNLA\u015eMA VE KRED\u0130 R\u0130SK\u0130 \u0130L\u0130\u015eK\u0130S\u0130   \u00b7         K\u00dcRESEL \u0130KL\u0130M DE\u011e\u0130\u015e\u0130KL\u0130\u011e\u0130 VE T\u00dcRK\u0130YE <\/p>\n","protected":false},"excerpt":{"rendered":"<p>\u00b7 1923 CUMHUR\u0130YET \u0130KT\u0130SADININ TA\u015eIYICI KOLONLARI VE GELECE\u011e\u0130 \u00b7 T\u00dcRK\u0130YE\u2019DE KAMU MAL\u0130YES\u0130 VE MAL\u0130YE POL\u0130T\u0130KALARI \u00b7 2018 D\u00d6V\u0130Z KR\u0130Z\u0130N\u0130 DI\u015e BOR\u00c7 VE CAR\u0130 A\u00c7IK \u00dcZER\u0130NDEN OKUMAK<span class=\"excerpt-hellip\"> [\u2026]<\/span><\/p>\n","protected":false},"featured_media":0,"template":"","meta":{"_monsterinsights_skip_tracking":false,"_monsterinsights_sitenote_active":false,"_monsterinsights_sitenote_note":"","_monsterinsights_sitenote_category":0},"product_brand":[],"product_cat":[13059,12337],"product_tag":[],"class_list":{"0":"post-774996","1":"product","2":"type-product","3":"status-publish","5":"product_cat-diger-politika-siyaset","6":"product_cat-politika-siyaset","7":"pa_cilt-ciltsiz","8":"pa_tur-kitap","9":"pa_yayinevi-gazi-kitabevi","10":"pa_yazar-kolektif","12":"first","13":"instock","14":"sale","15":"shipping-taxable","16":"purchasable","17":"product-type-simple"},"_links":{"self":[{"href":"https:\/\/roveyayinevi.com.tr\/index.php\/wp-json\/wp\/v2\/product\/774996","targetHints":{"allow":["GET"]}}],"collection":[{"href":"https:\/\/roveyayinevi.com.tr\/index.php\/wp-json\/wp\/v2\/product"}],"about":[{"href":"https:\/\/roveyayinevi.com.tr\/index.php\/wp-json\/wp\/v2\/types\/product"}],"wp:attachment":[{"href":"https:\/\/roveyayinevi.com.tr\/index.php\/wp-json\/wp\/v2\/media?parent=774996"}],"wp:term":[{"taxonomy":"product_brand","embeddable":true,"href":"https:\/\/roveyayinevi.com.tr\/index.php\/wp-json\/wp\/v2\/product_brand?post=774996"},{"taxonomy":"product_cat","embeddable":true,"href":"https:\/\/roveyayinevi.com.tr\/index.php\/wp-json\/wp\/v2\/product_cat?post=774996"},{"taxonomy":"product_tag","embeddable":true,"href":"https:\/\/roveyayinevi.com.tr\/index.php\/wp-json\/wp\/v2\/product_tag?post=774996"}],"curies":[{"name":"wp","href":"https:\/\/api.w.org\/{rel}","templated":true}]}}