{"id":774985,"date":"2025-09-09T14:48:10","date_gmt":"2025-09-09T11:48:10","guid":{"rendered":"https:\/\/roveyayinevi.com.tr\/index.php\/urun\/fenerbahce-tarihi-meseleleri\/"},"modified":"2026-04-16T02:52:41","modified_gmt":"2026-04-15T23:52:41","slug":"fenerbahce-tarihi-meseleleri","status":"publish","type":"product","link":"https:\/\/roveyayinevi.com.tr\/index.php\/urun\/fenerbahce-tarihi-meseleleri\/","title":{"rendered":"Fenerbah\u00e7e Tarihi Meseleleri"},"content":{"rendered":"<p>Fenerbah\u00e7e\u2019nin kurulu\u015f hik\u00e2yesi asl\u0131nda biraz da o d\u00f6nem T\u00fcrkiye\u2019sinin tarihi ile \u00f6rt\u00fc\u015f\u00fcr. Sultan II. Abd\u00fclhamid d\u00f6neminin son y\u0131llar\u0131nda futbol \u00fclkede pop\u00fcler bir spor haline gelirken, kul\u00fcpler de kurulmaya ba\u015flanm\u0131\u015f, kitleler giderek futbol ile daha fazla ilgilenir olmu\u015flard\u0131r. \u00d6zellikle, II. Me\u015frutiyet s\u00fcrecinin h\u00e2kim g\u00fcc\u00fc \u0130ttihat Terakki iktidar\u0131 ile birlikte futbol toplumsal, politik hatta ekonomik bir de\u011fere sahip olarak sadece kitlelerin de\u011fil, \u00fclkeyi y\u00f6netenlerin de ilgi alan\u0131na girmi\u015ftir. Fenerbah\u00e7e, tam da bu y\u0131llarda artan pop\u00fclerli\u011fi ile \u00f6n plana \u00e7\u0131km\u0131\u015ft\u0131r. Siyasetin de bu pop\u00fclerlikten faydalanma yolunu tercih etti\u011fi bu s\u00fcre\u00e7 de\u011ferlendirilirken, \u00fclkede ya\u015fanan siyasal ve toplumsal geli\u015fmeler kesinlikle dikkate al\u0131nmal\u0131d\u0131r. \u201cFenerbah\u00e7e Tarihi Meseleleri\u201d (1907 \u2013 1914) ba\u015fl\u0131\u011f\u0131n\u0131 ta\u015f\u0131yan bu kitap tam da bunu hedeflemekte, \u00e7ok say\u0131da ar\u015fiv belgesi ve bilgiler sundu\u011fu gibi, d\u00f6nemin futbol-siyaset ili\u015fkilerine de \u0131\u015f\u0131k tutmaktad\u0131r. Vahdettin Engin <\/p>\n","protected":false},"excerpt":{"rendered":"<p>Fenerbah\u00e7e\u2019nin kurulu\u015f hik\u00e2yesi asl\u0131nda biraz da o d\u00f6nem T\u00fcrkiye\u2019sinin tarihi ile \u00f6rt\u00fc\u015f\u00fcr. Sultan II. Abd\u00fclhamid d\u00f6neminin son y\u0131llar\u0131nda futbol \u00fclkede pop\u00fcler bir spor haline gelirken, kul\u00fcpler<span class=\"excerpt-hellip\"> [\u2026]<\/span><\/p>\n","protected":false},"featured_media":0,"template":"","meta":{"_monsterinsights_skip_tracking":false,"_monsterinsights_sitenote_active":false,"_monsterinsights_sitenote_note":"","_monsterinsights_sitenote_category":0},"product_brand":[],"product_cat":[12370,12304],"product_tag":[],"class_list":{"0":"post-774985","1":"product","2":"type-product","3":"status-publish","5":"product_cat-arastirma-inceleme","6":"product_cat-tarih","7":"pa_cilt-ciltsiz","8":"pa_tur-kitap","9":"pa_yayinevi-yeditepe-yayinevi","10":"pa_yazar-yeditepe-yayinevi-kolektif","12":"first","13":"instock","14":"sale","15":"shipping-taxable","16":"purchasable","17":"product-type-simple"},"_links":{"self":[{"href":"https:\/\/roveyayinevi.com.tr\/index.php\/wp-json\/wp\/v2\/product\/774985","targetHints":{"allow":["GET"]}}],"collection":[{"href":"https:\/\/roveyayinevi.com.tr\/index.php\/wp-json\/wp\/v2\/product"}],"about":[{"href":"https:\/\/roveyayinevi.com.tr\/index.php\/wp-json\/wp\/v2\/types\/product"}],"wp:attachment":[{"href":"https:\/\/roveyayinevi.com.tr\/index.php\/wp-json\/wp\/v2\/media?parent=774985"}],"wp:term":[{"taxonomy":"product_brand","embeddable":true,"href":"https:\/\/roveyayinevi.com.tr\/index.php\/wp-json\/wp\/v2\/product_brand?post=774985"},{"taxonomy":"product_cat","embeddable":true,"href":"https:\/\/roveyayinevi.com.tr\/index.php\/wp-json\/wp\/v2\/product_cat?post=774985"},{"taxonomy":"product_tag","embeddable":true,"href":"https:\/\/roveyayinevi.com.tr\/index.php\/wp-json\/wp\/v2\/product_tag?post=774985"}],"curies":[{"name":"wp","href":"https:\/\/api.w.org\/{rel}","templated":true}]}}