{"id":774977,"date":"2025-09-09T14:32:53","date_gmt":"2025-09-09T11:32:53","guid":{"rendered":"https:\/\/roveyayinevi.com.tr\/index.php\/urun\/ilkokulda-alternatif-egitim-uygulamalari-2\/"},"modified":"2026-04-16T02:48:55","modified_gmt":"2026-04-15T23:48:55","slug":"ilkokulda-alternatif-egitim-uygulamalari-2","status":"publish","type":"product","link":"https:\/\/roveyayinevi.com.tr\/index.php\/urun\/ilkokulda-alternatif-egitim-uygulamalari-2\/","title":{"rendered":"\u0130lkokulda Alternatif E\u011fitim Uygulamalar\u0131"},"content":{"rendered":"<p>Sevgili \u00f6\u011fretmen adaylar\u0131, lisans\u00fcst\u00fc \u00f6\u011frenciler ve de\u011ferli \u00f6\u011fretmenler; \u0130lkokul \u00e7a\u011f\u0131ndaki \u00f6\u011frencilere yap\u0131lan her t\u00fcrl\u00fc yat\u0131r\u0131m gelece\u011fin bireylerine yap\u0131lan yat\u0131r\u0131m demektir. \u00c7\u00fcnk\u00fc, bireylerin geli\u015fime en a\u00e7\u0131k d\u00f6nemlerinden biri olan ilkokul bireylerin bir hamur gibi yo\u011frulduklar\u0131 ve \u015fekil ald\u0131klar\u0131 d\u00f6nemi kapsamaktad\u0131r. Bu nedenle her \u00f6\u011frencinin ihtiyac\u0131 dahilinde \u00f6zel bir \u015fekilde e\u011fitim sunulmas\u0131 gerekmektedir. De\u011fi\u015fen ve geli\u015fen d\u00fcnya ile birlikte \u00e7evresel, k\u00fclt\u00fcrel ve sosyal \u015fartlar e\u011fitimde farkl\u0131 alternatif aray\u0131\u015flar\u0131na gidilmesine neden olmu\u015ftur. Ge\u00e7mi\u015ften g\u00fcn\u00fcm\u00fcze kadar e\u011fitimde alternatif uygulamalar geli\u015ftirme \u00e7abas\u0131 devam etmi\u015f ve halen de devam etmektedir. \u0130lkokulda Alternatif E\u011fitim Uygulamalar\u0131 kitab\u0131 \u00fclkemizde en \u00e7ok kullan\u0131lan \u015fekli ile birle\u015ftirilmi\u015f s\u0131n\u0131flar yakla\u015f\u0131m\u0131 \u00fczerine kurgulanm\u0131\u015f ancak bir b\u00f6l\u00fcmde d\u00fcnyada uygulanan farkl\u0131 e\u011fitim yakla\u015f\u0131mlar\u0131ndan da s\u00f6z edilmi\u015ftir. Kitapta gerek \u00f6\u011fretmen adaylar\u0131n\u0131n, gerek lisans\u00fct\u00fc \u00f6\u011frencilerinin gerekse \u00f6\u011fretmenlerin ilkokulda alternatif e\u011fitim uygulamalar\u0131na ait konular\u0131, kavramlar\u0131 ve bilgileri kazanmalar\u0131n\u0131 ama\u00e7lanm\u0131\u015ft\u0131r. Bu do\u011frultuda kitab\u0131n b\u00f6l\u00fcmleri  tan\u0131t\u0131lm\u0131\u015ft\u0131r. Kitab\u0131n birinci b\u00f6l\u00fcm\u00fcnde; T\u00fcrkiye\u2019de e\u011fitime etki eden sosyo-ekonomik ve \u00e7evresel fakt\u00f6rler ayr\u0131nt\u0131lar\u0131 incelenmi\u015ftir. Kitab\u0131n ikinci b\u00f6l\u00fcm\u00fcnde; \u00fclkemizdeki ilkokullarda alternatif e\u011fitim uygulamalar\u0131 aras\u0131nda yer alan ta\u015f\u0131mal\u0131 e\u011fitim, yat\u0131l\u0131 ilk\u00f6\u011fretim b\u00f6lge okullar\u0131 ve pansiyonlu ilk\u00f6\u011fretim okullar\u0131na yer verilmi\u015ftir. Kitab\u0131n \u00fc\u00e7\u00fcnc\u00fc b\u00f6l\u00fcm\u00fcnde; birle\u015ftirilmi\u015f s\u0131n\u0131flar kavram\u0131ndan genel \u00f6zelliklerinden s\u00f6z edilmi\u015ftir. Kitab\u0131n d\u00f6rd\u00fcnc\u00fc b\u00f6l\u00fcm\u00fcnde; T\u00fcrkiye\u2019de birle\u015ftirilmi\u015f s\u0131n\u0131flar\u0131n tarihsel s\u00fcreci incelenmi\u015ftir. Kitab\u0131n be\u015finci b\u00f6l\u00fcm\u00fcnde; d\u00fcnyada birle\u015ftirilmi\u015f s\u0131n\u0131f kavram\u0131, geli\u015fmi\u015f \u00fclkelerde ve geli\u015fmekte olan \u00fclkelerde birle\u015ftirilmi\u015f s\u0131n\u0131flar ile etkili birle\u015ftirilmi\u015f s\u0131n\u0131flara \u00f6rneklere yer verilmi\u015ftir. Kitab\u0131n alt\u0131nc\u0131 b\u00f6l\u00fcm\u00fcnde; ilk\u00f6\u011fretim program\u0131nda birle\u015ftirilmi\u015f s\u0131n\u0131flar her bir program ve \u015furalar kapsam\u0131nda ele al\u0131nm\u0131\u015ft\u0131r. Kitab\u0131n yedinci b\u00f6l\u00fcm\u00fcnde; birle\u015ftirilmi\u015f s\u0131n\u0131flarda \u00f6\u011fretim faaliyetleri planlar\u0131 da i\u00e7erek \u015fekilde \u00f6rnekleri ile birlikte ayr\u0131nt\u0131l\u0131 olarak incelenmi\u015ftir. Kitab\u0131n sekizinci b\u00f6l\u00fcm\u00fcnde; birle\u015ftirilmi\u015f s\u0131n\u0131flarda \u00f6\u011fretmen rol\u00fcn\u00fc m\u00fcd\u00fcr yetkili \u00f6\u011fretmenlik rol\u00fc ile birlikte ele al\u0131nm\u0131\u015ft\u0131r. Kitab\u0131n dokuzuncu b\u00f6l\u00fcm\u00fcnde; birle\u015ftirilmi\u015f s\u0131n\u0131flarda s\u0131n\u0131f y\u00f6netimi ve disiplin konusunda nelere dikkat edilece\u011fi incelenmi\u015ftir. Kitab\u0131n onuncu b\u00f6l\u00fcm\u00fcnde; ilkokullarda uygulanabilecek alternatif model ve yakla\u015f\u0131mlara yer verilmi\u015ftir. Kitaba yazar olarak katk\u0131 sa\u011flayan alanda uzman sevgili akademisyen arkada\u015flar\u0131ma ve k\u0131ymetli hocalar\u0131ma \u00e7ok te\u015fekk\u00fcr ederim. Kitab\u0131n tasar\u0131m ve yay\u0131n s\u00fcrecinde sa\u011flad\u0131\u011f\u0131 destek i\u00e7in E\u011fiten Kitap Genel Yay\u0131n Koordinat\u00f6r\u00fc Say\u0131n \u00d6zg\u00fcr Do\u011fan\u2019a te\u015fekk\u00fcr ederim. Ve tabi ki en b\u00fcy\u00fck te\u015fekk\u00fcr bu s\u00fcre\u00e7te yoluma \u0131\u015f\u0131k tutan o\u011flum Efe\u2019ye&#8230;<\/p>\n","protected":false},"excerpt":{"rendered":"<p>Sevgili \u00f6\u011fretmen adaylar\u0131, lisans\u00fcst\u00fc \u00f6\u011frenciler ve de\u011ferli \u00f6\u011fretmenler; \u0130lkokul \u00e7a\u011f\u0131ndaki \u00f6\u011frencilere yap\u0131lan her t\u00fcrl\u00fc yat\u0131r\u0131m gelece\u011fin bireylerine yap\u0131lan yat\u0131r\u0131m demektir. \u00c7\u00fcnk\u00fc, bireylerin geli\u015fime en a\u00e7\u0131k d\u00f6nemlerinden<span class=\"excerpt-hellip\"> [\u2026]<\/span><\/p>\n","protected":false},"featured_media":0,"template":"","meta":{"_monsterinsights_skip_tracking":false,"_monsterinsights_sitenote_active":false,"_monsterinsights_sitenote_note":"","_monsterinsights_sitenote_category":0},"product_brand":[],"product_cat":[12573,12566],"product_tag":[],"class_list":{"0":"post-774977","1":"product","2":"type-product","3":"status-publish","5":"product_cat-akademik-kitaplar","6":"product_cat-egitim","7":"pa_cilt-ciltsiz","8":"pa_tur-kitap","9":"pa_yayinevi-egiten-kitap","10":"pa_yazar-nihal-yildiz-yilmaz","12":"first","13":"instock","14":"sale","15":"shipping-taxable","16":"purchasable","17":"product-type-simple"},"_links":{"self":[{"href":"https:\/\/roveyayinevi.com.tr\/index.php\/wp-json\/wp\/v2\/product\/774977","targetHints":{"allow":["GET"]}}],"collection":[{"href":"https:\/\/roveyayinevi.com.tr\/index.php\/wp-json\/wp\/v2\/product"}],"about":[{"href":"https:\/\/roveyayinevi.com.tr\/index.php\/wp-json\/wp\/v2\/types\/product"}],"wp:attachment":[{"href":"https:\/\/roveyayinevi.com.tr\/index.php\/wp-json\/wp\/v2\/media?parent=774977"}],"wp:term":[{"taxonomy":"product_brand","embeddable":true,"href":"https:\/\/roveyayinevi.com.tr\/index.php\/wp-json\/wp\/v2\/product_brand?post=774977"},{"taxonomy":"product_cat","embeddable":true,"href":"https:\/\/roveyayinevi.com.tr\/index.php\/wp-json\/wp\/v2\/product_cat?post=774977"},{"taxonomy":"product_tag","embeddable":true,"href":"https:\/\/roveyayinevi.com.tr\/index.php\/wp-json\/wp\/v2\/product_tag?post=774977"}],"curies":[{"name":"wp","href":"https:\/\/api.w.org\/{rel}","templated":true}]}}