{"id":774962,"date":"2025-09-09T14:23:48","date_gmt":"2025-09-09T11:23:48","guid":{"rendered":"https:\/\/roveyayinevi.com.tr\/index.php\/urun\/kasif-2\/"},"modified":"2026-04-16T02:46:53","modified_gmt":"2026-04-15T23:46:53","slug":"kasif-2","status":"publish","type":"product","link":"https:\/\/roveyayinevi.com.tr\/index.php\/urun\/kasif-2\/","title":{"rendered":"Ka\u015fif"},"content":{"rendered":"<p>2017 COSTA K\u0130TAP \u00d6D\u00dcL\u00dc CILIP Carnegie Madalyas\u0131 finalisti   \u0130nsan yap\u0131m\u0131 bir sihirli dilek gibi g\u00f6ky\u00fcz\u00fcne y\u00fckseldi u\u00e7ak.Ama orada uzun s\u00fcre kalmayacak. Fred k\u00fc\u00e7\u00fcc\u00fck u\u00e7a\u011f\u0131n penceresinden, alt\u0131ndan gelip ge\u00e7en gizemli Amazon ormanlar\u0131n\u0131 izliyordu. En b\u00fcy\u00fck hayali k\u00e2\u015fif olup tarihe ge\u00e7mek olan bir \u00e7ocuk i\u00e7in \u00e2deta hayallerinin \u00fcst\u00fcnde u\u00e7mak gibi bir \u015feydi bu. Birazdan olacaklar\u0131 nereden bilebilirdi? O ve di\u011fer \u00fc\u00e7 \u00e7ocuk a\u011fa\u00e7lar\u0131n aras\u0131na \u00e7ak\u0131lan u\u00e7aktan sa\u011f \u00e7\u0131kmay\u0131 ba\u015fard\u0131 ama orman fazlas\u0131yla b\u00fcy\u00fck ve vah\u015fi. Kurtar\u0131lma umudu yok, eve d\u00f6nebilmek art\u0131k neredeyse imk\u00e2ns\u0131z. Ama sanki birileri onlardan evvel bu yollardan ge\u00e7mi\u015f gibi&#8230; Sanki birileri daha \u00f6nce buradaym\u0131\u015f&#8230;   &#8220;Rundell, art\u0131k tart\u0131\u015fmas\u0131z bir \u015fekilde birinci s\u0131n\u0131f.&#8221; Philip Pullman&#8221;Rundell, ya\u011fmur ormanlar\u0131n\u0131 \u00f6yle g\u00fczel betimliyor ki Maya heykellerinin bile ba\u015f\u0131n\u0131 d\u00f6nd\u00fcrebilir. Uyku saatinizi erteleyin: Ne olaca\u011f\u0131n\u0131 \u00e7ok\u00e7a merak ettiren b\u00f6l\u00fcmleri g\u00fcne\u015fin do\u011fmas\u0131n\u0131 beklemeyecek. Ne g\u00fczel bir ke\u015fif.&#8221; Times&#8221;Rundell gen\u00e7 okurlar\u0131, nehir yunuslar\u0131yla birlikte y\u00fczebilecekleri, tarantula yiyecekleri ve terk edilmi\u015f bir \u015fehir ke\u015ffedecekleri b\u00fcy\u00fcleyici bir d\u00fcnyaya ta\u015f\u0131yor.&#8221; Observer, Haftan\u0131n \u00c7ocuk-Gen\u00e7lik Kitab\u0131 <\/p>\n","protected":false},"excerpt":{"rendered":"<p>2017 COSTA K\u0130TAP \u00d6D\u00dcL\u00dc CILIP Carnegie Madalyas\u0131 finalisti \u0130nsan yap\u0131m\u0131 bir sihirli dilek gibi g\u00f6ky\u00fcz\u00fcne y\u00fckseldi u\u00e7ak.Ama orada uzun s\u00fcre kalmayacak. Fred k\u00fc\u00e7\u00fcc\u00fck u\u00e7a\u011f\u0131n penceresinden, alt\u0131ndan<span class=\"excerpt-hellip\"> [\u2026]<\/span><\/p>\n","protected":false},"featured_media":0,"template":"","meta":{"_monsterinsights_skip_tracking":false,"_monsterinsights_sitenote_active":false,"_monsterinsights_sitenote_note":"","_monsterinsights_sitenote_category":0},"product_brand":[],"product_cat":[12275,12274],"product_tag":[],"class_list":{"0":"post-774962","1":"product","2":"type-product","3":"status-publish","5":"product_cat-6-12-yas-kitaplari","6":"product_cat-cocuk-ve-genclik-kitaplari","7":"pa_cilt-ciltsiz","8":"pa_tur-kitap","9":"pa_yayinevi-domingo-yayinevi","10":"pa_yazar-katherine-rundell","12":"first","13":"instock","14":"sale","15":"shipping-taxable","16":"purchasable","17":"product-type-simple"},"_links":{"self":[{"href":"https:\/\/roveyayinevi.com.tr\/index.php\/wp-json\/wp\/v2\/product\/774962","targetHints":{"allow":["GET"]}}],"collection":[{"href":"https:\/\/roveyayinevi.com.tr\/index.php\/wp-json\/wp\/v2\/product"}],"about":[{"href":"https:\/\/roveyayinevi.com.tr\/index.php\/wp-json\/wp\/v2\/types\/product"}],"wp:attachment":[{"href":"https:\/\/roveyayinevi.com.tr\/index.php\/wp-json\/wp\/v2\/media?parent=774962"}],"wp:term":[{"taxonomy":"product_brand","embeddable":true,"href":"https:\/\/roveyayinevi.com.tr\/index.php\/wp-json\/wp\/v2\/product_brand?post=774962"},{"taxonomy":"product_cat","embeddable":true,"href":"https:\/\/roveyayinevi.com.tr\/index.php\/wp-json\/wp\/v2\/product_cat?post=774962"},{"taxonomy":"product_tag","embeddable":true,"href":"https:\/\/roveyayinevi.com.tr\/index.php\/wp-json\/wp\/v2\/product_tag?post=774962"}],"curies":[{"name":"wp","href":"https:\/\/api.w.org\/{rel}","templated":true}]}}