{"id":774950,"date":"2025-09-09T14:11:16","date_gmt":"2025-09-09T11:11:16","guid":{"rendered":"https:\/\/roveyayinevi.com.tr\/index.php\/urun\/sen-git-ask-bana-kalsin\/"},"modified":"2026-04-16T02:43:55","modified_gmt":"2026-04-15T23:43:55","slug":"sen-git-ask-bana-kalsin","status":"publish","type":"product","link":"https:\/\/roveyayinevi.com.tr\/index.php\/urun\/sen-git-ask-bana-kalsin\/","title":{"rendered":"Sen Git A\u015fk Bana Kals\u0131n"},"content":{"rendered":"<p>&#8220;A\u015fk bizim kaderimiz&#8230;   Her yolculuktaki menzilimiz, kavu\u015fmay\u0131 bekleyen sevgilimiz.   And\u0131\u011f\u0131m\u0131zda y\u00fcz\u00fcm\u00fczde g\u00fcl\u00fcc\u00fckler olu\u015fturan, eh bazen de g\u00f6zya\u015flar\u0131na sebep olan ge\u00e7mi\u015fimiz&#8230;   &#8220;Tanr\u0131ya \u015f\u00fck\u00fcr ya\u015f\u0131yorum&#8221; dedirten \u015fimdimiz&#8230;   Olmayacak hayalleri kurduran ve ba\u015fkalar\u0131n\u0131n bize deli g\u00f6z\u00fcyle bakmas\u0131na neden olan gelece\u011fimiz&#8230;   &#8216;Ezel&#8217;imiz, &#8216;ebed&#8217;imiz&#8230;   &#8216;U\u011fruna \u00f6l\u00fcmlere gidip geldi\u011fim&#8217;iz&#8230;   Her mevsim g\u00fcne\u015fimiz, hayat veren nefesimiz&#8230;   Sahip oldu\u011fumuz en b\u00fcy\u00fck de\u011ferimiz.&#8221;                                                                                                                                 Mehmet Co\u015fkundeniz   Zaman ge\u00e7er, her \u015fey de\u011fi\u015fir, bir tek a\u015fk kal\u0131r geriye.Elimizi aya\u011f\u0131m\u0131za dola\u015ft\u0131ran, sabah\u0131n k\u00f6r vaktinde ne yapaca\u011f\u0131m\u0131z\u0131 bilmez halde yata\u011f\u0131m\u0131zda debelenip durmam\u0131za sebep olan, kimi zaman bir u\u00e7urtmaya tak\u0131l\u0131p g\u00f6ky\u00fcz\u00fcnde u\u00e7mam\u0131z\u0131 sa\u011flayan, kimi zaman ge\u00e7mek bilmez saatlerde bir telefon sesine muhta\u00e7 b\u0131rakan a\u015fk&#8230;Hangi co\u011frafyada, hangi y\u00fczy\u0131lda oldu\u011fumuzun da \u00f6nemi yoktur a\u015fk varsa.\u0130lk bask\u0131s\u0131 2004&#8217;te yap\u0131lan, i\u00e7eri\u011fiyle &#8216;zamana ve mek\u00e2na&#8217; ba\u011fl\u0131 olmayan Sen Git A\u015fk Bana Kals\u0131n, geni\u015fletilmi\u015f yeni bask\u0131s\u0131ylabir kez daha sizlerle. Okumayanlar bulu\u015fsun, a\u015fina olanlar eski bir dosta yeniden kavu\u015fsun diye\u2026 <\/p>\n","protected":false},"excerpt":{"rendered":"<p>&#8220;A\u015fk bizim kaderimiz&#8230; Her yolculuktaki menzilimiz, kavu\u015fmay\u0131 bekleyen sevgilimiz. And\u0131\u011f\u0131m\u0131zda y\u00fcz\u00fcm\u00fczde g\u00fcl\u00fcc\u00fckler olu\u015fturan, eh bazen de g\u00f6zya\u015flar\u0131na sebep olan ge\u00e7mi\u015fimiz&#8230; &#8220;Tanr\u0131ya \u015f\u00fck\u00fcr ya\u015f\u0131yorum&#8221; dedirten \u015fimdimiz&#8230; Olmayacak<span class=\"excerpt-hellip\"> [\u2026]<\/span><\/p>\n","protected":false},"featured_media":0,"template":"","meta":{"_monsterinsights_skip_tracking":false,"_monsterinsights_sitenote_active":false,"_monsterinsights_sitenote_note":"","_monsterinsights_sitenote_category":0},"product_brand":[],"product_cat":[12777,12291],"product_tag":[],"class_list":{"0":"post-774950","1":"product","2":"type-product","3":"status-publish","5":"product_cat-deneme","6":"product_cat-edebiyat","7":"pa_cilt-ciltsiz","8":"pa_tur-kitap","9":"pa_yayinevi-nemesis-kitap","10":"pa_yazar-mehmet-coskundeniz","12":"first","13":"instock","14":"sale","15":"shipping-taxable","16":"purchasable","17":"product-type-simple"},"_links":{"self":[{"href":"https:\/\/roveyayinevi.com.tr\/index.php\/wp-json\/wp\/v2\/product\/774950","targetHints":{"allow":["GET"]}}],"collection":[{"href":"https:\/\/roveyayinevi.com.tr\/index.php\/wp-json\/wp\/v2\/product"}],"about":[{"href":"https:\/\/roveyayinevi.com.tr\/index.php\/wp-json\/wp\/v2\/types\/product"}],"wp:attachment":[{"href":"https:\/\/roveyayinevi.com.tr\/index.php\/wp-json\/wp\/v2\/media?parent=774950"}],"wp:term":[{"taxonomy":"product_brand","embeddable":true,"href":"https:\/\/roveyayinevi.com.tr\/index.php\/wp-json\/wp\/v2\/product_brand?post=774950"},{"taxonomy":"product_cat","embeddable":true,"href":"https:\/\/roveyayinevi.com.tr\/index.php\/wp-json\/wp\/v2\/product_cat?post=774950"},{"taxonomy":"product_tag","embeddable":true,"href":"https:\/\/roveyayinevi.com.tr\/index.php\/wp-json\/wp\/v2\/product_tag?post=774950"}],"curies":[{"name":"wp","href":"https:\/\/api.w.org\/{rel}","templated":true}]}}