{"id":774941,"date":"2025-09-09T14:01:57","date_gmt":"2025-09-09T11:01:57","guid":{"rendered":"https:\/\/roveyayinevi.com.tr\/index.php\/urun\/dusun-ve-zengin-ol-4\/"},"modified":"2026-04-03T02:49:21","modified_gmt":"2026-04-02T23:49:21","slug":"dusun-ve-zengin-ol-4","status":"publish","type":"product","link":"https:\/\/roveyayinevi.com.tr\/index.php\/urun\/dusun-ve-zengin-ol-4\/","title":{"rendered":"D\u00fc\u015f\u00fcn ve Zengin Ol"},"content":{"rendered":"<p>\u201cBir \u015feyi sadece dilemek ne zenginli\u011fi ne de ba\u015far\u0131y\u0131 getirir. Di\u011fer yandan zenginli\u011fi neredeyse tak\u0131nt\u0131 h\u00e2line getiren bir d\u00fc\u015f\u00fcnce yap\u0131s\u0131ylaarzulamak, zenginle\u015fmek i\u00e7in kesin planlar yapmak ve yap\u0131lan planlar\u0131 ba\u015far\u0131s\u0131zl\u0131\u011f\u0131 kabul etmeyen istikrarl\u0131 bir duru\u015fla desteklemek ba\u015far\u0131y\u0131getirir.\u201d der Napoleon Hill.D\u00fc\u015f\u00fcn ve Zengin Ol kitab\u0131yla g\u00fcn\u00fcm\u00fcz i\u015f d\u00fcnyas\u0131nda motivasyon ve bireysel ba\u015far\u0131yla ilgili bilinenlerin b\u00fcy\u00fck bir b\u00f6l\u00fcm\u00fcn\u00fcn temelini atanHill, yirmi seneyi a\u015fk\u0131n bir s\u00fcre boyunca ba\u015far\u0131l\u0131 ve servet sahibi insanlarla r\u00f6portaj yap\u0131p onlar\u0131n hayat\u0131n\u0131 inceledikten sonra ba\u015far\u0131ya gidenbasamaklar\u0131 on \u00fc\u00e7 ilkeyle a\u00e7\u0131klar.PEN \u00f6d\u00fcll\u00fc yazar Mitch Horowitz\u2019in edit\u00f6rl\u00fc\u011f\u00fcn\u00fc ve \u00f6zetleme g\u00f6revini \u00fcstlendi\u011fi K\u0131salt\u0131lm\u0131\u015f Klasikler Serisi, \u00e7a\u011f\u0131m\u0131za damgas\u0131n\u0131 vuran vemilyonlar\u0131 etkileyen \u00e7ok de\u011ferli kitaplar\u0131n \u00f6z h\u00e2le getirilmi\u015f versiyonlar\u0131ndan olu\u015fmaktad\u0131r. Bilginin b\u00fcy\u00fck bir h\u0131zla yay\u0131ld\u0131\u011f\u0131 modern \u00e7a\u011fda,vakti s\u0131n\u0131rl\u0131 olmas\u0131na ra\u011fmen kendini geli\u015ftirmek isteyen okurlar d\u00fc\u015f\u00fcn\u00fclerek haz\u0131rlanm\u0131\u015ft\u0131r.<\/p>\n","protected":false},"excerpt":{"rendered":"<p>\u201cBir \u015feyi sadece dilemek ne zenginli\u011fi ne de ba\u015far\u0131y\u0131 getirir. Di\u011fer yandan zenginli\u011fi neredeyse tak\u0131nt\u0131 h\u00e2line getiren bir d\u00fc\u015f\u00fcnce yap\u0131s\u0131ylaarzulamak, zenginle\u015fmek i\u00e7in kesin planlar yapmak ve<span class=\"excerpt-hellip\"> [\u2026]<\/span><\/p>\n","protected":false},"featured_media":0,"template":"","meta":{"_monsterinsights_skip_tracking":false,"_monsterinsights_sitenote_active":false,"_monsterinsights_sitenote_note":"","_monsterinsights_sitenote_category":0},"product_brand":[],"product_cat":[12364,12376],"product_tag":[],"class_list":{"0":"post-774941","1":"product","2":"type-product","3":"status-publish","5":"product_cat-genel-konular","6":"product_cat-kisisel-gelisim","7":"pa_cilt-ciltsiz","8":"pa_tur-kitap","9":"pa_yayinevi-sola-unitas","10":"pa_yazar-mitch-horowitz-napoleon-hill","12":"first","13":"instock","14":"sale","15":"shipping-taxable","16":"purchasable","17":"product-type-simple"},"_links":{"self":[{"href":"https:\/\/roveyayinevi.com.tr\/index.php\/wp-json\/wp\/v2\/product\/774941","targetHints":{"allow":["GET"]}}],"collection":[{"href":"https:\/\/roveyayinevi.com.tr\/index.php\/wp-json\/wp\/v2\/product"}],"about":[{"href":"https:\/\/roveyayinevi.com.tr\/index.php\/wp-json\/wp\/v2\/types\/product"}],"wp:attachment":[{"href":"https:\/\/roveyayinevi.com.tr\/index.php\/wp-json\/wp\/v2\/media?parent=774941"}],"wp:term":[{"taxonomy":"product_brand","embeddable":true,"href":"https:\/\/roveyayinevi.com.tr\/index.php\/wp-json\/wp\/v2\/product_brand?post=774941"},{"taxonomy":"product_cat","embeddable":true,"href":"https:\/\/roveyayinevi.com.tr\/index.php\/wp-json\/wp\/v2\/product_cat?post=774941"},{"taxonomy":"product_tag","embeddable":true,"href":"https:\/\/roveyayinevi.com.tr\/index.php\/wp-json\/wp\/v2\/product_tag?post=774941"}],"curies":[{"name":"wp","href":"https:\/\/api.w.org\/{rel}","templated":true}]}}