{"id":774900,"date":"2025-09-09T13:00:18","date_gmt":"2025-09-09T10:00:18","guid":{"rendered":"https:\/\/roveyayinevi.com.tr\/index.php\/urun\/arsimet-dunyayi-aydinlatanlar\/"},"modified":"2026-04-16T02:32:51","modified_gmt":"2026-04-15T23:32:51","slug":"arsimet-dunyayi-aydinlatanlar","status":"publish","type":"product","link":"https:\/\/roveyayinevi.com.tr\/index.php\/urun\/arsimet-dunyayi-aydinlatanlar\/","title":{"rendered":"Ar\u015fimet &#8211; D\u00fcnyay\u0131 Ayd\u0131nlatanlar"},"content":{"rendered":"<p>Ar\u015fimet, Antik \u00c7a\u011f\u2019da ya\u015fayan b\u00fcy\u00fck bir d\u00e2hi, matematik\u00e7i, fizik\u00e7i ve m\u00fchendisti.Suyun kald\u0131rma kuvvetini bulan Ar\u015fimet, kald\u0131rac\u0131n, Ar\u015fimet Vidas\u0131\u2019n\u0131n ve daha bir\u00e7ok makinenin mucidiydi. Ayr\u0131ca matematik ve geometriye \u00f6nemli katk\u0131larda bulundu. Binlerce y\u0131l boyunca bilim insanlar\u0131, onun a\u00e7t\u0131\u011f\u0131 yolda ilerlediler.\u0130\u015fte, bilim tarihinin en tan\u0131nm\u0131\u015f mucitlerinden Ar\u015fimet\u2019in ya\u015fam\u0131 ve icatlar\u0131\u2026<\/p>\n","protected":false},"excerpt":{"rendered":"<p>Ar\u015fimet, Antik \u00c7a\u011f\u2019da ya\u015fayan b\u00fcy\u00fck bir d\u00e2hi, matematik\u00e7i, fizik\u00e7i ve m\u00fchendisti.Suyun kald\u0131rma kuvvetini bulan Ar\u015fimet, kald\u0131rac\u0131n, Ar\u015fimet Vidas\u0131\u2019n\u0131n ve daha bir\u00e7ok makinenin mucidiydi. Ayr\u0131ca matematik ve<span class=\"excerpt-hellip\"> [\u2026]<\/span><\/p>\n","protected":false},"featured_media":0,"template":"","meta":{"_monsterinsights_skip_tracking":false,"_monsterinsights_sitenote_active":false,"_monsterinsights_sitenote_note":"","_monsterinsights_sitenote_category":0},"product_brand":[],"product_cat":[12274,12284],"product_tag":[],"class_list":{"0":"post-774900","1":"product","2":"type-product","3":"status-publish","5":"product_cat-cocuk-ve-genclik-kitaplari","6":"product_cat-hikayeler","7":"pa_cilt-ciltsiz","8":"pa_tur-kitap","9":"pa_yayinevi-beyaz-balina-yayinlari","10":"pa_yazar-tuna-duran","12":"first","13":"instock","14":"sale","15":"shipping-taxable","16":"purchasable","17":"product-type-simple"},"_links":{"self":[{"href":"https:\/\/roveyayinevi.com.tr\/index.php\/wp-json\/wp\/v2\/product\/774900","targetHints":{"allow":["GET"]}}],"collection":[{"href":"https:\/\/roveyayinevi.com.tr\/index.php\/wp-json\/wp\/v2\/product"}],"about":[{"href":"https:\/\/roveyayinevi.com.tr\/index.php\/wp-json\/wp\/v2\/types\/product"}],"wp:attachment":[{"href":"https:\/\/roveyayinevi.com.tr\/index.php\/wp-json\/wp\/v2\/media?parent=774900"}],"wp:term":[{"taxonomy":"product_brand","embeddable":true,"href":"https:\/\/roveyayinevi.com.tr\/index.php\/wp-json\/wp\/v2\/product_brand?post=774900"},{"taxonomy":"product_cat","embeddable":true,"href":"https:\/\/roveyayinevi.com.tr\/index.php\/wp-json\/wp\/v2\/product_cat?post=774900"},{"taxonomy":"product_tag","embeddable":true,"href":"https:\/\/roveyayinevi.com.tr\/index.php\/wp-json\/wp\/v2\/product_tag?post=774900"}],"curies":[{"name":"wp","href":"https:\/\/api.w.org\/{rel}","templated":true}]}}