{"id":774891,"date":"2025-09-09T12:50:50","date_gmt":"2025-09-09T09:50:50","guid":{"rendered":"https:\/\/roveyayinevi.com.tr\/index.php\/urun\/sarayda-macera-dedektif-hercule-carotte\/"},"modified":"2025-11-06T05:57:20","modified_gmt":"2025-11-06T02:57:20","slug":"sarayda-macera-dedektif-hercule-carotte","status":"publish","type":"product","link":"https:\/\/roveyayinevi.com.tr\/index.php\/urun\/sarayda-macera-dedektif-hercule-carotte\/","title":{"rendered":"Sarayda Macera &#8211; Dedektif Hercule Carotte"},"content":{"rendered":"<p>\u00dcnl\u00fc dedektif tav\u015fan Hercule Carotte ve tilki Tim olaylar\u0131n izini s\u00fcrmeye devam ediyor. Versay Saray\u0131\u2019\u0131ndaki \u00e7ok de\u011ferli bir ayna ortadan kayboluyor! Dedektif tav\u015fan daha soru\u015fturmas\u0131n\u0131 tamamlayamadan ara\u015ft\u0131rmas\u0131 gereken ba\u015fka bir gizem ortaya \u00e7\u0131k\u0131yor. Peki bu aynay\u0131 kim \u00e7alm\u0131\u015f olabilir? \u015e\u00fcpheli listesi uzun olsa da tav\u015fan ve tilki bu olay\u0131 \u00e7\u00f6zmede kararl\u0131\u2026 <\/p>\n","protected":false},"excerpt":{"rendered":"<p>\u00dcnl\u00fc dedektif tav\u015fan Hercule Carotte ve tilki Tim olaylar\u0131n izini s\u00fcrmeye devam ediyor. Versay Saray\u0131\u2019\u0131ndaki \u00e7ok de\u011ferli bir ayna ortadan kayboluyor! Dedektif tav\u015fan daha soru\u015fturmas\u0131n\u0131 tamamlayamadan<span class=\"excerpt-hellip\"> [\u2026]<\/span><\/p>\n","protected":false},"featured_media":0,"template":"","meta":{"_monsterinsights_skip_tracking":false,"_monsterinsights_sitenote_active":false,"_monsterinsights_sitenote_note":"","_monsterinsights_sitenote_category":0},"product_brand":[],"product_cat":[12274,12518],"product_tag":[],"class_list":{"0":"post-774891","1":"product","2":"type-product","3":"status-publish","5":"product_cat-cocuk-ve-genclik-kitaplari","6":"product_cat-okul-oncesi-kitaplar","7":"pa_cilt-ciltsiz","8":"pa_tur-kitap","9":"pa_yayinevi-1001-cicek-kitaplar","10":"pa_yazar-pascal-brissy","12":"first","13":"instock","14":"sale","15":"shipping-taxable","16":"purchasable","17":"product-type-simple"},"_links":{"self":[{"href":"https:\/\/roveyayinevi.com.tr\/index.php\/wp-json\/wp\/v2\/product\/774891","targetHints":{"allow":["GET"]}}],"collection":[{"href":"https:\/\/roveyayinevi.com.tr\/index.php\/wp-json\/wp\/v2\/product"}],"about":[{"href":"https:\/\/roveyayinevi.com.tr\/index.php\/wp-json\/wp\/v2\/types\/product"}],"wp:attachment":[{"href":"https:\/\/roveyayinevi.com.tr\/index.php\/wp-json\/wp\/v2\/media?parent=774891"}],"wp:term":[{"taxonomy":"product_brand","embeddable":true,"href":"https:\/\/roveyayinevi.com.tr\/index.php\/wp-json\/wp\/v2\/product_brand?post=774891"},{"taxonomy":"product_cat","embeddable":true,"href":"https:\/\/roveyayinevi.com.tr\/index.php\/wp-json\/wp\/v2\/product_cat?post=774891"},{"taxonomy":"product_tag","embeddable":true,"href":"https:\/\/roveyayinevi.com.tr\/index.php\/wp-json\/wp\/v2\/product_tag?post=774891"}],"curies":[{"name":"wp","href":"https:\/\/api.w.org\/{rel}","templated":true}]}}