{"id":774869,"date":"2025-09-09T12:21:19","date_gmt":"2025-09-09T09:21:19","guid":{"rendered":"https:\/\/roveyayinevi.com.tr\/index.php\/urun\/bul-bakalim-kim\/"},"modified":"2026-04-16T02:27:36","modified_gmt":"2026-04-15T23:27:36","slug":"bul-bakalim-kim","status":"publish","type":"product","link":"https:\/\/roveyayinevi.com.tr\/index.php\/urun\/bul-bakalim-kim\/","title":{"rendered":"Bul Bakal\u0131m Kim"},"content":{"rendered":"<p>Oyun \u015feklinde tasarlanan bu seride, \u00e7ocuklar bir dedektif gibi resimleri inceleyerek kimin ne yapt\u0131\u011f\u0131n\u0131 bulmaya \u00e7al\u0131\u015f\u0131yor. Yazar Olivier Tallec, okura her sahnede bir soru y\u00f6neltiyor. \u201cKim boyaya bas\u0131p y\u00fcr\u00fcmeye devam etmi\u015f?\u201d, \u201cKim hal\u0131n\u0131n alt\u0131na saklanm\u0131\u015f?\u201d gibi sorulara cevap bulmak i\u00e7in \u00e7ocuklar\u0131n resimleri detayl\u0131ca incelemesi ve ipu\u00e7lar\u0131 bulmas\u0131 gerekiyor. G\u00f6zlem ve haf\u0131zaya dayal\u0131 \u00fc\u00e7 kitapl\u0131k bu seri, \u00e7ocuklara \u00e7ok farkl\u0131 bir okuma deneyimi sunuyor.Seriyi yazan ve resimleyen Olivier Tallec, kitaplar\u0131 bir\u00e7ok farkl\u0131 dile \u00e7evrilmi\u015f d\u00fcnyaca \u00fcnl\u00fc bir \u00e7izer. Yal\u0131n ve esprili \u00e7izimleri \u00e7ocuklar\u0131 hem k\u0131k\u0131rdatacak hem de tahmin oyununu daha e\u011flenceli hale getirecek.<\/p>\n","protected":false},"excerpt":{"rendered":"<p>Oyun \u015feklinde tasarlanan bu seride, \u00e7ocuklar bir dedektif gibi resimleri inceleyerek kimin ne yapt\u0131\u011f\u0131n\u0131 bulmaya \u00e7al\u0131\u015f\u0131yor. Yazar Olivier Tallec, okura her sahnede bir soru y\u00f6neltiyor. \u201cKim<span class=\"excerpt-hellip\"> [\u2026]<\/span><\/p>\n","protected":false},"featured_media":0,"template":"","meta":{"_monsterinsights_skip_tracking":false,"_monsterinsights_sitenote_active":false,"_monsterinsights_sitenote_note":"","_monsterinsights_sitenote_category":0},"product_brand":[],"product_cat":[12274,12518],"product_tag":[],"class_list":{"0":"post-774869","1":"product","2":"type-product","3":"status-publish","5":"product_cat-cocuk-ve-genclik-kitaplari","6":"product_cat-okul-oncesi-kitaplar","7":"pa_cilt-ciltsiz","8":"pa_tur-kitap","9":"pa_yayinevi-redhouse-kidz-yayinlari","10":"pa_yazar-olivier-tallec","12":"first","13":"instock","14":"sale","15":"shipping-taxable","16":"purchasable","17":"product-type-simple"},"_links":{"self":[{"href":"https:\/\/roveyayinevi.com.tr\/index.php\/wp-json\/wp\/v2\/product\/774869","targetHints":{"allow":["GET"]}}],"collection":[{"href":"https:\/\/roveyayinevi.com.tr\/index.php\/wp-json\/wp\/v2\/product"}],"about":[{"href":"https:\/\/roveyayinevi.com.tr\/index.php\/wp-json\/wp\/v2\/types\/product"}],"wp:attachment":[{"href":"https:\/\/roveyayinevi.com.tr\/index.php\/wp-json\/wp\/v2\/media?parent=774869"}],"wp:term":[{"taxonomy":"product_brand","embeddable":true,"href":"https:\/\/roveyayinevi.com.tr\/index.php\/wp-json\/wp\/v2\/product_brand?post=774869"},{"taxonomy":"product_cat","embeddable":true,"href":"https:\/\/roveyayinevi.com.tr\/index.php\/wp-json\/wp\/v2\/product_cat?post=774869"},{"taxonomy":"product_tag","embeddable":true,"href":"https:\/\/roveyayinevi.com.tr\/index.php\/wp-json\/wp\/v2\/product_tag?post=774869"}],"curies":[{"name":"wp","href":"https:\/\/api.w.org\/{rel}","templated":true}]}}