{"id":774867,"date":"2025-09-09T12:19:42","date_gmt":"2025-09-09T09:19:42","guid":{"rendered":"https:\/\/roveyayinevi.com.tr\/index.php\/urun\/sanatin-oykusu\/"},"modified":"2026-04-16T02:27:31","modified_gmt":"2026-04-15T23:27:31","slug":"sanatin-oykusu","status":"publish","type":"product","link":"https:\/\/roveyayinevi.com.tr\/index.php\/urun\/sanatin-oykusu\/","title":{"rendered":"Sanat\u0131n \u00d6yk\u00fcs\u00fc"},"content":{"rendered":"<p>Sanat\u0131n \u00d6yk\u00fcs\u00fc, bug\u00fcne kadar yay\u0131mlanm\u0131\u015f sanat kitaplar\u0131 aras\u0131nda en tan\u0131nm\u0131\u015f olanlar\u0131ndan biridir. Bilinen ilk ma\u011fara resimlerinden, g\u00fcn\u00fcm\u00fcz\u00fcn deneysel sanatlar\u0131na kadar uzanan geni\u015f bir d\u00f6nemi ele alan \u00f6nemli bir ba\u015flang\u0131\u00e7 kitab\u0131 olarak, yay\u0131mland\u0131\u011f\u0131 g\u00fcnden beri rakipsizdir. Profes\u00f6r Gombrich, sanat alan\u0131ndaki derin bilgisini, anlatt\u0131\u011f\u0131 sanat \u00e7al\u0131\u015fmalar\u0131na duydu\u011fu sevgi ile birle\u015ftirip iletebilen ger\u00e7ek bir usta olarak kabul edilmi\u015ftir.Sanat\u0131n \u00d6yk\u00fcs\u00fc, bug\u00fcne kadar yay\u0131mlanm\u0131\u015f sanat kitaplar\u0131 aras\u0131nda en tan\u0131nm\u0131\u015f olanlar\u0131ndan biridir. Bilinen ilk ma\u011fara resimlerinden, g\u00fcn\u00fcm\u00fcz\u00fcn deneysel sanatlar\u0131na kadar uzanan geni\u015f bir d\u00f6nemi ele alan \u00f6nemli bir ba\u015flang\u0131\u00e7 kitab\u0131 olarak, yay\u0131mland\u0131\u011f\u0131 g\u00fcnden beri rakipsizdir. Profes\u00f6r Gombrich, sanat alan\u0131ndaki derin bilgisini, anlatt\u0131\u011f\u0131 sanat \u00e7al\u0131\u015fmalar\u0131na duydu\u011fu sevgi ile birle\u015ftirip iletebilen ger\u00e7ek bir usta olarak kabul edilmi\u015ftir.Sanat\u0131n \u00d6yk\u00fcs\u00fc, yeni bi\u00e7imi, tekrar elden ge\u00e7irilen resimleri ve geni\u015fletilen metni ile, sanata yeni ba\u015flayanlar i\u00e7in ilk se\u00e7enek olma \u00f6zelli\u011fini s\u00fcrd\u00fcr\u00fcyor.<\/p>\n","protected":false},"excerpt":{"rendered":"<p>Sanat\u0131n \u00d6yk\u00fcs\u00fc, bug\u00fcne kadar yay\u0131mlanm\u0131\u015f sanat kitaplar\u0131 aras\u0131nda en tan\u0131nm\u0131\u015f olanlar\u0131ndan biridir. Bilinen ilk ma\u011fara resimlerinden, g\u00fcn\u00fcm\u00fcz\u00fcn deneysel sanatlar\u0131na kadar uzanan geni\u015f bir d\u00f6nemi ele alan<span class=\"excerpt-hellip\"> [\u2026]<\/span><\/p>\n","protected":false},"featured_media":0,"template":"","meta":{"_monsterinsights_skip_tracking":false,"_monsterinsights_sitenote_active":false,"_monsterinsights_sitenote_note":"","_monsterinsights_sitenote_category":0},"product_brand":[],"product_cat":[12408],"product_tag":[],"class_list":{"0":"post-774867","1":"product","2":"type-product","3":"status-publish","5":"product_cat-sanat","6":"pa_cilt-ciltsiz","7":"pa_tur-kitap","8":"pa_yayinevi-remzi-kitabevi-sanat","9":"pa_yazar-ernst-gombrich","11":"first","12":"instock","13":"sale","14":"shipping-taxable","15":"purchasable","16":"product-type-simple"},"_links":{"self":[{"href":"https:\/\/roveyayinevi.com.tr\/index.php\/wp-json\/wp\/v2\/product\/774867","targetHints":{"allow":["GET"]}}],"collection":[{"href":"https:\/\/roveyayinevi.com.tr\/index.php\/wp-json\/wp\/v2\/product"}],"about":[{"href":"https:\/\/roveyayinevi.com.tr\/index.php\/wp-json\/wp\/v2\/types\/product"}],"wp:attachment":[{"href":"https:\/\/roveyayinevi.com.tr\/index.php\/wp-json\/wp\/v2\/media?parent=774867"}],"wp:term":[{"taxonomy":"product_brand","embeddable":true,"href":"https:\/\/roveyayinevi.com.tr\/index.php\/wp-json\/wp\/v2\/product_brand?post=774867"},{"taxonomy":"product_cat","embeddable":true,"href":"https:\/\/roveyayinevi.com.tr\/index.php\/wp-json\/wp\/v2\/product_cat?post=774867"},{"taxonomy":"product_tag","embeddable":true,"href":"https:\/\/roveyayinevi.com.tr\/index.php\/wp-json\/wp\/v2\/product_tag?post=774867"}],"curies":[{"name":"wp","href":"https:\/\/api.w.org\/{rel}","templated":true}]}}