{"id":774858,"date":"2025-09-09T12:15:30","date_gmt":"2025-09-09T09:15:30","guid":{"rendered":"https:\/\/roveyayinevi.com.tr\/index.php\/urun\/insani-tanima-sanati-5\/"},"modified":"2026-04-16T02:26:49","modified_gmt":"2026-04-15T23:26:49","slug":"insani-tanima-sanati-5","status":"publish","type":"product","link":"https:\/\/roveyayinevi.com.tr\/index.php\/urun\/insani-tanima-sanati-5\/","title":{"rendered":"\u0130nsan\u0131 Tan\u0131ma Sanat\u0131"},"content":{"rendered":"<p>Alfred Adler\u2019in (1870-1937) kurdu\u011fu bireysel psikoloji, Sigmund Freud ve C. G. Jung ekollerinin yan\u0131 s\u0131ra modern psikolojinin temel direklerinden biridir. Bilimsel disiplin olarak g\u00f6rd\u00fc\u011f\u00fc insan\u0131 tan\u0131maya dair ilk kez 1927\u2019de yay\u0131nlanan kitab\u0131nda Adler, insan\u0131n ruhsal geli\u015fim yasas\u0131n\u0131 k\u00f6kl\u00fc bi\u00e7imde ortaya \u00e7\u0131karmaya \u00e7al\u0131\u015f\u0131yor, \u00e7\u00fcnk\u00fc o yasa \u201c belirsiz itkilere kap\u0131lmak istemeyen, aksine kaderini bilin\u00e7li bi\u00e7imde in\u015fa etmeye \u00e7al\u0131\u015fan herkes i\u00e7in en \u00f6nemli k\u0131lavuzdur\u201d. <\/p>\n","protected":false},"excerpt":{"rendered":"<p>Alfred Adler\u2019in (1870-1937) kurdu\u011fu bireysel psikoloji, Sigmund Freud ve C. G. Jung ekollerinin yan\u0131 s\u0131ra modern psikolojinin temel direklerinden biridir. Bilimsel disiplin olarak g\u00f6rd\u00fc\u011f\u00fc insan\u0131 tan\u0131maya<span class=\"excerpt-hellip\"> [\u2026]<\/span><\/p>\n","protected":false},"featured_media":0,"template":"","meta":{"_monsterinsights_skip_tracking":false,"_monsterinsights_sitenote_active":false,"_monsterinsights_sitenote_note":"","_monsterinsights_sitenote_category":0},"product_brand":[],"product_cat":[20502,12357],"product_tag":[],"class_list":{"0":"post-774858","1":"product","2":"type-product","3":"status-publish","5":"product_cat-basvuru-kitaplari-psikoloji","6":"product_cat-psikoloji","7":"pa_cilt-ciltsiz","8":"pa_tur-kitap","9":"pa_yayinevi-cem-yayinevi","10":"pa_yazar-alfred-adler","12":"first","13":"instock","14":"sale","15":"shipping-taxable","16":"purchasable","17":"product-type-simple"},"_links":{"self":[{"href":"https:\/\/roveyayinevi.com.tr\/index.php\/wp-json\/wp\/v2\/product\/774858","targetHints":{"allow":["GET"]}}],"collection":[{"href":"https:\/\/roveyayinevi.com.tr\/index.php\/wp-json\/wp\/v2\/product"}],"about":[{"href":"https:\/\/roveyayinevi.com.tr\/index.php\/wp-json\/wp\/v2\/types\/product"}],"wp:attachment":[{"href":"https:\/\/roveyayinevi.com.tr\/index.php\/wp-json\/wp\/v2\/media?parent=774858"}],"wp:term":[{"taxonomy":"product_brand","embeddable":true,"href":"https:\/\/roveyayinevi.com.tr\/index.php\/wp-json\/wp\/v2\/product_brand?post=774858"},{"taxonomy":"product_cat","embeddable":true,"href":"https:\/\/roveyayinevi.com.tr\/index.php\/wp-json\/wp\/v2\/product_cat?post=774858"},{"taxonomy":"product_tag","embeddable":true,"href":"https:\/\/roveyayinevi.com.tr\/index.php\/wp-json\/wp\/v2\/product_tag?post=774858"}],"curies":[{"name":"wp","href":"https:\/\/api.w.org\/{rel}","templated":true}]}}