{"id":774855,"date":"2025-09-09T12:14:19","date_gmt":"2025-09-09T09:14:19","guid":{"rendered":"https:\/\/roveyayinevi.com.tr\/index.php\/urun\/bilge-kopek-doga-gezisinde\/"},"modified":"2026-04-16T02:26:45","modified_gmt":"2026-04-15T23:26:45","slug":"bilge-kopek-doga-gezisinde","status":"publish","type":"product","link":"https:\/\/roveyayinevi.com.tr\/index.php\/urun\/bilge-kopek-doga-gezisinde\/","title":{"rendered":"Bilge K\u00f6pek Do\u011fa Gezisinde"},"content":{"rendered":"<p>Bazen, aile tatilinin tad\u0131n\u0131 \u00e7\u0131karmak i\u00e7in ihtiyac\u0131n\u0131z olan tek \u015fey, Bilge K\u00f6pek Merlin gibi mucizevi bir dost olabilir&#8230;Bir aileyi yola getirmenin s\u0131rlar\u0131n\u0131, gelmi\u015f ge\u00e7mi\u015f en bilge k\u00f6pekten \u00f6\u011frendi\u011fimiz Bilge K\u00f6pek Yeni Evinde\u2019den sonra, Pi\u015fi ailesi ve pek tabii ki sevgili dostumuz Bilge K\u00f6pek Merlin yeniden aram\u0131zda!Pi\u015fi ailesi, Merlin\u2019i ilk sahiplendi\u011fi g\u00fcnlere k\u0131yasla \u00e7ok daha sakin ve d\u00fczenli g\u00f6r\u00fcn\u00fcyor. Ama yine de, katetmeleri gereken \u00e7ok yol var. Merlin\u2019e g\u00f6re, yakla\u015fan yaz tatili, ailenin uyum i\u00e7inde hareket etmeyi \u00f6\u011frenmeleri i\u00e7in ola\u011fan\u00fcst\u00fc bir f\u0131rsat. Ama \u00f6ncelikle aile fertlerinin, tatil i\u00e7in nereye gideceklerine karar vermeleri gerekiyor. Beren ile Anne Pi\u015fi do\u011fa kamp\u0131ndan yana; Baba Pi\u015fi, ay\u0131lardan ve piranlardan \u00e7ekiniyor. Cem\u2019in akl\u0131 diskolara tak\u0131lm\u0131\u015fken, Arya\u2019n\u0131nki tarihe iz b\u0131rakm\u0131\u015f filozoflarda&#8230; Herkesin hayalinde bamba\u015fka bir tatil plan\u0131 olsa da, Bilge K\u00f6pek Merlin, Pi\u015filer\u2019i tek bir noktada birle\u015ftirmeyi ba\u015far\u0131yor&#8230;Yazar Meg Rosoff ve \u00e7izer Grace Easton&#8217;\u0131n ortak imzas\u0131n\u0131 ta\u015f\u0131yan Bilge K\u00f6pek Do\u011fa Gezisinde, Tudem\u2019in, okumaya isteksiz ve okuma g\u00fc\u00e7l\u00fc\u011f\u00fc \u00e7eken \u00e7ocuklar i\u00e7in \u00f6zel olarak haz\u0131rlad\u0131\u011f\u0131 sen de oku koleksiyonundaki yerini al\u0131yor!Kelimelerle m\u00fccadele eden \u00e7ocuklar, Bilge K\u00f6pek Merlin&#8217;in, Pi\u015fi&#8217;leri nas\u0131l Uzak Diyarlar Kamp Alan\u0131&#8217;na g\u00f6t\u00fcrmeye ikna etti\u011fini \u015fa\u015fk\u0131nl\u0131kla izlerken, okuma sevgisi kazan\u0131yor!\u201cOla\u011fan\u00fcst\u00fc bir k\u00f6pek ve i\u011fneleyici mizahi anlat\u0131m\u0131yla, s\u0131cac\u0131k bir aile dramas\u0131.\u201dBookseller<\/p>\n","protected":false},"excerpt":{"rendered":"<p>Bazen, aile tatilinin tad\u0131n\u0131 \u00e7\u0131karmak i\u00e7in ihtiyac\u0131n\u0131z olan tek \u015fey, Bilge K\u00f6pek Merlin gibi mucizevi bir dost olabilir&#8230;Bir aileyi yola getirmenin s\u0131rlar\u0131n\u0131, gelmi\u015f ge\u00e7mi\u015f en bilge<span class=\"excerpt-hellip\"> [\u2026]<\/span><\/p>\n","protected":false},"featured_media":0,"template":"","meta":{"_monsterinsights_skip_tracking":false,"_monsterinsights_sitenote_active":false,"_monsterinsights_sitenote_note":"","_monsterinsights_sitenote_category":0},"product_brand":[],"product_cat":[12274,12284],"product_tag":[],"class_list":{"0":"post-774855","1":"product","2":"type-product","3":"status-publish","5":"product_cat-cocuk-ve-genclik-kitaplari","6":"product_cat-hikayeler","7":"pa_cilt-ciltsiz","8":"pa_tur-kitap","9":"pa_yayinevi-tudem-yayinlari","10":"pa_yazar-meg-rosoff","12":"first","13":"instock","14":"sale","15":"shipping-taxable","16":"purchasable","17":"product-type-simple"},"_links":{"self":[{"href":"https:\/\/roveyayinevi.com.tr\/index.php\/wp-json\/wp\/v2\/product\/774855","targetHints":{"allow":["GET"]}}],"collection":[{"href":"https:\/\/roveyayinevi.com.tr\/index.php\/wp-json\/wp\/v2\/product"}],"about":[{"href":"https:\/\/roveyayinevi.com.tr\/index.php\/wp-json\/wp\/v2\/types\/product"}],"wp:attachment":[{"href":"https:\/\/roveyayinevi.com.tr\/index.php\/wp-json\/wp\/v2\/media?parent=774855"}],"wp:term":[{"taxonomy":"product_brand","embeddable":true,"href":"https:\/\/roveyayinevi.com.tr\/index.php\/wp-json\/wp\/v2\/product_brand?post=774855"},{"taxonomy":"product_cat","embeddable":true,"href":"https:\/\/roveyayinevi.com.tr\/index.php\/wp-json\/wp\/v2\/product_cat?post=774855"},{"taxonomy":"product_tag","embeddable":true,"href":"https:\/\/roveyayinevi.com.tr\/index.php\/wp-json\/wp\/v2\/product_tag?post=774855"}],"curies":[{"name":"wp","href":"https:\/\/api.w.org\/{rel}","templated":true}]}}