{"id":774853,"date":"2025-09-09T12:12:52","date_gmt":"2025-09-09T09:12:52","guid":{"rendered":"https:\/\/roveyayinevi.com.tr\/index.php\/urun\/karar-ani\/"},"modified":"2026-04-16T02:26:25","modified_gmt":"2026-04-15T23:26:25","slug":"karar-ani","status":"publish","type":"product","link":"https:\/\/roveyayinevi.com.tr\/index.php\/urun\/karar-ani\/","title":{"rendered":"Karar An\u0131"},"content":{"rendered":"<p>\u0130nsan\u0131n ak\u0131lc\u0131 bir varl\u0131k oldu\u011funa ili\u015fkin varsay\u0131m\u0131n tek bir kusuru vard\u0131r, o da yanl\u0131\u015f olmas\u0131d\u0131r. Beynimiz bu \u015fekilde \u00e7al\u0131\u015fmaz. \u0130nsanlar karar ald\u0131klar\u0131 ilk g\u00fcnden beri nas\u0131l karar ald\u0131klar\u0131 konusuna kafa yormu\u015flard\u0131r. Genel kan\u0131, mant\u0131kl\u0131 ve d\u00fc\u015f\u00fcn\u00fcp ta\u015f\u0131narak hareket eden canl\u0131lar oldu\u011fumuz y\u00f6n\u00fcndedir. \u00d6yle mi peki? \u0130nsan nas\u0131l karar al\u0131r? Bug\u00fcn insanl\u0131k tarihinde ilk kez bu soruya cevap verebiliyoruz. Beynin i\u00e7ine bak\u0131p insanlar\u0131n nas\u0131l d\u00fc\u015f\u00fcnd\u00fcklerini g\u00f6rebiliyoruz: Kapal\u0131 kutu art\u0131k a\u00e7\u0131lm\u0131\u015ft\u0131r. Fakat kutudan ak\u0131lc\u0131 varl\u0131klar olmad\u0131\u011f\u0131m\u0131z \u00e7\u0131km\u0131\u015ft\u0131r. Zihin farkl\u0131 alanlardan olu\u015fan karmakar\u0131\u015f\u0131k bir a\u011fa benzer ve bu alanlar\u0131n \u00e7o\u011fu duygu \u00fcretimi surecinin birer par\u00e7as\u0131d\u0131r. Duygular ile d\u00fc\u015f\u00fcncelerin birbirinden kopuk \u015feyler olarak g\u00f6r\u00fclmesi en temel sorunlardan biridir. Bu kitab\u0131n amac\u0131 bu yapay ikili kar\u015f\u0131tl\u0131\u011f\u0131 a\u015farak iki soruya cevap vermektir: \u201c\u0130nsan beyni nas\u0131l karar al\u0131r?\u201d ve \u201cBu kararlar\u0131 nas\u0131l daha iyi hale getirebiliriz?\u201d <\/p>\n","protected":false},"excerpt":{"rendered":"<p>\u0130nsan\u0131n ak\u0131lc\u0131 bir varl\u0131k oldu\u011funa ili\u015fkin varsay\u0131m\u0131n tek bir kusuru vard\u0131r, o da yanl\u0131\u015f olmas\u0131d\u0131r. Beynimiz bu \u015fekilde \u00e7al\u0131\u015fmaz. \u0130nsanlar karar ald\u0131klar\u0131 ilk g\u00fcnden beri nas\u0131l<span class=\"excerpt-hellip\"> [\u2026]<\/span><\/p>\n","protected":false},"featured_media":0,"template":"","meta":{"_monsterinsights_skip_tracking":false,"_monsterinsights_sitenote_active":false,"_monsterinsights_sitenote_note":"","_monsterinsights_sitenote_category":0},"product_brand":[],"product_cat":[13005,37328],"product_tag":[],"class_list":{"0":"post-774853","1":"product","2":"type-product","3":"status-publish","5":"product_cat-bilim-muhendislik","6":"product_cat-diger-bilim-muhendislik","7":"pa_cilt-ciltsiz","8":"pa_tur-kitap","9":"pa_yayinevi-ayrinti-yayinlari","10":"pa_yazar-jonah-lehrer","12":"first","13":"instock","14":"sale","15":"shipping-taxable","16":"purchasable","17":"product-type-simple"},"_links":{"self":[{"href":"https:\/\/roveyayinevi.com.tr\/index.php\/wp-json\/wp\/v2\/product\/774853","targetHints":{"allow":["GET"]}}],"collection":[{"href":"https:\/\/roveyayinevi.com.tr\/index.php\/wp-json\/wp\/v2\/product"}],"about":[{"href":"https:\/\/roveyayinevi.com.tr\/index.php\/wp-json\/wp\/v2\/types\/product"}],"wp:attachment":[{"href":"https:\/\/roveyayinevi.com.tr\/index.php\/wp-json\/wp\/v2\/media?parent=774853"}],"wp:term":[{"taxonomy":"product_brand","embeddable":true,"href":"https:\/\/roveyayinevi.com.tr\/index.php\/wp-json\/wp\/v2\/product_brand?post=774853"},{"taxonomy":"product_cat","embeddable":true,"href":"https:\/\/roveyayinevi.com.tr\/index.php\/wp-json\/wp\/v2\/product_cat?post=774853"},{"taxonomy":"product_tag","embeddable":true,"href":"https:\/\/roveyayinevi.com.tr\/index.php\/wp-json\/wp\/v2\/product_tag?post=774853"}],"curies":[{"name":"wp","href":"https:\/\/api.w.org\/{rel}","templated":true}]}}