{"id":774846,"date":"2025-09-09T12:06:12","date_gmt":"2025-09-09T09:06:12","guid":{"rendered":"https:\/\/roveyayinevi.com.tr\/index.php\/urun\/kisa-almanya-tarihi-2\/"},"modified":"2026-04-16T02:25:45","modified_gmt":"2026-04-15T23:25:45","slug":"kisa-almanya-tarihi-2","status":"publish","type":"product","link":"https:\/\/roveyayinevi.com.tr\/index.php\/urun\/kisa-almanya-tarihi-2\/","title":{"rendered":"K\u0131sa Almanya Tarihi"},"content":{"rendered":"<p>Co\u011frafya kaderdir. Almanya\u2019n\u0131n kaderinin \u015fekillenmesinde en etkili olan co\u011frafi \u00f6\u011feler Ren ve Elbe nehirleri olmu\u015ftur. Romal\u0131 general Drusus Almanya\u2019y\u0131 fethederken lejyonlar\u0131yla birlikte Ren\u2019i a\u015far ve do\u011fuya do\u011fru ilerleyip Elbe k\u0131y\u0131s\u0131na dayan\u0131r. Rivayete g\u00f6re, tam bu a\u015famada Elbe\u2019nin kar\u015f\u0131 yakas\u0131nda dev bir kad\u0131n figu\u0308ru\u0308 belirir ve Drusus\u2019a gu\u0308nlerinin say\u0131l\u0131 oldu\u011funu, evine d\u00f6nmesini, fetih a\u00e7g\u00f6zlu\u0308lu\u0308\u011fu\u0308ne son vermesini s\u00f6yler. Romal\u0131 General sa\u011fduyunun sesine kulak vererek Elbe\u2019yi ge\u00e7mez ve b\u00f6ylece Romal\u0131lar Elbe\u2019nin do\u011fusundaki batakl\u0131\u011fa ayak basmam\u0131\u015f olurlar. Ancak yakla\u015f\u0131k bin be\u015f yu\u0308z y\u0131l sonra bu batakl\u0131k zeminde do\u011fan Prusya devleti Romal\u0131lar kadar sa\u011fduyuyla hareket etmeyecektir. Prusya militarizmi Alman devletlerinin birle\u015fmesini sa\u011flayacak fakat Birinci Du\u0308nya Sava\u015f\u0131\u2019n\u0131n \u00e7\u0131kmas\u0131nda, ard\u0131ndan Nazizm\u2019in Almanya ile Avrupa\u2019n\u0131n ba\u015f\u0131na bela olmas\u0131nda ve en sonunda \u0130kinci Du\u0308nya Sava\u015f\u0131\u2019n\u0131n patlak vermesinde bu\u0308yu\u0308k rol oynayacakt\u0131r&#8230; K\u0131sa Almanya Tarihi \u2019ni okuduktan sonra Almanya\u2019n\u0131n siyasal dinamiklerini kavrayacak ve gu\u0308nu\u0308mu\u0308zde Almanya\u2019n\u0131n bir yandan Avrupa\u2019n\u0131n birli\u011fini sa\u011flamaya \u00e7al\u0131\u015f\u0131rken di\u011fer yandan Rusya ile yak\u0131nla\u015fma \u00e7abalar\u0131n\u0131 ayn\u0131 resmin i\u00e7ine oturtmakta zorluk \u00e7ekmeyeceksiniz. \u201cMutlaka okunmas\u0131 gereken bu kitap Roma Almanya\u2019s\u0131 ile Romal\u0131 olmayan Almanya\u2019y\u0131 ay\u0131ran s\u0131n\u0131r\u0131n gu\u0308nu\u0308mu\u0308ze dek etkisini korudu\u011funu ortaya koyuyor.\u201d <\/p>\n","protected":false},"excerpt":{"rendered":"<p>Co\u011frafya kaderdir. Almanya\u2019n\u0131n kaderinin \u015fekillenmesinde en etkili olan co\u011frafi \u00f6\u011feler Ren ve Elbe nehirleri olmu\u015ftur. Romal\u0131 general Drusus Almanya\u2019y\u0131 fethederken lejyonlar\u0131yla birlikte Ren\u2019i a\u015far ve do\u011fuya<span class=\"excerpt-hellip\"> [\u2026]<\/span><\/p>\n","protected":false},"featured_media":0,"template":"","meta":{"_monsterinsights_skip_tracking":false,"_monsterinsights_sitenote_active":false,"_monsterinsights_sitenote_note":"","_monsterinsights_sitenote_category":0},"product_brand":[],"product_cat":[12370,12304],"product_tag":[],"class_list":{"0":"post-774846","1":"product","2":"type-product","3":"status-publish","5":"product_cat-arastirma-inceleme","6":"product_cat-tarih","7":"pa_cilt-ciltsiz","8":"pa_tur-kitap","9":"pa_yayinevi-say-yayinlari","10":"pa_yazar-james-hawes","12":"first","13":"instock","14":"sale","15":"shipping-taxable","16":"purchasable","17":"product-type-simple"},"_links":{"self":[{"href":"https:\/\/roveyayinevi.com.tr\/index.php\/wp-json\/wp\/v2\/product\/774846","targetHints":{"allow":["GET"]}}],"collection":[{"href":"https:\/\/roveyayinevi.com.tr\/index.php\/wp-json\/wp\/v2\/product"}],"about":[{"href":"https:\/\/roveyayinevi.com.tr\/index.php\/wp-json\/wp\/v2\/types\/product"}],"wp:attachment":[{"href":"https:\/\/roveyayinevi.com.tr\/index.php\/wp-json\/wp\/v2\/media?parent=774846"}],"wp:term":[{"taxonomy":"product_brand","embeddable":true,"href":"https:\/\/roveyayinevi.com.tr\/index.php\/wp-json\/wp\/v2\/product_brand?post=774846"},{"taxonomy":"product_cat","embeddable":true,"href":"https:\/\/roveyayinevi.com.tr\/index.php\/wp-json\/wp\/v2\/product_cat?post=774846"},{"taxonomy":"product_tag","embeddable":true,"href":"https:\/\/roveyayinevi.com.tr\/index.php\/wp-json\/wp\/v2\/product_tag?post=774846"}],"curies":[{"name":"wp","href":"https:\/\/api.w.org\/{rel}","templated":true}]}}