{"id":774845,"date":"2025-09-09T12:05:39","date_gmt":"2025-09-09T09:05:39","guid":{"rendered":"https:\/\/roveyayinevi.com.tr\/index.php\/urun\/esyanin-tabiati\/"},"modified":"2026-04-16T02:25:43","modified_gmt":"2026-04-15T23:25:43","slug":"esyanin-tabiati","status":"publish","type":"product","link":"https:\/\/roveyayinevi.com.tr\/index.php\/urun\/esyanin-tabiati\/","title":{"rendered":"E\u015fyan\u0131n Tabiat\u0131"},"content":{"rendered":"<p>\u201cKendimizi uygarsaymak ho\u015fumuza gidebilir ancak bize uygarl\u0131\u011f\u0131 bah\u015feden, b\u00fcy\u00fck \u00f6l\u00e7\u00fcde malzeme zenginli\u011fimizdir\u2026Biz onlar\u0131 yaratt\u0131k, onlar da kar\u015f\u0131l\u0131\u011f\u0131nda bizi bug\u00fcnk\u00fc halimize getirdiler.\u201d Malzemeler d\u00fcnyas\u0131nda ya\u015f\u0131yoruz. Etraf\u0131m\u0131z g\u00fcndelik tasar\u0131m ve m\u00fchendislik mucizeleriyle \u00e7evrili. \u00c7eli\u011fi d\u00fc\u015f\u00fcn\u00fcn: A\u011fz\u0131m\u0131za sokuyor, istenmeyen t\u00fcylere kar\u015f\u0131 kullan\u0131yor, i\u00e7ine biniyoruz. En sad\u0131k dostumuz ama nas\u0131l i\u015fledi\u011fini bilmiyoruz. Cam neden saydam? Lasti\u011fe esnekli\u011fini veren ne? Ata\u015f neden b\u00fck\u00fcl\u00fcyor? Bir malzeme neden g\u00f6r\u00fcnd\u00fc\u011f\u00fc gibi g\u00f6r\u00fcn\u00fcyor, neden davrand\u0131\u011f\u0131 gibi davran\u0131yor? Mark Miodownik bizi malzemelerin i\u00e7 d\u00fcnyas\u0131na g\u00f6t\u00fcr\u00fcyor. Mucidini idamdan kurtaran porselenden ayakkab\u0131lar\u0131m\u0131zdaki k\u00f6p\u00fc\u011fe, elinizdeki k\u00e2\u011f\u0131ttan uygarl\u0131\u011f\u0131m\u0131z\u0131n g\u00fcnah ke\u00e7isi betona kadar, ya\u015famlar\u0131m\u0131z\u0131 \u015fekillendiren bu mucizelerin nas\u0131l do\u011fdu\u011funu, ke\u015fiflerinin ard\u0131nda yatan ak\u0131lalmaz \u00f6yk\u00fcleri ve t\u00fcm bu yolculu\u011fun insan \u0131rk\u0131n\u0131n becerisine, yarat\u0131c\u0131l\u0131\u011f\u0131na dair ne anlatt\u0131\u011f\u0131n\u0131 ortaya koyuyor. E\u015fyan\u0131n Tabiat\u0131\u2019n\u0131 benzersiz k\u0131lan, 20 dilde yay\u0131mlanm\u0131\u015f bir.Sadece etraf\u0131m\u0131zdaki nesnelere de\u011fil, d\u00fcnyaya bak\u0131\u015f\u0131m\u0131z\u0131 da de\u011fi\u015ftiriyor. <\/p>\n","protected":false},"excerpt":{"rendered":"<p>\u201cKendimizi uygarsaymak ho\u015fumuza gidebilir ancak bize uygarl\u0131\u011f\u0131 bah\u015feden, b\u00fcy\u00fck \u00f6l\u00e7\u00fcde malzeme zenginli\u011fimizdir\u2026Biz onlar\u0131 yaratt\u0131k, onlar da kar\u015f\u0131l\u0131\u011f\u0131nda bizi bug\u00fcnk\u00fc halimize getirdiler.\u201d Malzemeler d\u00fcnyas\u0131nda ya\u015f\u0131yoruz. Etraf\u0131m\u0131z g\u00fcndelik<span class=\"excerpt-hellip\"> [\u2026]<\/span><\/p>\n","protected":false},"featured_media":0,"template":"","meta":{"_monsterinsights_skip_tracking":false,"_monsterinsights_sitenote_active":false,"_monsterinsights_sitenote_note":"","_monsterinsights_sitenote_category":0},"product_brand":[],"product_cat":[13005,13006],"product_tag":[],"class_list":{"0":"post-774845","1":"product","2":"type-product","3":"status-publish","5":"product_cat-bilim-muhendislik","6":"product_cat-populer-bilim","7":"pa_cilt-ciltsiz","8":"pa_tur-kitap","9":"pa_yayinevi-domingo-yayinevi","10":"pa_yazar-mark-miodownik","12":"first","13":"instock","14":"sale","15":"shipping-taxable","16":"purchasable","17":"product-type-simple"},"_links":{"self":[{"href":"https:\/\/roveyayinevi.com.tr\/index.php\/wp-json\/wp\/v2\/product\/774845","targetHints":{"allow":["GET"]}}],"collection":[{"href":"https:\/\/roveyayinevi.com.tr\/index.php\/wp-json\/wp\/v2\/product"}],"about":[{"href":"https:\/\/roveyayinevi.com.tr\/index.php\/wp-json\/wp\/v2\/types\/product"}],"wp:attachment":[{"href":"https:\/\/roveyayinevi.com.tr\/index.php\/wp-json\/wp\/v2\/media?parent=774845"}],"wp:term":[{"taxonomy":"product_brand","embeddable":true,"href":"https:\/\/roveyayinevi.com.tr\/index.php\/wp-json\/wp\/v2\/product_brand?post=774845"},{"taxonomy":"product_cat","embeddable":true,"href":"https:\/\/roveyayinevi.com.tr\/index.php\/wp-json\/wp\/v2\/product_cat?post=774845"},{"taxonomy":"product_tag","embeddable":true,"href":"https:\/\/roveyayinevi.com.tr\/index.php\/wp-json\/wp\/v2\/product_tag?post=774845"}],"curies":[{"name":"wp","href":"https:\/\/api.w.org\/{rel}","templated":true}]}}