{"id":774832,"date":"2025-09-09T11:55:09","date_gmt":"2025-09-09T08:55:09","guid":{"rendered":"https:\/\/roveyayinevi.com.tr\/index.php\/urun\/kutup-yildizi-2-ciltli\/"},"modified":"2026-04-16T02:23:56","modified_gmt":"2026-04-15T23:23:56","slug":"kutup-yildizi-2-ciltli","status":"publish","type":"product","link":"https:\/\/roveyayinevi.com.tr\/index.php\/urun\/kutup-yildizi-2-ciltli\/","title":{"rendered":"Kutup Y\u0131ld\u0131z\u0131 2 (Ciltli)"},"content":{"rendered":"<p>A\u015eK VE ARKADA\u015eLIK ARASINDA SIKI\u015eMI\u015e OLAN KUTUP YILDIZI\u2019NIN MASALI KALDI\u011eI YERDEN DEVAM ED\u0130YOR\u2026 Yeni hayatlar\u0131nda her ge\u00e7en g\u00fcn birbirinden daha da uzakla\u015fan Nisa ve Senem\u2019i zor g\u00fcnler beklemektedir. Kalpleri ise bamba\u015fka umutlar i\u00e7in \u00e7arp\u0131yordur. Demir\u2019in aniden \u0130stanbul\u2019dan d\u00f6nmesiyle her ge\u00e7en g\u00fcn kalbi ve mant\u0131\u011f\u0131 aras\u0131nda kalan Nisa i\u00e7in hayat bu kez daha da zorlu bir s\u0131nav haline gelir. Kamp ate\u015finin \u00e7evresinde alevlenen hislerini dizginleyemedi\u011fi gibi ans\u0131z\u0131n ya\u015fad\u0131\u011f\u0131 farkl\u0131 bir olayla yeniden kalbine kilit vurmay\u0131 tercih eder. Kendi duygular\u0131yla s\u0131nan\u0131rken bir de Senem\u2019in varl\u0131\u011f\u0131 i\u015fleri daha da kar\u0131\u015ft\u0131racakt\u0131r. Peki, a\u015fk t\u00fcm bunlar\u0131n neresinde yer alacak? Nisa\u2019n\u0131n kalbine vurdu\u011fu kilit bir g\u00fcn a\u00e7\u0131lacak m\u0131? Ya K\u00fckreyen Kedi Yavrusu\u2026 Elini g\u00f6ky\u00fcz\u00fcne uzat\u0131p kayan y\u0131ld\u0131z\u0131n\u0131 yakalayabilecek mi? <\/p>\n","protected":false},"excerpt":{"rendered":"<p>A\u015eK VE ARKADA\u015eLIK ARASINDA SIKI\u015eMI\u015e OLAN KUTUP YILDIZI\u2019NIN MASALI KALDI\u011eI YERDEN DEVAM ED\u0130YOR\u2026 Yeni hayatlar\u0131nda her ge\u00e7en g\u00fcn birbirinden daha da uzakla\u015fan Nisa ve Senem\u2019i zor<span class=\"excerpt-hellip\"> [\u2026]<\/span><\/p>\n","protected":false},"featured_media":0,"template":"","meta":{"_monsterinsights_skip_tracking":false,"_monsterinsights_sitenote_active":false,"_monsterinsights_sitenote_note":"","_monsterinsights_sitenote_category":0},"product_brand":[],"product_cat":[14643,12291],"product_tag":[],"class_list":{"0":"post-774832","1":"product","2":"type-product","3":"status-publish","5":"product_cat-ask","6":"product_cat-edebiyat","7":"pa_cilt-ciltli","8":"pa_tur-kitap","9":"pa_yayinevi-ephesus-yayinlari","10":"pa_yazar-mehtap-firat","12":"first","13":"instock","14":"sale","15":"shipping-taxable","16":"purchasable","17":"product-type-simple"},"_links":{"self":[{"href":"https:\/\/roveyayinevi.com.tr\/index.php\/wp-json\/wp\/v2\/product\/774832","targetHints":{"allow":["GET"]}}],"collection":[{"href":"https:\/\/roveyayinevi.com.tr\/index.php\/wp-json\/wp\/v2\/product"}],"about":[{"href":"https:\/\/roveyayinevi.com.tr\/index.php\/wp-json\/wp\/v2\/types\/product"}],"wp:attachment":[{"href":"https:\/\/roveyayinevi.com.tr\/index.php\/wp-json\/wp\/v2\/media?parent=774832"}],"wp:term":[{"taxonomy":"product_brand","embeddable":true,"href":"https:\/\/roveyayinevi.com.tr\/index.php\/wp-json\/wp\/v2\/product_brand?post=774832"},{"taxonomy":"product_cat","embeddable":true,"href":"https:\/\/roveyayinevi.com.tr\/index.php\/wp-json\/wp\/v2\/product_cat?post=774832"},{"taxonomy":"product_tag","embeddable":true,"href":"https:\/\/roveyayinevi.com.tr\/index.php\/wp-json\/wp\/v2\/product_tag?post=774832"}],"curies":[{"name":"wp","href":"https:\/\/api.w.org\/{rel}","templated":true}]}}