{"id":774827,"date":"2025-09-09T11:51:36","date_gmt":"2025-09-09T08:51:36","guid":{"rendered":"https:\/\/roveyayinevi.com.tr\/index.php\/urun\/psikanalize-giris-ruya\/"},"modified":"2026-04-16T02:23:41","modified_gmt":"2026-04-15T23:23:41","slug":"psikanalize-giris-ruya","status":"publish","type":"product","link":"https:\/\/roveyayinevi.com.tr\/index.php\/urun\/psikanalize-giris-ruya\/","title":{"rendered":"Psikanalize Giri\u015f &#8211; R\u00fcya"},"content":{"rendered":"<p>Psikanaliz kuram\u0131n\u0131n kurucusu Freud, Psikanalize Giri\u015f eserinin R\u00fcya adl\u0131 bu ikinci b\u00f6l\u00fcm\u00fcnde r\u00fcyalar\u0131n a\u00e7\u0131klanmas\u0131n\u0131n ve psikanalizde ele al\u0131nmas\u0131n\u0131n zorluklar\u0131ndan ba\u015flayarak bu konudaki kuramlar\u0131 ve yorumlama tekniklerini, i\u00e7eriklerini anlatmakla ba\u015fl\u0131yor. R\u00fcyadaki gizli d\u00fc\u015f\u00fcnceleri, simgeleri, eskil kal\u0131nt\u0131lar\u0131, yeti\u015fkin bebek sendromunu, \u00e7ocuk r\u00fcyalar\u0131n\u0131, r\u00fcyalar\u0131n g\u00f6ren ki\u015filerce sans\u00fcr edilmesini, r\u00fcya \u00f6rneklerinin analizlerini, bunlarla ilgili belirsizlikleri ve ele\u015ftirileri ele al\u0131yor.<\/p>\n","protected":false},"excerpt":{"rendered":"<p>Psikanaliz kuram\u0131n\u0131n kurucusu Freud, Psikanalize Giri\u015f eserinin R\u00fcya adl\u0131 bu ikinci b\u00f6l\u00fcm\u00fcnde r\u00fcyalar\u0131n a\u00e7\u0131klanmas\u0131n\u0131n ve psikanalizde ele al\u0131nmas\u0131n\u0131n zorluklar\u0131ndan ba\u015flayarak bu konudaki kuramlar\u0131 ve yorumlama tekniklerini,<span class=\"excerpt-hellip\"> [\u2026]<\/span><\/p>\n","protected":false},"featured_media":0,"template":"","meta":{"_monsterinsights_skip_tracking":false,"_monsterinsights_sitenote_active":false,"_monsterinsights_sitenote_note":"","_monsterinsights_sitenote_category":0},"product_brand":[],"product_cat":[12755,12357],"product_tag":[],"class_list":{"0":"post-774827","1":"product","2":"type-product","3":"status-publish","5":"product_cat-gelisim-psikolojisi","6":"product_cat-psikoloji","7":"pa_cilt-ciltsiz","8":"pa_tur-kitap","9":"pa_yayinevi-cem-yayinevi","10":"pa_yazar-sigmund-freud","12":"first","13":"instock","14":"sale","15":"shipping-taxable","16":"purchasable","17":"product-type-simple"},"_links":{"self":[{"href":"https:\/\/roveyayinevi.com.tr\/index.php\/wp-json\/wp\/v2\/product\/774827","targetHints":{"allow":["GET"]}}],"collection":[{"href":"https:\/\/roveyayinevi.com.tr\/index.php\/wp-json\/wp\/v2\/product"}],"about":[{"href":"https:\/\/roveyayinevi.com.tr\/index.php\/wp-json\/wp\/v2\/types\/product"}],"wp:attachment":[{"href":"https:\/\/roveyayinevi.com.tr\/index.php\/wp-json\/wp\/v2\/media?parent=774827"}],"wp:term":[{"taxonomy":"product_brand","embeddable":true,"href":"https:\/\/roveyayinevi.com.tr\/index.php\/wp-json\/wp\/v2\/product_brand?post=774827"},{"taxonomy":"product_cat","embeddable":true,"href":"https:\/\/roveyayinevi.com.tr\/index.php\/wp-json\/wp\/v2\/product_cat?post=774827"},{"taxonomy":"product_tag","embeddable":true,"href":"https:\/\/roveyayinevi.com.tr\/index.php\/wp-json\/wp\/v2\/product_tag?post=774827"}],"curies":[{"name":"wp","href":"https:\/\/api.w.org\/{rel}","templated":true}]}}