{"id":774817,"date":"2025-09-09T11:46:23","date_gmt":"2025-09-09T08:46:23","guid":{"rendered":"https:\/\/roveyayinevi.com.tr\/index.php\/urun\/fil-ozofun-bilim-gunlugu\/"},"modified":"2026-04-16T02:22:55","modified_gmt":"2026-04-15T23:22:55","slug":"fil-ozofun-bilim-gunlugu","status":"publish","type":"product","link":"https:\/\/roveyayinevi.com.tr\/index.php\/urun\/fil-ozofun-bilim-gunlugu\/","title":{"rendered":"Fil Ozof&#8217;un Bilim G\u00fcnl\u00fc\u011f\u00fc"},"content":{"rendered":"<p>Ormandaki laboratuvar\u0131nda akl\u0131na gelen her sorunun cevab\u0131n\u0131 arayan, hortumunda tuttu\u011fu b\u00fcy\u00fcte\u00e7le t\u00fcrl\u00fc t\u00fcrl\u00fc ke\u015fifler, ara\u015ft\u0131rmalar ve deneyler yapan Fil Ozof bir de b\u00fct\u00fcn bunlar\u0131 g\u00fcnl\u00fc\u011f\u00fcne yaz\u0131yor. Mesela midemiz ni\u00e7in kendini sindirmiyor? Kemiklerimiz demirden olsa nas\u0131l olurdu? Baca\u011f\u0131m\u0131 \u00e7arp\u0131nca niye morar\u0131yor? So\u011fan niye a\u011flat\u0131r? T\u0131rnaklar\u0131m niye uzuyor? G\u00f6bek deli\u011fim niye var? Niye ge\u011firiyorum? gibi sorular\u0131n cevaplar\u0131n\u0131 ara\u015ft\u0131ran Fil Ozof, her \u015feyi gayet bilimsel ve son derece komik bir \u015fekilde a\u00e7\u0131kl\u0131yor.\u0130stanbul \u00dcniversitesi Biyoloji B\u00f6l\u00fcm\u00fc \u00d6\u011fretim \u00dcyesi Dr. Fatih Dikmen taraf\u0131ndan kaleme al\u0131nan Fil Ozof\u2019un Bilim G\u00fcnl\u00fc\u011f\u00fc, \u00e7ocuklara bilimin ne kadar e\u011flenceli oldu\u011funu ve etraf\u0131m\u0131zdaki b\u00fct\u00fcn ayr\u0131nt\u0131lar\u0131n i\u00e7inde ilgin\u00e7 ger\u00e7ekler sakl\u0131 oldu\u011funu anlatmak amac\u0131yla haz\u0131rland\u0131. Komik karikat\u00fcrleri, mizah\u00ee \u00fcslubu ve g\u00fcnl\u00fck \u015feklindeki tasar\u0131m\u0131yla g\u00fcnl\u00fck hayat\u0131n bilimini i\u015fleyen Fil Ozof\u2019un Bilim G\u00fcnl\u00fc\u011f\u00fc, kitap boyunca 50 bilimsel soruya cevap vermenin yan\u0131 s\u0131ra bilimsel ger\u00e7ekleri ispatlayan evde yap\u0131labilecek 10 tane de deney anlat\u0131yor.<\/p>\n","protected":false},"excerpt":{"rendered":"<p>Ormandaki laboratuvar\u0131nda akl\u0131na gelen her sorunun cevab\u0131n\u0131 arayan, hortumunda tuttu\u011fu b\u00fcy\u00fcte\u00e7le t\u00fcrl\u00fc t\u00fcrl\u00fc ke\u015fifler, ara\u015ft\u0131rmalar ve deneyler yapan Fil Ozof bir de b\u00fct\u00fcn bunlar\u0131 g\u00fcnl\u00fc\u011f\u00fcne yaz\u0131yor.<span class=\"excerpt-hellip\"> [\u2026]<\/span><\/p>\n","protected":false},"featured_media":0,"template":"","meta":{"_monsterinsights_skip_tracking":false,"_monsterinsights_sitenote_active":false,"_monsterinsights_sitenote_note":"","_monsterinsights_sitenote_category":0},"product_brand":[],"product_cat":[13829,12274],"product_tag":[],"class_list":{"0":"post-774817","1":"product","2":"type-product","3":"status-publish","5":"product_cat-bilimsel-kitaplar","6":"product_cat-cocuk-ve-genclik-kitaplari","7":"pa_cilt-ciltsiz","8":"pa_tur-kitap","9":"pa_yayinevi-taze-kitap","10":"pa_yazar-fatih-dikmen","12":"first","13":"instock","14":"sale","15":"shipping-taxable","16":"purchasable","17":"product-type-simple"},"_links":{"self":[{"href":"https:\/\/roveyayinevi.com.tr\/index.php\/wp-json\/wp\/v2\/product\/774817","targetHints":{"allow":["GET"]}}],"collection":[{"href":"https:\/\/roveyayinevi.com.tr\/index.php\/wp-json\/wp\/v2\/product"}],"about":[{"href":"https:\/\/roveyayinevi.com.tr\/index.php\/wp-json\/wp\/v2\/types\/product"}],"wp:attachment":[{"href":"https:\/\/roveyayinevi.com.tr\/index.php\/wp-json\/wp\/v2\/media?parent=774817"}],"wp:term":[{"taxonomy":"product_brand","embeddable":true,"href":"https:\/\/roveyayinevi.com.tr\/index.php\/wp-json\/wp\/v2\/product_brand?post=774817"},{"taxonomy":"product_cat","embeddable":true,"href":"https:\/\/roveyayinevi.com.tr\/index.php\/wp-json\/wp\/v2\/product_cat?post=774817"},{"taxonomy":"product_tag","embeddable":true,"href":"https:\/\/roveyayinevi.com.tr\/index.php\/wp-json\/wp\/v2\/product_tag?post=774817"}],"curies":[{"name":"wp","href":"https:\/\/api.w.org\/{rel}","templated":true}]}}