{"id":774792,"date":"2025-09-09T11:29:58","date_gmt":"2025-09-09T08:29:58","guid":{"rendered":"https:\/\/roveyayinevi.com.tr\/index.php\/urun\/mirmirin-sihirli-biyiklari\/"},"modified":"2026-04-16T02:20:56","modified_gmt":"2026-04-15T23:20:56","slug":"mirmirin-sihirli-biyiklari","status":"publish","type":"product","link":"https:\/\/roveyayinevi.com.tr\/index.php\/urun\/mirmirin-sihirli-biyiklari\/","title":{"rendered":"M\u0131rm\u0131r\u2019\u0131n Sihirli B\u0131y\u0131klar\u0131"},"content":{"rendered":"<p>M\u0131rm\u0131r\u2019\u0131n Sihirli B\u0131y\u0131klar\u0131 Nil\u00fc ne zaman bir \u015fey istese cevap hep ayn\u0131 oluyordu. \u201cArkada\u015flar\u0131m ak\u015fam bizde kalabilir mi?\u201d \u201cHay\u0131r.\u201d \u201cBir maymunum olabilir mi?\u201d \u201cHay\u0131r!\u201d \u201cSenin odanda oynayabilir miyim Sarp?\u201d \u201cHAYIR! KES\u0130NL\u0130KLE HAYIR! ASLA!\u201d \u201cAma bu haks\u0131zl\u0131k! Ne istesem herkes hep hay\u0131r diyor\u2026\u201d \u201cH\u0131mm\u2026 Demek \u00f6yle\u2026 M\u0131rrrr\u2026 Belki ben sana yard\u0131m edebilirim,\u201d dedi m\u0131r\u0131lt\u0131l\u0131 bir ses. Nil\u00fc merakla bakt\u0131. Duvar\u0131n \u00fcst\u00fcnde bir kedi oturuyordu.  Do\u011fru d\u00fc\u015f\u00fcnme ve do\u011fru karar verme \u00fczerine harika bir hik\u00e2ye!   Serinin Di\u011fer Kitaplar\u0131;   Safari Park\u2019ta Dev Pancar \u00c7\u0131lg\u0131nl\u0131\u011f\u0131 Hokus Pokus Diplodokus Siyah Beyazl\u0131lar Kul\u00fcb\u00fc Ta\u015f Devri Modas\u0131 Alt\u0131n Y\u0131ld\u0131z Yar\u0131\u015fmas\u0131 D\u00fcnyan\u0131n En Tembel At\u0131: R\u00fczgar Yeni K\u00fct\u00fcphaneci <\/p>\n","protected":false},"excerpt":{"rendered":"<p>M\u0131rm\u0131r\u2019\u0131n Sihirli B\u0131y\u0131klar\u0131 Nil\u00fc ne zaman bir \u015fey istese cevap hep ayn\u0131 oluyordu. \u201cArkada\u015flar\u0131m ak\u015fam bizde kalabilir mi?\u201d \u201cHay\u0131r.\u201d \u201cBir maymunum olabilir mi?\u201d \u201cHay\u0131r!\u201d \u201cSenin odanda<span class=\"excerpt-hellip\"> [\u2026]<\/span><\/p>\n","protected":false},"featured_media":0,"template":"","meta":{"_monsterinsights_skip_tracking":false,"_monsterinsights_sitenote_active":false,"_monsterinsights_sitenote_note":"","_monsterinsights_sitenote_category":0},"product_brand":[],"product_cat":[12913,12274],"product_tag":[],"class_list":{"0":"post-774792","1":"product","2":"type-product","3":"status-publish","5":"product_cat-3-6-yas-kitaplari","6":"product_cat-cocuk-ve-genclik-kitaplari","7":"pa_cilt-ciltsiz","8":"pa_tur-kitap","9":"pa_yayinevi-indigo-cocuk","10":"pa_yazar-heather-pindax","12":"first","13":"instock","14":"sale","15":"shipping-taxable","16":"purchasable","17":"product-type-simple"},"_links":{"self":[{"href":"https:\/\/roveyayinevi.com.tr\/index.php\/wp-json\/wp\/v2\/product\/774792","targetHints":{"allow":["GET"]}}],"collection":[{"href":"https:\/\/roveyayinevi.com.tr\/index.php\/wp-json\/wp\/v2\/product"}],"about":[{"href":"https:\/\/roveyayinevi.com.tr\/index.php\/wp-json\/wp\/v2\/types\/product"}],"wp:attachment":[{"href":"https:\/\/roveyayinevi.com.tr\/index.php\/wp-json\/wp\/v2\/media?parent=774792"}],"wp:term":[{"taxonomy":"product_brand","embeddable":true,"href":"https:\/\/roveyayinevi.com.tr\/index.php\/wp-json\/wp\/v2\/product_brand?post=774792"},{"taxonomy":"product_cat","embeddable":true,"href":"https:\/\/roveyayinevi.com.tr\/index.php\/wp-json\/wp\/v2\/product_cat?post=774792"},{"taxonomy":"product_tag","embeddable":true,"href":"https:\/\/roveyayinevi.com.tr\/index.php\/wp-json\/wp\/v2\/product_tag?post=774792"}],"curies":[{"name":"wp","href":"https:\/\/api.w.org\/{rel}","templated":true}]}}