{"id":774790,"date":"2025-09-09T11:28:23","date_gmt":"2025-09-09T08:28:23","guid":{"rendered":"https:\/\/roveyayinevi.com.tr\/index.php\/urun\/cikolata-kalpli-ejderha\/"},"modified":"2026-02-03T02:32:44","modified_gmt":"2026-02-02T23:32:44","slug":"cikolata-kalpli-ejderha","status":"publish","type":"product","link":"https:\/\/roveyayinevi.com.tr\/index.php\/urun\/cikolata-kalpli-ejderha\/","title":{"rendered":"\u00c7ikolata Kalpl\u0131 Ejderha"},"content":{"rendered":"<p>Aventurine da\u011flar\u0131n en tehlikeli ejderhas\u0131d\u0131r. Ama b\u00f6ylesine tehlikeli bir ejderha b\u00fcy\u00fcl\u00fc bir bardak s\u0131cak \u00e7ikolata i\u00e7mek i\u00e7in kand\u0131r\u0131l\u0131rsa ne olur? K\u00fc\u00e7\u00fck bir k\u0131z m\u0131? Ejderhalar ve k\u00fc\u00e7\u00fck kahramanlar i\u00e7in \u00e7ikolata kokulu b\u00fcy\u00fcl\u00fc bir hik\u00e2ye. \u201cBir elinize s\u0131cak \u00e7ikolatan\u0131z\u0131 al\u0131p keyifle okuyaca\u011f\u0131n\u0131z harika bir hik\u00e2ye.\u201d \u2014Kirkus Reviews <\/p>\n","protected":false},"excerpt":{"rendered":"<p>Aventurine da\u011flar\u0131n en tehlikeli ejderhas\u0131d\u0131r. Ama b\u00f6ylesine tehlikeli bir ejderha b\u00fcy\u00fcl\u00fc bir bardak s\u0131cak \u00e7ikolata i\u00e7mek i\u00e7in kand\u0131r\u0131l\u0131rsa ne olur? K\u00fc\u00e7\u00fck bir k\u0131z m\u0131? Ejderhalar ve<span class=\"excerpt-hellip\"> [\u2026]<\/span><\/p>\n","protected":false},"featured_media":0,"template":"","meta":{"_monsterinsights_skip_tracking":false,"_monsterinsights_sitenote_active":false,"_monsterinsights_sitenote_note":"","_monsterinsights_sitenote_category":0},"product_brand":[],"product_cat":[12274,12284],"product_tag":[],"class_list":{"0":"post-774790","1":"product","2":"type-product","3":"status-publish","5":"product_cat-cocuk-ve-genclik-kitaplari","6":"product_cat-hikayeler","7":"pa_cilt-ciltsiz","8":"pa_tur-kitap","9":"pa_yayinevi-marti-yayinlari","10":"pa_yazar-stephanie-burgis","12":"first","13":"instock","14":"sale","15":"shipping-taxable","16":"purchasable","17":"product-type-simple"},"_links":{"self":[{"href":"https:\/\/roveyayinevi.com.tr\/index.php\/wp-json\/wp\/v2\/product\/774790","targetHints":{"allow":["GET"]}}],"collection":[{"href":"https:\/\/roveyayinevi.com.tr\/index.php\/wp-json\/wp\/v2\/product"}],"about":[{"href":"https:\/\/roveyayinevi.com.tr\/index.php\/wp-json\/wp\/v2\/types\/product"}],"wp:attachment":[{"href":"https:\/\/roveyayinevi.com.tr\/index.php\/wp-json\/wp\/v2\/media?parent=774790"}],"wp:term":[{"taxonomy":"product_brand","embeddable":true,"href":"https:\/\/roveyayinevi.com.tr\/index.php\/wp-json\/wp\/v2\/product_brand?post=774790"},{"taxonomy":"product_cat","embeddable":true,"href":"https:\/\/roveyayinevi.com.tr\/index.php\/wp-json\/wp\/v2\/product_cat?post=774790"},{"taxonomy":"product_tag","embeddable":true,"href":"https:\/\/roveyayinevi.com.tr\/index.php\/wp-json\/wp\/v2\/product_tag?post=774790"}],"curies":[{"name":"wp","href":"https:\/\/api.w.org\/{rel}","templated":true}]}}