{"id":774789,"date":"2025-09-09T11:28:21","date_gmt":"2025-09-09T08:28:21","guid":{"rendered":"https:\/\/roveyayinevi.com.tr\/index.php\/urun\/yarisi-yavaslar-kazanir\/"},"modified":"2026-04-16T02:20:38","modified_gmt":"2026-04-15T23:20:38","slug":"yarisi-yavaslar-kazanir","status":"publish","type":"product","link":"https:\/\/roveyayinevi.com.tr\/index.php\/urun\/yarisi-yavaslar-kazanir\/","title":{"rendered":"Yar\u0131\u015f\u0131 Yava\u015flar Kazan\u0131r"},"content":{"rendered":"<p>R\u00fczg\u00e2r\u0131 olan bir \u00e7ocuk oyunca\u011f\u0131 ne yaps\u0131n\u2026 Orman\u0131 olan bir \u00e7ocuk plastik a\u011fa\u00e7lar\u0131 ne yaps\u0131n\u2026 Oyunca\u011f\u0131 bulutlar olan bir \u00e7ocuk bilgisayar oyununu ne yaps\u0131n\u2026 K\u00e2inat\u0131 seyreden bir \u00e7ocuk televizyonu ne yaps\u0131n\u2026   \u00c7ocuklar\u0131m\u0131z\u0131n \u2018bi tane daha\u2019 hastal\u0131\u011f\u0131na tutuldu\u011fu bir \u00e7a\u011fda, onlara sahip olduklar\u0131 de\u011ferleri hat\u0131rlatan ve bu de\u011ferlerle mutlu olmay\u0131 \u00f6\u011freten bir kavram: \u201cTefekk\u00fcr\u201d Allah\u2019\u0131 Arayan \u00c7ocuk kitab\u0131n\u0131n yazar\u0131 Hatice K\u00fcbra Tongar; g\u00fcne\u015fe, aya, y\u0131ld\u0131zlara bak\u0131p Rabbini bulmaya \u00e7al\u0131\u015fan \u0130brahim Peygamberin \u2018tefekk\u00fcr\u2019 miras\u0131n\u0131 \u00e7ocuklara anlat\u0131yor. Yava\u015fl\u0131k, ya\u015fam, \u00f6l\u00fcm, anda olmak, elindekiyle mutlu olmak gibi kavramlar\u0131 \u2018masal tad\u0131nda\u2019 evlatlar\u0131m\u0131z\u0131n y\u00fcre\u011fine sunuyor. Anne-babalar i\u00e7inse, \u00e7ocuklar\u0131n\u0131n tefekk\u00fcr g\u00f6zl\u00fc\u011f\u00fcn\u00fc besleyecek pedagojik ipu\u00e7lar\u0131 ve oyunlar \u00f6neriyor. Bu kitapla birlikte, bizlere de elimizdeki \u201c3\u2019\u00fc bir arada\u201d i\u00e7ece\u011fini yudumlamak kal\u0131yor; OKU, \u00d6\u011eREN, OYNA! <\/p>\n","protected":false},"excerpt":{"rendered":"<p>R\u00fczg\u00e2r\u0131 olan bir \u00e7ocuk oyunca\u011f\u0131 ne yaps\u0131n\u2026 Orman\u0131 olan bir \u00e7ocuk plastik a\u011fa\u00e7lar\u0131 ne yaps\u0131n\u2026 Oyunca\u011f\u0131 bulutlar olan bir \u00e7ocuk bilgisayar oyununu ne yaps\u0131n\u2026 K\u00e2inat\u0131 seyreden<span class=\"excerpt-hellip\"> [\u2026]<\/span><\/p>\n","protected":false},"featured_media":0,"template":"","meta":{"_monsterinsights_skip_tracking":false,"_monsterinsights_sitenote_active":false,"_monsterinsights_sitenote_note":"","_monsterinsights_sitenote_category":0},"product_brand":[],"product_cat":[12274,12518],"product_tag":[],"class_list":{"0":"post-774789","1":"product","2":"type-product","3":"status-publish","5":"product_cat-cocuk-ve-genclik-kitaplari","6":"product_cat-okul-oncesi-kitaplar","7":"pa_cilt-ciltli","8":"pa_tur-kitap","9":"pa_yayinevi-hayykitap","10":"pa_yazar-hatice-kubra-tongar","12":"first","13":"instock","14":"sale","15":"shipping-taxable","16":"purchasable","17":"product-type-simple"},"_links":{"self":[{"href":"https:\/\/roveyayinevi.com.tr\/index.php\/wp-json\/wp\/v2\/product\/774789","targetHints":{"allow":["GET"]}}],"collection":[{"href":"https:\/\/roveyayinevi.com.tr\/index.php\/wp-json\/wp\/v2\/product"}],"about":[{"href":"https:\/\/roveyayinevi.com.tr\/index.php\/wp-json\/wp\/v2\/types\/product"}],"wp:attachment":[{"href":"https:\/\/roveyayinevi.com.tr\/index.php\/wp-json\/wp\/v2\/media?parent=774789"}],"wp:term":[{"taxonomy":"product_brand","embeddable":true,"href":"https:\/\/roveyayinevi.com.tr\/index.php\/wp-json\/wp\/v2\/product_brand?post=774789"},{"taxonomy":"product_cat","embeddable":true,"href":"https:\/\/roveyayinevi.com.tr\/index.php\/wp-json\/wp\/v2\/product_cat?post=774789"},{"taxonomy":"product_tag","embeddable":true,"href":"https:\/\/roveyayinevi.com.tr\/index.php\/wp-json\/wp\/v2\/product_tag?post=774789"}],"curies":[{"name":"wp","href":"https:\/\/api.w.org\/{rel}","templated":true}]}}