{"id":774787,"date":"2025-09-09T11:26:58","date_gmt":"2025-09-09T08:26:58","guid":{"rendered":"https:\/\/roveyayinevi.com.tr\/index.php\/urun\/cianin-muteber-adami\/"},"modified":"2025-09-09T11:26:58","modified_gmt":"2025-09-09T08:26:58","slug":"cianin-muteber-adami","status":"publish","type":"product","link":"https:\/\/roveyayinevi.com.tr\/index.php\/urun\/cianin-muteber-adami\/","title":{"rendered":"CIA&#8217;n\u0131n Muteber Adam\u0131"},"content":{"rendered":"<p>Y\u0131lmaz Polat, titizlikle kaleme al\u0131nm\u0131\u015f bu \u00e7al\u0131\u015fmas\u0131nda, T\u00fcrkiye siyasetinin yeniden tasarland\u0131\u011f\u0131 CIA laboratuvarlar\u0131nda, \u0130slamc\u0131 siyasetin ve laik T\u00fcrkiye kar\u015f\u0131t\u0131 anlay\u0131\u015f\u0131n nas\u0131l kullan\u0131ld\u0131\u011f\u0131n\u0131, bir vir\u00fcs gibi \u00fclkemize nas\u0131l sal\u0131nd\u0131\u011f\u0131n\u0131, ba\u015fta F ethullah G\u00fclen olmak \u00fczere bu siyasetin akt\u00f6rleri \u00fczerinden ele al\u0131yor ve \u00fclkemiz \u00fczerine oynan bu y\u0131k\u0131c\u0131 oyunu, \u00e7arp\u0131c\u0131 ger\u00e7eklerle okura sunuyor. \u201cY\u0131lmaz Polat&#8217;\u0131n kitab\u0131nda kan\u0131tlad\u0131\u011f\u0131na g\u00f6re, Graham Fuller&#8217;in \u0131l\u0131ml\u0131 \u0130slam&#8217;\u0131 1923 Cumhuriyeti&#8217;ne, Cumhuriyet laikli\u011fine, Mustafa Kemal&#8217;e, Atat\u00fcrk&#8217;e, ba\u011f\u0131ms\u0131z T\u00fcrkiye&#8217;ye, T\u00fcrkiye&#8217;nin \u00fcniter devletine, Kemalizm&#8217;e kar\u015f\u0131d\u0131r.\u201d \u00d6zdemir \u0130nce \ufffcTan\u0131t\u0131m Metni<\/p>\n","protected":false},"excerpt":{"rendered":"<p>Y\u0131lmaz Polat, titizlikle kaleme al\u0131nm\u0131\u015f bu \u00e7al\u0131\u015fmas\u0131nda, T\u00fcrkiye siyasetinin yeniden tasarland\u0131\u011f\u0131 CIA laboratuvarlar\u0131nda, \u0130slamc\u0131 siyasetin ve laik T\u00fcrkiye kar\u015f\u0131t\u0131 anlay\u0131\u015f\u0131n nas\u0131l kullan\u0131ld\u0131\u011f\u0131n\u0131, bir vir\u00fcs gibi \u00fclkemize<span class=\"excerpt-hellip\"> [\u2026]<\/span><\/p>\n","protected":false},"featured_media":0,"template":"","meta":{"_monsterinsights_skip_tracking":false,"_monsterinsights_sitenote_active":false,"_monsterinsights_sitenote_note":"","_monsterinsights_sitenote_category":0},"product_brand":[],"product_cat":[12370,12304],"product_tag":[],"class_list":{"0":"post-774787","1":"product","2":"type-product","3":"status-publish","5":"product_cat-arastirma-inceleme","6":"product_cat-tarih","7":"pa_cilt-ciltsiz","8":"pa_tur-kitap","9":"pa_yayinevi-telgrafhane-yayinlari","10":"pa_yazar-yilmaz-polat","12":"first","13":"instock","14":"sale","15":"shipping-taxable","16":"purchasable","17":"product-type-simple"},"_links":{"self":[{"href":"https:\/\/roveyayinevi.com.tr\/index.php\/wp-json\/wp\/v2\/product\/774787","targetHints":{"allow":["GET"]}}],"collection":[{"href":"https:\/\/roveyayinevi.com.tr\/index.php\/wp-json\/wp\/v2\/product"}],"about":[{"href":"https:\/\/roveyayinevi.com.tr\/index.php\/wp-json\/wp\/v2\/types\/product"}],"wp:attachment":[{"href":"https:\/\/roveyayinevi.com.tr\/index.php\/wp-json\/wp\/v2\/media?parent=774787"}],"wp:term":[{"taxonomy":"product_brand","embeddable":true,"href":"https:\/\/roveyayinevi.com.tr\/index.php\/wp-json\/wp\/v2\/product_brand?post=774787"},{"taxonomy":"product_cat","embeddable":true,"href":"https:\/\/roveyayinevi.com.tr\/index.php\/wp-json\/wp\/v2\/product_cat?post=774787"},{"taxonomy":"product_tag","embeddable":true,"href":"https:\/\/roveyayinevi.com.tr\/index.php\/wp-json\/wp\/v2\/product_tag?post=774787"}],"curies":[{"name":"wp","href":"https:\/\/api.w.org\/{rel}","templated":true}]}}