{"id":774785,"date":"2025-09-09T11:23:43","date_gmt":"2025-09-09T08:23:43","guid":{"rendered":"https:\/\/roveyayinevi.com.tr\/index.php\/urun\/hepimiz-mucizeyiz-ciltli\/"},"modified":"2025-09-09T11:23:43","modified_gmt":"2025-09-09T08:23:43","slug":"hepimiz-mucizeyiz-ciltli","status":"publish","type":"product","link":"https:\/\/roveyayinevi.com.tr\/index.php\/urun\/hepimiz-mucizeyiz-ciltli\/","title":{"rendered":"Hepimiz Mucizeyiz (Ciltli)"},"content":{"rendered":"<p>G\u00f6r\u00fcn\u00fc\u015f\u00fcm\u00fc de\u011fi\u015ftiremeyece\u011fimi biliyorum. Ama belki, sadece belki\u2026 \u0130nsanlar\u0131n bana bak\u0131\u015f\u0131n\u0131 de\u011fi\u015ftirebilirim. AUGGIE SIRADAN B\u0130R \u00c7OCUK OLMADI\u011eINI B\u0130L\u0130YOR. Bir s\u00fcr\u00fc s\u0131radan \u015fey yap\u0131yor. S\u0131radan hissediyor. Sadece s\u0131radan g\u00f6r\u00fcnm\u00fcyor. S\u0131rad\u0131\u015f\u0131 bir y\u00fcze sahip s\u0131radan \u00e7ocuk olarak b\u00fcy\u00fcmek hi\u00e7 kolay de\u011fil ama Auggie bir mucize. O ve sad\u0131k dostu Papatya top oynuyor, dondurma yiyor ve g\u00fcnlerini hayal g\u00fc\u00e7lerinin yard\u0131m\u0131yla dolu dolu ge\u00e7iriyorlar. Yaln\u0131zca Auggie\u2019nin farkl\u0131 olmad\u0131\u011f\u0131n\u0131 biliyorlar. Asl\u0131nda herkes farkl\u0131 ve hepimiz mucizeyiz. Tek yapmam\u0131z gereken, bunu g\u00f6rmek. Uluslararas\u0131 \u00e7oksatan Mucize\u2019nin sevilen karakteriyle yazar ve \u00e7izer R. J. Palacio her \u00e7ocu\u011fun kendini ya\u015fad\u0131\u011f\u0131 topluma ait hissetme ve oldu\u011fu gibi kabul edilebilme \u00f6zlemine de\u011finiyor\u2026 R. J. PALACIO t\u00fcm d\u00fcnyada be\u015f milyondan fazla satm\u0131\u015f, elliye yak\u0131n dile \u00e7evrilen #1 The New York Times \u00e7oksatan\u0131 Mucize\u2019nin yazar\u0131d\u0131r. S\u0131rad\u0131\u015f\u0131 y\u00fcze sahip s\u0131radan \u00e7ocuk Auggie Pullman\u2019\u0131n hik\u00e2yesi aralar\u0131nda E. B. White Read Aloud \u00d6d\u00fcl\u00fc\u2019n\u00fcn de bulundu\u011fu yirmiden fazla eyalet \u00f6d\u00fcl\u00fc kazanm\u0131\u015f, Carnegie Medal finalisti olmu\u015ftur. Beyazperdeye de uyarlanan Mucize\u2019nin nezaket ve ho\u015fg\u00f6r\u00fc mesaj\u0131 ge\u00e7ti\u011fimiz y\u0131llarda \u00fclke \u00e7ap\u0131nda okullarda etki g\u00f6steren \u201cNazik Olmay\u0131 Se\u00e7\u201d hareketinin \u00f6nc\u00fcs\u00fc oldu. R. J. Hepimiz Mucizeyiz\u2019in yan\u0131 s\u0131ra Mucize ve Ben: \u00dc\u00e7 Mucizevi Hik\u00e2ye ve 365 G\u00fcn Mucize: \u00d6\u011freti Kitab\u0131\u2019n\u0131n yazar\u0131d\u0131r. Sihirli su kuleleri, kocas\u0131, iki o\u011flu ve Bear ile Beau adl\u0131 iki k\u00f6pe\u011fiyle Br ooklyn\u2019de ya\u015famaktad\u0131r. <\/p>\n","protected":false},"excerpt":{"rendered":"<p>G\u00f6r\u00fcn\u00fc\u015f\u00fcm\u00fc de\u011fi\u015ftiremeyece\u011fimi biliyorum. Ama belki, sadece belki\u2026 \u0130nsanlar\u0131n bana bak\u0131\u015f\u0131n\u0131 de\u011fi\u015ftirebilirim. AUGGIE SIRADAN B\u0130R \u00c7OCUK OLMADI\u011eINI B\u0130L\u0130YOR. Bir s\u00fcr\u00fc s\u0131radan \u015fey yap\u0131yor. S\u0131radan hissediyor. Sadece s\u0131radan<span class=\"excerpt-hellip\"> [\u2026]<\/span><\/p>\n","protected":false},"featured_media":0,"template":"","meta":{"_monsterinsights_skip_tracking":false,"_monsterinsights_sitenote_active":false,"_monsterinsights_sitenote_note":"","_monsterinsights_sitenote_category":0},"product_brand":[],"product_cat":[12275,12274],"product_tag":[],"class_list":{"0":"post-774785","1":"product","2":"type-product","3":"status-publish","5":"product_cat-6-12-yas-kitaplari","6":"product_cat-cocuk-ve-genclik-kitaplari","7":"pa_cilt-ciltli","8":"pa_tur-kitap","9":"pa_yayinevi-pegasus-yayinlari","10":"pa_yazar-r-j-palacio","12":"first","13":"instock","14":"sale","15":"shipping-taxable","16":"purchasable","17":"product-type-simple"},"_links":{"self":[{"href":"https:\/\/roveyayinevi.com.tr\/index.php\/wp-json\/wp\/v2\/product\/774785","targetHints":{"allow":["GET"]}}],"collection":[{"href":"https:\/\/roveyayinevi.com.tr\/index.php\/wp-json\/wp\/v2\/product"}],"about":[{"href":"https:\/\/roveyayinevi.com.tr\/index.php\/wp-json\/wp\/v2\/types\/product"}],"wp:attachment":[{"href":"https:\/\/roveyayinevi.com.tr\/index.php\/wp-json\/wp\/v2\/media?parent=774785"}],"wp:term":[{"taxonomy":"product_brand","embeddable":true,"href":"https:\/\/roveyayinevi.com.tr\/index.php\/wp-json\/wp\/v2\/product_brand?post=774785"},{"taxonomy":"product_cat","embeddable":true,"href":"https:\/\/roveyayinevi.com.tr\/index.php\/wp-json\/wp\/v2\/product_cat?post=774785"},{"taxonomy":"product_tag","embeddable":true,"href":"https:\/\/roveyayinevi.com.tr\/index.php\/wp-json\/wp\/v2\/product_tag?post=774785"}],"curies":[{"name":"wp","href":"https:\/\/api.w.org\/{rel}","templated":true}]}}