{"id":774780,"date":"2025-09-09T11:17:54","date_gmt":"2025-09-09T08:17:54","guid":{"rendered":"https:\/\/roveyayinevi.com.tr\/index.php\/urun\/turlerin-kokeni-4\/"},"modified":"2026-02-03T02:30:37","modified_gmt":"2026-02-02T23:30:37","slug":"turlerin-kokeni-4","status":"publish","type":"product","link":"https:\/\/roveyayinevi.com.tr\/index.php\/urun\/turlerin-kokeni-4\/","title":{"rendered":"T\u00fcrlerin K\u00f6keni"},"content":{"rendered":"<p>\u0130lk bas\u0131m\u0131 1859\u2019da Londra\u2019da yay\u0131mlanan T\u00fcrlerin K\u00f6keni, d\u00fcnyam\u0131z\u0131n bilim ve k\u00fclt\u00fcr tarihini de\u011fi\u015ftiren kitaplar\u0131n ba\u015f\u0131nda gelir. Darwin\u2019in 20 y\u0131ll\u0131k ara\u015ft\u0131rmas\u0131 sonucu ortaya \u00e7\u0131kan ve evrimin mekanizmalar\u0131n\u0131 a\u00e7\u0131klayan T\u00fcrlerin K\u00f6keni sadece biyoloji bilimlerinin de\u011fil, ayn\u0131 zamanda t\u00fcm do\u011fa bilimlerine ve edebiyattan felsefeye t\u00fcm insanl\u0131k k\u00fclt\u00fcr\u00fcne yeni bir bak\u0131\u015f kazand\u0131rarak, insan\u0131n d\u00fcnyay\u0131 anlama maceras\u0131nda bir d\u00f6n\u00fcm noktas\u0131 oldu. T\u00fcrlerin K\u00f6keni\u2019nin bu \u00e7evirisi, Darwin\u2019in ilk bask\u0131s\u0131ndaki birka\u00e7 k\u00fc\u00e7\u00fck dizgi hatas\u0131n\u0131 d\u00fczeltti\u011fi ikinci bask\u0131dan yap\u0131ld\u0131. \u201cZaman i\u00e7inde Darwinci devrim, d\u00fcnya \u00fczerindeki her e\u011fitimli insan\u0131n akl\u0131nda ve kalbinde emin ve rahat bir \u015fekilde yerini alacakt\u0131r, fakat bug\u00fcn, Darwin\u2019in \u00f6l\u00fcm\u00fcn\u00fcn \u00fczerinden bir as\u0131rdan fazla zaman ge\u00e7mesine ra\u011fmen, h\u00e2l\u00e2 onun parmak \u0131s\u0131rtan \u00e7\u0131kar\u0131mlarla dolu ifadelerini tam olarak hazmedebilmi\u015f de\u011filiz.\u201dDaniel Dennett, Darwin\u2019in Tehlikeli Fikri\u201cDarwinci kuram yaln\u0131zca \u00fcst\u00fcn bir a\u00e7\u0131klama g\u00fcc\u00fcne sahip olmakla kalmaz; a\u00e7\u0131klamas\u0131ndaki ekonomikli\u011fin g\u00fc\u00e7 dolu bir zarafeti, d\u00fcnyan\u0131n en unutulmaz ba\u015flang\u0131\u00e7 mitlerine bile \u00fcst\u00fcn gelecek \u015fiirsel bir g\u00fczelli\u011fi vard\u0131r.\u201dRichard Dawkins, Cennetten Akan Irmak\u201cHi\u00e7bir bilimsel devrim daha \u00f6nceki al\u0131\u015fkanl\u0131klar\u0131m\u0131z\u0131 ve kanaatlerimizi de\u011fi\u015ftirmek a\u00e7\u0131s\u0131ndan Darwin\u2019in bulu\u015fuyla kar\u015f\u0131la\u015ft\u0131r\u0131lamaz\u2026 Darwinci evrim \u00e7ok derin bir bi\u00e7imde, kendi varl\u0131\u011f\u0131m\u0131z ve \u00f6z\u00fcm\u00fcze ili\u015fkin alg\u0131lar\u0131m\u0131zda ve bilimin i\u015faret etti\u011fi benzer sorular konusunda da bir devrim yaratm\u0131\u015ft\u0131r: Biz kimiz? Buraya nas\u0131l geldik? Di\u011fer yarat\u0131klarla ili\u015fkimiz nedir?\u201dCarl Zimmer, Evrim: Bir Fikrin Ba\u015far\u0131s\u0131<\/p>\n","protected":false},"excerpt":{"rendered":"<p>\u0130lk bas\u0131m\u0131 1859\u2019da Londra\u2019da yay\u0131mlanan T\u00fcrlerin K\u00f6keni, d\u00fcnyam\u0131z\u0131n bilim ve k\u00fclt\u00fcr tarihini de\u011fi\u015ftiren kitaplar\u0131n ba\u015f\u0131nda gelir. Darwin\u2019in 20 y\u0131ll\u0131k ara\u015ft\u0131rmas\u0131 sonucu ortaya \u00e7\u0131kan ve evrimin mekanizmalar\u0131n\u0131<span class=\"excerpt-hellip\"> [\u2026]<\/span><\/p>\n","protected":false},"featured_media":0,"template":"","meta":{"_monsterinsights_skip_tracking":false,"_monsterinsights_sitenote_active":false,"_monsterinsights_sitenote_note":"","_monsterinsights_sitenote_category":0},"product_brand":[],"product_cat":[13005,13006],"product_tag":[],"class_list":{"0":"post-774780","1":"product","2":"type-product","3":"status-publish","5":"product_cat-bilim-muhendislik","6":"product_cat-populer-bilim","7":"pa_cilt-ciltsiz","8":"pa_tur-kitap","9":"pa_yayinevi-alfa-yayinlari","10":"pa_yazar-charles-darwin","12":"first","13":"instock","14":"sale","15":"shipping-taxable","16":"purchasable","17":"product-type-simple"},"_links":{"self":[{"href":"https:\/\/roveyayinevi.com.tr\/index.php\/wp-json\/wp\/v2\/product\/774780","targetHints":{"allow":["GET"]}}],"collection":[{"href":"https:\/\/roveyayinevi.com.tr\/index.php\/wp-json\/wp\/v2\/product"}],"about":[{"href":"https:\/\/roveyayinevi.com.tr\/index.php\/wp-json\/wp\/v2\/types\/product"}],"wp:attachment":[{"href":"https:\/\/roveyayinevi.com.tr\/index.php\/wp-json\/wp\/v2\/media?parent=774780"}],"wp:term":[{"taxonomy":"product_brand","embeddable":true,"href":"https:\/\/roveyayinevi.com.tr\/index.php\/wp-json\/wp\/v2\/product_brand?post=774780"},{"taxonomy":"product_cat","embeddable":true,"href":"https:\/\/roveyayinevi.com.tr\/index.php\/wp-json\/wp\/v2\/product_cat?post=774780"},{"taxonomy":"product_tag","embeddable":true,"href":"https:\/\/roveyayinevi.com.tr\/index.php\/wp-json\/wp\/v2\/product_tag?post=774780"}],"curies":[{"name":"wp","href":"https:\/\/api.w.org\/{rel}","templated":true}]}}