{"id":774773,"date":"2025-09-09T11:15:03","date_gmt":"2025-09-09T08:15:03","guid":{"rendered":"https:\/\/roveyayinevi.com.tr\/index.php\/urun\/timurlenk-bozkirlarin-son-gocebe-fatihi-the-rise-and-rule-of-tamerlane\/"},"modified":"2026-04-16T02:18:50","modified_gmt":"2026-04-15T23:18:50","slug":"timurlenk-bozkirlarin-son-gocebe-fatihi-the-rise-and-rule-of-tamerlane","status":"publish","type":"product","link":"https:\/\/roveyayinevi.com.tr\/index.php\/urun\/timurlenk-bozkirlarin-son-gocebe-fatihi-the-rise-and-rule-of-tamerlane\/","title":{"rendered":"Timurlenk &#8211; Bozk\u0131rlar\u0131n Son G\u00f6\u00e7ebe Fatihi (The Rise and Rule of Tamerlane)"},"content":{"rendered":"<p>ORTA ASYA VE ORTA DO\u011eU\u2019YA H\u00c2K\u0130M B\u0130R H\u00dcK\u00dcMDAR, K\u00dc\u00c7\u00dcK ASYA\u2019YA KADAR SAVA\u015eMI\u015e B\u0130R FAT\u0130H: T\u0130MUR Avrasya\u2019n\u0131n her k\u00f6\u015fesinde bir kas\u0131rga gibi esen Timurlenk, bozk\u0131r fatihlerinin sonuncusuydu. D\u00fcnya tarihinde \u00f6mr\u00fcn\u00fcn neredeyse tamam\u0131n\u0131 seferlerde ge\u00e7irmi\u015f sava\u015f\u00e7\u0131-h\u00fck\u00fcmdar karakteri i\u00e7in akla gelen ilk isimlerdendir. \u201cKuvveti sonsuz\u201d olarak nitelendirilen ordular\u0131yla 1382\u2019den 1405\u2019e kadar \u00e7ok geni\u015f topraklar\u0131n tozunu dumana katm\u0131\u015ft\u0131r. Delhi\u2019den Moskova\u2019ya, Orta Asya\u2019dan Tanr\u0131 Da\u011flar\u0131\u2019na, Anadolu ve Toroslar \u00fczerinden Avrasya\u2019ya kadar yeni fetihler i\u00e7in kar\u015f\u0131s\u0131na \u00e7\u0131kan g\u00fc\u00e7leri halla\u00e7 pamu\u011fu gibi oradan oraya savurmu\u015ftur. \u015e\u00fcphe yok ki bir\u00e7ok kadim \u015fehri de yerle bir etmi\u015f, baz\u0131lar\u0131n\u0131 ise kudretinden esirgemi\u015ftir. Uzun y\u0131llar boyunca in\u015fa etti\u011fi T\u00fcrk-Mo\u011fol k\u00fclt\u00fcr\u00fc, \u00f6l\u00fcm\u00fcnden sonra yerini T\u00fcrk-\u0130slam k\u00fclt\u00fcr\u00fcne b\u0131rakm\u0131\u015f ve Osmanl\u0131lar, Safev\u00eeler, Bab\u00fcrl\u00fcler gibi b\u00fcy\u00fck imparatorluklar i\u00e7in ilham kayna\u011f\u0131 olmu\u015ftur. Timur\u2019un (Aksak Timur, Timurlenk, Tem\u00fcr) destans\u0131 ismi tarihteki unutulmaz yerini alm\u0131\u015ft\u0131r. Beatrice Forbes Manz, bu \u00e7al\u0131\u015fmas\u0131nda Timur\u2019u bir g\u00f6\u00e7ebe hanedan\u0131n kurucusu ve \u00e7ok yetenekli bir insan olarak ele al\u0131rken devlet kurma mekanizmalar\u0131, kabile politikalar\u0131n\u0131n dinamikleri ve ki\u015fisel y\u00f6netimin do\u011fas\u0131 gibi daha geni\u015f konular\u0131 da tart\u0131\u015fmaya a\u00e7\u0131yor. Timur\u2019un iktidara geldi\u011fi kabile konfederasyonu i\u00e7indeki siyasi k\u00fclt\u00fcr\u00fc inceleyerek, Timur\u2019un gev\u015fek ve isyank\u00e2r bir yap\u0131y\u0131 tek bir ki\u015fiye itaate dayal\u0131 disiplinli bir ordu haline nas\u0131l getirdi\u011fini ara\u015ft\u0131r\u0131yor. Timur d\u00f6neminin toplumsal-k\u00fclt\u00fcrel yap\u0131s\u0131 \u00fczerine ciddi \u00e7al\u0131\u015fmalar yapm\u0131\u015f Beatrice Forbes Manz\u2019\u0131n ak\u0131c\u0131 bir \u00fcslupla kaleme ald\u0131\u011f\u0131 T\u0130MURLENK: Bozk\u0131rlar\u0131n Son G\u00f6\u00e7ebe Fatihi adl\u0131 bu eserimizi, Zuhal Bilgin\u2019in e\u015fsiz \u00e7evirisiyle tarih tutkunlar\u0131n\u0131n be\u011fenisine sunuyoruz\u2026<\/p>\n","protected":false},"excerpt":{"rendered":"<p>ORTA ASYA VE ORTA DO\u011eU\u2019YA H\u00c2K\u0130M B\u0130R H\u00dcK\u00dcMDAR, K\u00dc\u00c7\u00dcK ASYA\u2019YA KADAR SAVA\u015eMI\u015e B\u0130R FAT\u0130H: T\u0130MUR Avrasya\u2019n\u0131n her k\u00f6\u015fesinde bir kas\u0131rga gibi esen Timurlenk, bozk\u0131r fatihlerinin sonuncusuydu.<span class=\"excerpt-hellip\"> [\u2026]<\/span><\/p>\n","protected":false},"featured_media":0,"template":"","meta":{"_monsterinsights_skip_tracking":false,"_monsterinsights_sitenote_active":false,"_monsterinsights_sitenote_note":"","_monsterinsights_sitenote_category":0},"product_brand":[],"product_cat":[12304,13650],"product_tag":[],"class_list":{"0":"post-774773","1":"product","2":"type-product","3":"status-publish","5":"product_cat-tarih","6":"product_cat-turk-tarihi-arastirmalari","7":"pa_cilt-ciltsiz","8":"pa_tur-kitap","9":"pa_yayinevi-kronik-kitap","10":"pa_yazar-beatrice-forbes-manz","12":"first","13":"instock","14":"sale","15":"shipping-taxable","16":"purchasable","17":"product-type-simple"},"_links":{"self":[{"href":"https:\/\/roveyayinevi.com.tr\/index.php\/wp-json\/wp\/v2\/product\/774773","targetHints":{"allow":["GET"]}}],"collection":[{"href":"https:\/\/roveyayinevi.com.tr\/index.php\/wp-json\/wp\/v2\/product"}],"about":[{"href":"https:\/\/roveyayinevi.com.tr\/index.php\/wp-json\/wp\/v2\/types\/product"}],"wp:attachment":[{"href":"https:\/\/roveyayinevi.com.tr\/index.php\/wp-json\/wp\/v2\/media?parent=774773"}],"wp:term":[{"taxonomy":"product_brand","embeddable":true,"href":"https:\/\/roveyayinevi.com.tr\/index.php\/wp-json\/wp\/v2\/product_brand?post=774773"},{"taxonomy":"product_cat","embeddable":true,"href":"https:\/\/roveyayinevi.com.tr\/index.php\/wp-json\/wp\/v2\/product_cat?post=774773"},{"taxonomy":"product_tag","embeddable":true,"href":"https:\/\/roveyayinevi.com.tr\/index.php\/wp-json\/wp\/v2\/product_tag?post=774773"}],"curies":[{"name":"wp","href":"https:\/\/api.w.org\/{rel}","templated":true}]}}