{"id":774772,"date":"2025-09-09T11:13:19","date_gmt":"2025-09-09T08:13:19","guid":{"rendered":"https:\/\/roveyayinevi.com.tr\/index.php\/urun\/saglikli-atistir-50-sekersiz-tarifle-kalici-zayiflama\/"},"modified":"2026-04-16T02:18:44","modified_gmt":"2026-04-15T23:18:44","slug":"saglikli-atistir-50-sekersiz-tarifle-kalici-zayiflama","status":"publish","type":"product","link":"https:\/\/roveyayinevi.com.tr\/index.php\/urun\/saglikli-atistir-50-sekersiz-tarifle-kalici-zayiflama\/","title":{"rendered":"Sa\u011fl\u0131kl\u0131 At\u0131\u015ft\u0131r &#8211; 50 \u015eekersiz Tarifle Kal\u0131c\u0131 Zay\u0131flama"},"content":{"rendered":"<p>Diyet s\u00fcrecinde veya sonras\u0131nda en b\u00fcy\u00fck zaaf\u0131m\u0131z tatl\u0131lar ve at\u0131\u015ft\u0131rmal\u0131klar! Nedense, kilolar\u0131 tekrar geri getiren veya kilo vermeyi engelleyen de yine onlar.Peki, hem kilo vererek hem de verdi\u011fimiz kilolar\u0131 koruyarak, su\u00e7luluk duygusu ya\u015famadan a\u011f\u0131z tad\u0131 ile tatl\u0131 yemek m\u00fcmk\u00fcn de\u011fil mi?Elinizdeki kitapla m\u00fcmk\u00fcn!Uzman Diyetisyen Se\u00e7il Kenar, mesle\u011finde 20 y\u0131lda edindi\u011fi tecr\u00fcbe ile bu kitaptaki tarifleri olu\u015fturdu, hepsini tek tek uygulad\u0131, resimledi ve 50 \u015fekersiz tarifle kal\u0131c\u0131 zay\u0131flaman\u0131n form\u00fcl\u00fcn\u00fc sizlerle payla\u015f\u0131yor.Kurabiyeden keklere, turtadan pudinglere, waffle\u2019den crumble\u2019ye, magnolia\u2019dan dondurmaya \u015fekersiz ama tatl\u0131 ve sa\u011fl\u0131kl\u0131 tarifler bu kitapta\u2026 Elbette tatl\u0131n\u0131n yan\u0131nda tuzlu \u00e7e\u015fitleri de var.Se\u00e7il Kenar, tariflerin yan\u0131nda sa\u011fl\u0131kl\u0131 zay\u0131flama ve kilo koruma i\u00e7in ipu\u00e7lar\u0131 da veriyor.Okuyun hem tatl\u0131 krizlerinden hem de kilolar\u0131n\u0131zdan kurtulun! <\/p>\n","protected":false},"excerpt":{"rendered":"<p>Diyet s\u00fcrecinde veya sonras\u0131nda en b\u00fcy\u00fck zaaf\u0131m\u0131z tatl\u0131lar ve at\u0131\u015ft\u0131rmal\u0131klar! Nedense, kilolar\u0131 tekrar geri getiren veya kilo vermeyi engelleyen de yine onlar.Peki, hem kilo vererek hem<span class=\"excerpt-hellip\"> [\u2026]<\/span><\/p>\n","protected":false},"featured_media":0,"template":"","meta":{"_monsterinsights_skip_tracking":false,"_monsterinsights_sitenote_active":false,"_monsterinsights_sitenote_note":"","_monsterinsights_sitenote_category":0},"product_brand":[],"product_cat":[13402,13365],"product_tag":[],"class_list":{"0":"post-774772","1":"product","2":"type-product","3":"status-publish","5":"product_cat-beslenme-ve-diyet","6":"product_cat-saglik","7":"pa_cilt-ciltsiz","8":"pa_tur-kitap","9":"pa_yayinevi-hayykitap","10":"pa_yazar-secil-kenar","12":"first","13":"instock","14":"sale","15":"shipping-taxable","16":"purchasable","17":"product-type-simple"},"_links":{"self":[{"href":"https:\/\/roveyayinevi.com.tr\/index.php\/wp-json\/wp\/v2\/product\/774772","targetHints":{"allow":["GET"]}}],"collection":[{"href":"https:\/\/roveyayinevi.com.tr\/index.php\/wp-json\/wp\/v2\/product"}],"about":[{"href":"https:\/\/roveyayinevi.com.tr\/index.php\/wp-json\/wp\/v2\/types\/product"}],"wp:attachment":[{"href":"https:\/\/roveyayinevi.com.tr\/index.php\/wp-json\/wp\/v2\/media?parent=774772"}],"wp:term":[{"taxonomy":"product_brand","embeddable":true,"href":"https:\/\/roveyayinevi.com.tr\/index.php\/wp-json\/wp\/v2\/product_brand?post=774772"},{"taxonomy":"product_cat","embeddable":true,"href":"https:\/\/roveyayinevi.com.tr\/index.php\/wp-json\/wp\/v2\/product_cat?post=774772"},{"taxonomy":"product_tag","embeddable":true,"href":"https:\/\/roveyayinevi.com.tr\/index.php\/wp-json\/wp\/v2\/product_tag?post=774772"}],"curies":[{"name":"wp","href":"https:\/\/api.w.org\/{rel}","templated":true}]}}