{"id":774761,"date":"2025-09-09T11:05:23","date_gmt":"2025-09-09T08:05:23","guid":{"rendered":"https:\/\/roveyayinevi.com.tr\/index.php\/urun\/mityanin-aski\/"},"modified":"2026-04-16T02:17:32","modified_gmt":"2026-04-15T23:17:32","slug":"mityanin-aski","status":"publish","type":"product","link":"https:\/\/roveyayinevi.com.tr\/index.php\/urun\/mityanin-aski\/","title":{"rendered":"Mitya\u2019n\u0131n A\u015fk\u0131"},"content":{"rendered":"<p>\u0130van Alekseyevi\u00e7 Bunin`in edebiyat\u0131nda engin Rus lirizmi, anlat\u0131\u0131\u015f\u0131 ve Avrupa edebiyat\u0131n\u0131n birikimin g\u00f6rmek m\u00fcmk\u00fcnd\u00fcr. Ak\u0131c\u0131 \u00fcslubu, do\u011fay\u0131 ve insan\u0131 birbirini belirleyen birbirine d\u00f6n\u00fc\u015fen bir sevgi ile anlat\u0131\u015f\u0131 e\u015fsizdir. Bunin`in Mitya`n\u0131n a\u015fk\u0131 adl\u0131 eserinde hem Rus`laea \u00f6zg\u00fc hissedi\u015f bi\u00e7imlerini, hem Rus edebiyat\u0131n\u0131n birikimini bilmek m\u00fcmk\u00fcn hem Goethe`nin hem Shakespeare`nin izlerini g\u00f6rebilmek m\u00fcmk\u00fcnd\u00fcr.<\/p>\n","protected":false},"excerpt":{"rendered":"<p>\u0130van Alekseyevi\u00e7 Bunin`in edebiyat\u0131nda engin Rus lirizmi, anlat\u0131\u0131\u015f\u0131 ve Avrupa edebiyat\u0131n\u0131n birikimin g\u00f6rmek m\u00fcmk\u00fcnd\u00fcr. Ak\u0131c\u0131 \u00fcslubu, do\u011fay\u0131 ve insan\u0131 birbirini belirleyen birbirine d\u00f6n\u00fc\u015fen bir sevgi ile<span class=\"excerpt-hellip\"> [\u2026]<\/span><\/p>\n","protected":false},"featured_media":0,"template":"","meta":{"_monsterinsights_skip_tracking":false,"_monsterinsights_sitenote_active":false,"_monsterinsights_sitenote_note":"","_monsterinsights_sitenote_category":0},"product_brand":[],"product_cat":[12291,13570],"product_tag":[],"class_list":{"0":"post-774761","1":"product","2":"type-product","3":"status-publish","5":"product_cat-edebiyat","6":"product_cat-rus-edebiyati","7":"pa_cilt-ciltsiz","8":"pa_tur-kitap","9":"pa_yayinevi-mirhan-kitap","10":"pa_yazar-ivan-alekseyevic-bunin","12":"first","13":"instock","14":"sale","15":"shipping-taxable","16":"purchasable","17":"product-type-simple"},"_links":{"self":[{"href":"https:\/\/roveyayinevi.com.tr\/index.php\/wp-json\/wp\/v2\/product\/774761","targetHints":{"allow":["GET"]}}],"collection":[{"href":"https:\/\/roveyayinevi.com.tr\/index.php\/wp-json\/wp\/v2\/product"}],"about":[{"href":"https:\/\/roveyayinevi.com.tr\/index.php\/wp-json\/wp\/v2\/types\/product"}],"wp:attachment":[{"href":"https:\/\/roveyayinevi.com.tr\/index.php\/wp-json\/wp\/v2\/media?parent=774761"}],"wp:term":[{"taxonomy":"product_brand","embeddable":true,"href":"https:\/\/roveyayinevi.com.tr\/index.php\/wp-json\/wp\/v2\/product_brand?post=774761"},{"taxonomy":"product_cat","embeddable":true,"href":"https:\/\/roveyayinevi.com.tr\/index.php\/wp-json\/wp\/v2\/product_cat?post=774761"},{"taxonomy":"product_tag","embeddable":true,"href":"https:\/\/roveyayinevi.com.tr\/index.php\/wp-json\/wp\/v2\/product_tag?post=774761"}],"curies":[{"name":"wp","href":"https:\/\/api.w.org\/{rel}","templated":true}]}}