{"id":774727,"date":"2025-09-09T10:40:42","date_gmt":"2025-09-09T07:40:42","guid":{"rendered":"https:\/\/roveyayinevi.com.tr\/index.php\/urun\/muhtesem-valide-kosem-sultan\/"},"modified":"2026-04-16T02:13:55","modified_gmt":"2026-04-15T23:13:55","slug":"muhtesem-valide-kosem-sultan","status":"publish","type":"product","link":"https:\/\/roveyayinevi.com.tr\/index.php\/urun\/muhtesem-valide-kosem-sultan\/","title":{"rendered":"Muhte\u015fem Valide K\u00f6sem Sultan"},"content":{"rendered":"<p>Osmanl\u0131 tarihinin en renkli isimlerinin ba\u015f\u0131nda gelen K\u00f6sem Sultan \u00f6nce Birinci Ahmed\u2019in daha sonra da o\u011fullar\u0131 D\u00f6rd\u00fcnc\u00fc Murad ve Sultan \u0130brahim ile torunu D\u00f6rd\u00fcnc\u00fc Mehmed\u2019in h\u00fck\u00fcmdarl\u0131klar\u0131 d\u00f6neminde yakla\u015f\u0131k yar\u0131m as\u0131r imparatorlu\u011fun tarihinde \u00f6nemli rol oynad\u0131. 17. y\u00fczy\u0131lda padi\u015fahlar\u0131n \u00e7ocuk ya\u015fta tahta \u00e7\u0131kmalar\u0131 devlet y\u00f6netiminde bir bo\u015fluk meydana getirmi\u015fti. Bu d\u00f6nemde devlet idaresinde Harem ve valide sultanlar \u00f6n plana \u00e7\u0131kt\u0131lar. Kad\u0131nlar\u0131n devlet y\u00f6netimini \u00fcstlenmesini tuhaf kar\u015f\u0131layan tarih\u00e7iler de valide sultanlar\u0131n devlet idaresindeki rollerini tenkit ettiler. Ancak h\u00fck\u00fcmdar otoritesinin bulunmad\u0131\u011f\u0131 bir d\u00f6nemde K\u00f6sem Sultan ve Turhan Sultan\u2019\u0131n hanedan\u0131n ak\u0131betini her\u015feyin \u00fcst\u00fcnde tutmas\u0131 devletin devam\u0131n\u0131 sa\u011flad\u0131. Tam da ihtiya\u00e7 oldu\u011fu bir d\u00f6nemde sarayda b\u00f6ylesine muktedir kad\u0131nlar\u0131n bulunmas\u0131, Osmanl\u0131 Hanedan\u0131 ve \u0130mparatorlu\u011fu i\u00e7in \u00f6nemli bir \u015fanst\u0131. Bu kitapta K\u00f6sem Sultan\u2019\u0131n hayat\u0131, e\u015fi ve \u00e7ocuklar\u0131 ile ili\u015fkileri, bizzat yazd\u0131\u011f\u0131 emirleri, siyasi faaliyetleri ve onun ya\u015fad\u0131\u011f\u0131 d\u00f6nemde Osmanl\u0131 \u0130mparatorlu\u011fu\u2019nda meydana gelen \u00f6nemli hadiseler ele al\u0131nm\u0131\u015ft\u0131r. <\/p>\n","protected":false},"excerpt":{"rendered":"<p>Osmanl\u0131 tarihinin en renkli isimlerinin ba\u015f\u0131nda gelen K\u00f6sem Sultan \u00f6nce Birinci Ahmed\u2019in daha sonra da o\u011fullar\u0131 D\u00f6rd\u00fcnc\u00fc Murad ve Sultan \u0130brahim ile torunu D\u00f6rd\u00fcnc\u00fc Mehmed\u2019in h\u00fck\u00fcmdarl\u0131klar\u0131<span class=\"excerpt-hellip\"> [\u2026]<\/span><\/p>\n","protected":false},"featured_media":0,"template":"","meta":{"_monsterinsights_skip_tracking":false,"_monsterinsights_sitenote_active":false,"_monsterinsights_sitenote_note":"","_monsterinsights_sitenote_category":0},"product_brand":[],"product_cat":[12370,12304],"product_tag":[],"class_list":{"0":"post-774727","1":"product","2":"type-product","3":"status-publish","5":"product_cat-arastirma-inceleme","6":"product_cat-tarih","7":"pa_cilt-ciltsiz","8":"pa_tur-kitap","9":"pa_yayinevi-yeditepe-yayinevi","10":"pa_yazar-erhan-afyoncu","12":"first","13":"instock","14":"sale","15":"shipping-taxable","16":"purchasable","17":"product-type-simple"},"_links":{"self":[{"href":"https:\/\/roveyayinevi.com.tr\/index.php\/wp-json\/wp\/v2\/product\/774727","targetHints":{"allow":["GET"]}}],"collection":[{"href":"https:\/\/roveyayinevi.com.tr\/index.php\/wp-json\/wp\/v2\/product"}],"about":[{"href":"https:\/\/roveyayinevi.com.tr\/index.php\/wp-json\/wp\/v2\/types\/product"}],"wp:attachment":[{"href":"https:\/\/roveyayinevi.com.tr\/index.php\/wp-json\/wp\/v2\/media?parent=774727"}],"wp:term":[{"taxonomy":"product_brand","embeddable":true,"href":"https:\/\/roveyayinevi.com.tr\/index.php\/wp-json\/wp\/v2\/product_brand?post=774727"},{"taxonomy":"product_cat","embeddable":true,"href":"https:\/\/roveyayinevi.com.tr\/index.php\/wp-json\/wp\/v2\/product_cat?post=774727"},{"taxonomy":"product_tag","embeddable":true,"href":"https:\/\/roveyayinevi.com.tr\/index.php\/wp-json\/wp\/v2\/product_tag?post=774727"}],"curies":[{"name":"wp","href":"https:\/\/api.w.org\/{rel}","templated":true}]}}