{"id":774708,"date":"2025-09-09T10:30:35","date_gmt":"2025-09-09T07:30:35","guid":{"rendered":"https:\/\/roveyayinevi.com.tr\/index.php\/urun\/ikircikli-biricik\/"},"modified":"2026-04-16T02:12:39","modified_gmt":"2026-04-15T23:12:39","slug":"ikircikli-biricik","status":"publish","type":"product","link":"https:\/\/roveyayinevi.com.tr\/index.php\/urun\/ikircikli-biricik\/","title":{"rendered":"\u0130kircikli Biricik"},"content":{"rendered":"<p>\u201cYeni bir hayat kurmak&#8230; Nas\u0131l oluyordu? \u00d6nce fikir mi geliyordu? Yoksa bir tesad\u00fcf sizi fikrin \u00f6n\u00fcne mi getiriyordu? Yeni bir hayat i\u00e7in mutlaka, kuvvetli bir r\u00fczg\u00e2r m\u0131 gerekiyordu? \u00d6nceki hayat\u0131n\u0131z art\u0131k \u2018eski\u2019 mi oluyordu? Eski olan\u0131n h\u00fckm\u00fc kalm\u0131yor muydu? O vakte kadar bo\u015funa m\u0131 ya\u015fam\u0131\u015f oluyordunuz?\u201d Fakat M\u00fczeyyen Bu Derin Bir Tutku, Albay\u0131m Beni Nezahat ile Evlendir ve Kalfa ile K\u0131ral\u0131\u00e7a adl\u0131 romanlar\u0131yla edebiyat\u0131m\u0131zda kendine has bir yer edinen \u0130lhami Alg\u00f6r, yine bir romanla kar\u015f\u0131m\u0131zda: \u0130kircikli Biricik. \u0130kircikli Biricik, yaln\u0131zl\u0131\u011f\u0131n, aray\u0131\u015f\u0131n, bulma \u00fcmidinin, \u015fehirlerin, caddelerin, \u015fark\u0131n\u0131n ve \u015fiirin roman\u0131\u2026 Titizlikle \u00f6r\u00fclm\u00fc\u015f bir kurgu; ustal\u0131kla harmanlanm\u0131\u015f, sars\u0131c\u0131 bir dil\u2026<\/p>\n","protected":false},"excerpt":{"rendered":"<p>\u201cYeni bir hayat kurmak&#8230; Nas\u0131l oluyordu? \u00d6nce fikir mi geliyordu? Yoksa bir tesad\u00fcf sizi fikrin \u00f6n\u00fcne mi getiriyordu? Yeni bir hayat i\u00e7in mutlaka, kuvvetli bir r\u00fczg\u00e2r<span class=\"excerpt-hellip\"> [\u2026]<\/span><\/p>\n","protected":false},"featured_media":0,"template":"","meta":{"_monsterinsights_skip_tracking":false,"_monsterinsights_sitenote_active":false,"_monsterinsights_sitenote_note":"","_monsterinsights_sitenote_category":0},"product_brand":[],"product_cat":[12291,12711],"product_tag":[],"class_list":{"0":"post-774708","1":"product","2":"type-product","3":"status-publish","5":"product_cat-edebiyat","6":"product_cat-roman-oyku","7":"pa_cilt-ciltsiz","8":"pa_tur-kitap","9":"pa_yayinevi-iletisim-yayinlari","10":"pa_yazar-ilhami-algor","12":"first","13":"instock","14":"sale","15":"shipping-taxable","16":"purchasable","17":"product-type-simple"},"_links":{"self":[{"href":"https:\/\/roveyayinevi.com.tr\/index.php\/wp-json\/wp\/v2\/product\/774708","targetHints":{"allow":["GET"]}}],"collection":[{"href":"https:\/\/roveyayinevi.com.tr\/index.php\/wp-json\/wp\/v2\/product"}],"about":[{"href":"https:\/\/roveyayinevi.com.tr\/index.php\/wp-json\/wp\/v2\/types\/product"}],"wp:attachment":[{"href":"https:\/\/roveyayinevi.com.tr\/index.php\/wp-json\/wp\/v2\/media?parent=774708"}],"wp:term":[{"taxonomy":"product_brand","embeddable":true,"href":"https:\/\/roveyayinevi.com.tr\/index.php\/wp-json\/wp\/v2\/product_brand?post=774708"},{"taxonomy":"product_cat","embeddable":true,"href":"https:\/\/roveyayinevi.com.tr\/index.php\/wp-json\/wp\/v2\/product_cat?post=774708"},{"taxonomy":"product_tag","embeddable":true,"href":"https:\/\/roveyayinevi.com.tr\/index.php\/wp-json\/wp\/v2\/product_tag?post=774708"}],"curies":[{"name":"wp","href":"https:\/\/api.w.org\/{rel}","templated":true}]}}