{"id":774703,"date":"2025-09-09T10:25:43","date_gmt":"2025-09-09T07:25:43","guid":{"rendered":"https:\/\/roveyayinevi.com.tr\/index.php\/urun\/amerika-kitasinin-musluman-denizciler-tarafindan-kolomb-oncesi-kesfi-ve-piri-reis\/"},"modified":"2025-09-10T05:36:15","modified_gmt":"2025-09-10T02:36:15","slug":"amerika-kitasinin-musluman-denizciler-tarafindan-kolomb-oncesi-kesfi-ve-piri-reis","status":"publish","type":"product","link":"https:\/\/roveyayinevi.com.tr\/index.php\/urun\/amerika-kitasinin-musluman-denizciler-tarafindan-kolomb-oncesi-kesfi-ve-piri-reis\/","title":{"rendered":"Amerika K\u0131tas\u0131n\u0131n M\u00fcsl\u00fcman Denizciler Taraf\u0131ndan Kolomb \u00d6ncesi Ke\u015ffi ve Piri Reis"},"content":{"rendered":"<p>Amerika K\u0131tas\u0131n\u0131n M\u00fcsl\u00fcman Denizciler Taraf\u0131ndan Kolomb \u00d6ncesi Ke\u015ffi ve Piri Reis <\/p>\n","protected":false},"excerpt":{"rendered":"<p>Amerika K\u0131tas\u0131n\u0131n M\u00fcsl\u00fcman Denizciler Taraf\u0131ndan Kolomb \u00d6ncesi Ke\u015ffi ve Piri Reis<\/p>\n","protected":false},"featured_media":0,"template":"","meta":{"_monsterinsights_skip_tracking":false,"_monsterinsights_sitenote_active":false,"_monsterinsights_sitenote_note":"","_monsterinsights_sitenote_category":0},"product_brand":[],"product_cat":[12370,12304],"product_tag":[],"class_list":{"0":"post-774703","1":"product","2":"type-product","3":"status-publish","5":"product_cat-arastirma-inceleme","6":"product_cat-tarih","7":"pa_tur-kitap","8":"pa_yayinevi-boyut-yayin-grubu","9":"pa_yazar-fuat-sezgin","11":"first","12":"instock","13":"sale","14":"shipping-taxable","15":"purchasable","16":"product-type-simple"},"_links":{"self":[{"href":"https:\/\/roveyayinevi.com.tr\/index.php\/wp-json\/wp\/v2\/product\/774703","targetHints":{"allow":["GET"]}}],"collection":[{"href":"https:\/\/roveyayinevi.com.tr\/index.php\/wp-json\/wp\/v2\/product"}],"about":[{"href":"https:\/\/roveyayinevi.com.tr\/index.php\/wp-json\/wp\/v2\/types\/product"}],"wp:attachment":[{"href":"https:\/\/roveyayinevi.com.tr\/index.php\/wp-json\/wp\/v2\/media?parent=774703"}],"wp:term":[{"taxonomy":"product_brand","embeddable":true,"href":"https:\/\/roveyayinevi.com.tr\/index.php\/wp-json\/wp\/v2\/product_brand?post=774703"},{"taxonomy":"product_cat","embeddable":true,"href":"https:\/\/roveyayinevi.com.tr\/index.php\/wp-json\/wp\/v2\/product_cat?post=774703"},{"taxonomy":"product_tag","embeddable":true,"href":"https:\/\/roveyayinevi.com.tr\/index.php\/wp-json\/wp\/v2\/product_tag?post=774703"}],"curies":[{"name":"wp","href":"https:\/\/api.w.org\/{rel}","templated":true}]}}