{"id":774701,"date":"2025-09-09T10:22:02","date_gmt":"2025-09-09T07:22:02","guid":{"rendered":"https:\/\/roveyayinevi.com.tr\/index.php\/urun\/cinder\/"},"modified":"2026-04-03T02:16:20","modified_gmt":"2026-04-02T23:16:20","slug":"cinder","status":"publish","type":"product","link":"https:\/\/roveyayinevi.com.tr\/index.php\/urun\/cinder\/","title":{"rendered":"Cinder"},"content":{"rendered":"<p>Gelecekte bile, hik\u00e2ye \u201cbir varm\u0131\u015f bir yokmu\u015f\u201d d\u0130ye ba\u015fl\u0131yor\u2026\u0130nsanlarla androidlerin yan yana dola\u015ft\u0131\u011f\u0131 Yeni Pekin\u2019e ho\u015f geldiniz.Her ne kadar birlikte ya\u015famay\u0131 ba\u015farsalar da t\u00fcrlerin dostlu\u011fu san\u0131ld\u0131\u011f\u0131 kadar kolay de\u011fil.\u00d6l\u00fcmc\u00fcl bir veba insan n\u00fcfusunu tehdit ediyor. Ay \u0130nsanlar\u0131, D\u00fcnya\u2019y\u0131 uzaydan izleyerek do\u011fru zaman\u0131 kolluyor. Kimse D\u00fcnya\u2019n\u0131n kaderinin tek bir k\u0131za ba\u011fl\u0131 oldu\u011funun fark\u0131nda bile de\u011fil\u2026Becerikli bir mekanik ustas\u0131 olan Cinder, herkesten saklasa da asl\u0131nda bir sayborg. \u00dcvey annesinin hakaretleri yetmezmi\u015f gibi \u015fimdi bir de \u00fcvey karde\u015finin hastalanmas\u0131ndan sorumlu tutuluyor. Yak\u0131\u015f\u0131kl\u0131 Prens Kai\u2019in hayat\u0131na girmesiyle birlikte, Cinder birden kendini gezegenler aras\u0131 bir anla\u015fmazl\u0131\u011f\u0131n ortas\u0131nda buluveriyor. Sorumluluk ve \u00f6zg\u00fcrl\u00fck, sadakat ve ihanet aras\u0131nda kalan Cinder, D\u00fcnya\u2019n\u0131n gelece\u011fini koruma alt\u0131na almak i\u00e7in \u00f6nce kendi ge\u00e7mi\u015finin s\u0131rlar\u0131n\u0131 a\u00e7\u0131\u011fa \u00e7\u0131karmak zorunda&#8230;Yeniden kurgulanm\u0131\u015f bu masalda K\u00fclkedisi ile tekrar tan\u0131\u015fmaya ne dersiniz?Marissa Meyer, Washington\u2019\u0131n Tacoma kasabas\u0131nda do\u011fup b\u00fcy\u00fcd\u00fc. Hen\u00fcz k\u00fc\u00e7\u00fck bir \u00e7ocukken kitaplara \u00e2\u015f\u0131k olan Marissa, ergenlik y\u0131llar\u0131ndan beri gen\u00e7lik edebiyat\u0131 \u00fczerine \u00e7al\u0131\u015f\u0131yor. Peri masallar\u0131na da b\u00fcy\u00fck bir sevgi besleyen Marissa, gen\u00e7lik g\u00fcnlerinden beri bu masallar\u0131 yeniden kurguluyor ve bu tutkusundan da vazge\u00e7ecek gibi g\u00f6r\u00fcnm\u00fcyor. <\/p>\n","protected":false},"excerpt":{"rendered":"<p>Gelecekte bile, hik\u00e2ye \u201cbir varm\u0131\u015f bir yokmu\u015f\u201d d\u0130ye ba\u015fl\u0131yor\u2026\u0130nsanlarla androidlerin yan yana dola\u015ft\u0131\u011f\u0131 Yeni Pekin\u2019e ho\u015f geldiniz.Her ne kadar birlikte ya\u015famay\u0131 ba\u015farsalar da t\u00fcrlerin dostlu\u011fu san\u0131ld\u0131\u011f\u0131<span class=\"excerpt-hellip\"> [\u2026]<\/span><\/p>\n","protected":false},"featured_media":0,"template":"","meta":{"_monsterinsights_skip_tracking":false,"_monsterinsights_sitenote_active":false,"_monsterinsights_sitenote_note":"","_monsterinsights_sitenote_category":0},"product_brand":[],"product_cat":[12291,12711],"product_tag":[],"class_list":{"0":"post-774701","1":"product","2":"type-product","3":"status-publish","5":"product_cat-edebiyat","6":"product_cat-roman-oyku","7":"pa_cilt-ciltsiz","8":"pa_tur-kitap","9":"pa_yayinevi-artemis-yayinlari","10":"pa_yazar-marissa-meyer","12":"first","13":"instock","14":"sale","15":"shipping-taxable","16":"purchasable","17":"product-type-simple"},"_links":{"self":[{"href":"https:\/\/roveyayinevi.com.tr\/index.php\/wp-json\/wp\/v2\/product\/774701","targetHints":{"allow":["GET"]}}],"collection":[{"href":"https:\/\/roveyayinevi.com.tr\/index.php\/wp-json\/wp\/v2\/product"}],"about":[{"href":"https:\/\/roveyayinevi.com.tr\/index.php\/wp-json\/wp\/v2\/types\/product"}],"wp:attachment":[{"href":"https:\/\/roveyayinevi.com.tr\/index.php\/wp-json\/wp\/v2\/media?parent=774701"}],"wp:term":[{"taxonomy":"product_brand","embeddable":true,"href":"https:\/\/roveyayinevi.com.tr\/index.php\/wp-json\/wp\/v2\/product_brand?post=774701"},{"taxonomy":"product_cat","embeddable":true,"href":"https:\/\/roveyayinevi.com.tr\/index.php\/wp-json\/wp\/v2\/product_cat?post=774701"},{"taxonomy":"product_tag","embeddable":true,"href":"https:\/\/roveyayinevi.com.tr\/index.php\/wp-json\/wp\/v2\/product_tag?post=774701"}],"curies":[{"name":"wp","href":"https:\/\/api.w.org\/{rel}","templated":true}]}}