{"id":774694,"date":"2025-09-09T10:16:55","date_gmt":"2025-09-09T07:16:55","guid":{"rendered":"https:\/\/roveyayinevi.com.tr\/index.php\/urun\/cizimin-temelleri\/"},"modified":"2026-04-16T02:10:50","modified_gmt":"2026-04-15T23:10:50","slug":"cizimin-temelleri","status":"publish","type":"product","link":"https:\/\/roveyayinevi.com.tr\/index.php\/urun\/cizimin-temelleri\/","title":{"rendered":"\u00c7izimin Temelleri"},"content":{"rendered":"<p>\ufffcTan\u0131t\u0131m MetniEli kalem tutan herkesin resim yapabilece\u011fini iddia eden Dodson\u2019\u0131n bu kitab\u0131yla, yeniden bi\u00e7imlendirmeyi, odaklanmay\u0131, harita \u00e7\u0131kartmay\u0131 ve peki\u015ftirmeyi                 elinizi serbest b\u0131rakmay\u0131, sonra da kontrol etmeyi                 \u0131\u015f\u0131k, derinlik ve doku ill\u00fczyonu aktarmay\u0131                 \u201cyarat\u0131c\u0131 oyun\u201d ile hayal g\u00fcc\u00fcn\u00fcz\u00fc kam\u00e7\u0131lamay\u0131 \u00f6\u011freneceksiniz. \u201cBu kitap \u00e7izimin prensiplerini \u00f6\u011freten m\u00fckemmel bir kaynak.\u201d \u2012 Laura Woodwar, M. A. \u201c\u2026 ola\u011fan\u00fcst\u00fc\u2026 sanat e\u011fitmenleri i\u00e7in m\u00fckemmel bir yard\u0131mc\u0131.\u201d \u2012 Susan Arndt, Sanat Profes\u00f6r\u00fc Bert Dodson, Arizona State \u00dcniversitesi\u2019nden mezun olduktan sonra New York\u2019taki G\u00f6rsel Sanatlar Okulu\u2019na devam etmi\u015f yetenekli bir tasar\u0131mc\u0131, ressam ve \u00e7izerdir. Fashion Institute of Technology\u2019de uzun y\u0131llar \u00e7izim dersleri vermi\u015f, altm\u0131\u015ftan fazla kitab\u0131n \u00e7izimini <\/p>\n","protected":false},"excerpt":{"rendered":"<p>\ufffcTan\u0131t\u0131m MetniEli kalem tutan herkesin resim yapabilece\u011fini iddia eden Dodson\u2019\u0131n bu kitab\u0131yla, yeniden bi\u00e7imlendirmeyi, odaklanmay\u0131, harita \u00e7\u0131kartmay\u0131 ve peki\u015ftirmeyi elinizi serbest b\u0131rakmay\u0131, sonra da kontrol etmeyi<span class=\"excerpt-hellip\"> [\u2026]<\/span><\/p>\n","protected":false},"featured_media":0,"template":"","meta":{"_monsterinsights_skip_tracking":false,"_monsterinsights_sitenote_active":false,"_monsterinsights_sitenote_note":"","_monsterinsights_sitenote_category":0},"product_brand":[],"product_cat":[15733,12408],"product_tag":[],"class_list":{"0":"post-774694","1":"product","2":"type-product","3":"status-publish","5":"product_cat-resim","6":"product_cat-sanat","7":"pa_cilt-ciltsiz","8":"pa_tur-kitap","9":"pa_yayinevi-bilge-kultur-sanat","10":"pa_yazar-bert-dodson","12":"first","13":"instock","14":"sale","15":"shipping-taxable","16":"purchasable","17":"product-type-simple"},"_links":{"self":[{"href":"https:\/\/roveyayinevi.com.tr\/index.php\/wp-json\/wp\/v2\/product\/774694","targetHints":{"allow":["GET"]}}],"collection":[{"href":"https:\/\/roveyayinevi.com.tr\/index.php\/wp-json\/wp\/v2\/product"}],"about":[{"href":"https:\/\/roveyayinevi.com.tr\/index.php\/wp-json\/wp\/v2\/types\/product"}],"wp:attachment":[{"href":"https:\/\/roveyayinevi.com.tr\/index.php\/wp-json\/wp\/v2\/media?parent=774694"}],"wp:term":[{"taxonomy":"product_brand","embeddable":true,"href":"https:\/\/roveyayinevi.com.tr\/index.php\/wp-json\/wp\/v2\/product_brand?post=774694"},{"taxonomy":"product_cat","embeddable":true,"href":"https:\/\/roveyayinevi.com.tr\/index.php\/wp-json\/wp\/v2\/product_cat?post=774694"},{"taxonomy":"product_tag","embeddable":true,"href":"https:\/\/roveyayinevi.com.tr\/index.php\/wp-json\/wp\/v2\/product_tag?post=774694"}],"curies":[{"name":"wp","href":"https:\/\/api.w.org\/{rel}","templated":true}]}}