{"id":774693,"date":"2025-09-09T10:16:09","date_gmt":"2025-09-09T07:16:09","guid":{"rendered":"https:\/\/roveyayinevi.com.tr\/index.php\/urun\/kesis-yasami-uzerine\/"},"modified":"2026-04-16T02:10:47","modified_gmt":"2026-04-15T23:10:47","slug":"kesis-yasami-uzerine","status":"publish","type":"product","link":"https:\/\/roveyayinevi.com.tr\/index.php\/urun\/kesis-yasami-uzerine\/","title":{"rendered":"Ke\u015fi\u015f Ya\u015fam\u0131 \u00dczerine"},"content":{"rendered":"<p>\u00dc\u00e7 kitap olarak yay\u0131nlayaca\u011f\u0131m\u0131z   Dualar Kitab\u0131  n\u0131n ilk b\u00f6l\u00fcm\u00fcn\u00fc olu\u015fturan   Ke\u015fi\u015f Ya\u015fam\u0131 \u00dczerine   ile, Rilke \u015fiirinde yeni bir d\u00f6nem a\u00e7\u0131l\u0131r. Rilke uzman\u0131 Hamburger&#8217;e g\u00f6re,   Dualar Kitab\u0131  ndan, \u015fairin ba\u015fyap\u0131t\u0131 say\u0131lan   Duino A\u011f\u0131tlar\u0131  na bir \u00e7izgi \u00e7ekilebilir. Daha sonraki olgunluk evresinin ba\u015flang\u0131c\u0131 olarak g\u00f6r\u00fclebilir bu kitaptaki \u015fiirler. <\/p>\n","protected":false},"excerpt":{"rendered":"<p>\u00dc\u00e7 kitap olarak yay\u0131nlayaca\u011f\u0131m\u0131z Dualar Kitab\u0131 n\u0131n ilk b\u00f6l\u00fcm\u00fcn\u00fc olu\u015fturan Ke\u015fi\u015f Ya\u015fam\u0131 \u00dczerine ile, Rilke \u015fiirinde yeni bir d\u00f6nem a\u00e7\u0131l\u0131r. Rilke uzman\u0131 Hamburger&#8217;e g\u00f6re, Dualar Kitab\u0131<span class=\"excerpt-hellip\"> [\u2026]<\/span><\/p>\n","protected":false},"featured_media":0,"template":"","meta":{"_monsterinsights_skip_tracking":false,"_monsterinsights_sitenote_active":false,"_monsterinsights_sitenote_note":"","_monsterinsights_sitenote_category":0},"product_brand":[],"product_cat":[12291,12509],"product_tag":[],"class_list":{"0":"post-774693","1":"product","2":"type-product","3":"status-publish","5":"product_cat-edebiyat","6":"product_cat-siir","7":"pa_tur-kitap","8":"pa_yayinevi-cem-yayinevi","9":"pa_yazar-rainer-maria-rilke","11":"first","12":"instock","13":"sale","14":"shipping-taxable","15":"purchasable","16":"product-type-simple"},"_links":{"self":[{"href":"https:\/\/roveyayinevi.com.tr\/index.php\/wp-json\/wp\/v2\/product\/774693","targetHints":{"allow":["GET"]}}],"collection":[{"href":"https:\/\/roveyayinevi.com.tr\/index.php\/wp-json\/wp\/v2\/product"}],"about":[{"href":"https:\/\/roveyayinevi.com.tr\/index.php\/wp-json\/wp\/v2\/types\/product"}],"wp:attachment":[{"href":"https:\/\/roveyayinevi.com.tr\/index.php\/wp-json\/wp\/v2\/media?parent=774693"}],"wp:term":[{"taxonomy":"product_brand","embeddable":true,"href":"https:\/\/roveyayinevi.com.tr\/index.php\/wp-json\/wp\/v2\/product_brand?post=774693"},{"taxonomy":"product_cat","embeddable":true,"href":"https:\/\/roveyayinevi.com.tr\/index.php\/wp-json\/wp\/v2\/product_cat?post=774693"},{"taxonomy":"product_tag","embeddable":true,"href":"https:\/\/roveyayinevi.com.tr\/index.php\/wp-json\/wp\/v2\/product_tag?post=774693"}],"curies":[{"name":"wp","href":"https:\/\/api.w.org\/{rel}","templated":true}]}}