{"id":774689,"date":"2025-09-09T10:15:42","date_gmt":"2025-09-09T07:15:42","guid":{"rendered":"https:\/\/roveyayinevi.com.tr\/index.php\/urun\/sonuncular-2\/"},"modified":"2026-04-16T02:10:46","modified_gmt":"2026-04-15T23:10:46","slug":"sonuncular-2","status":"publish","type":"product","link":"https:\/\/roveyayinevi.com.tr\/index.php\/urun\/sonuncular-2\/","title":{"rendered":"Sonuncular"},"content":{"rendered":"<p>Cem Yay\u0131nevi, okuyucular\u0131na \u015fimdiye dek Rilke\u2019nin \u00f6yk\u00fclerinden olu\u015fan iki kitap sunmu\u015ftur: Tanr\u0131\u2019dan \u00d6yk\u00fcler ve Beyaz Mutluluk. Elinizdeki kitap, Rilke\u2019nin \u00f6yk\u00fclerinden olu\u015fan \u00fc\u00e7\u00fcnc\u00fc kitap. On \u00f6yk\u00fcden olu\u015fan Sonuncular, yine Kamuran \u015eipal\u2019in T\u00fcrk\u00e7esiyle okura ula\u015f\u0131yor. Okuyaca\u011f\u0131n\u0131z \u00f6yk\u00fcler, Rilke\u2019nin \u00fcnl\u00fc \u015fairli\u011finin yan\u0131 s\u0131ra, k\u00fc\u00e7\u00fcmsenmeyecek \u00f6l\u00e7\u00fcde ba\u015far\u0131l\u0131 bir \u00f6yk\u00fcc\u00fc oldu\u011funu bir kez daha kan\u0131tl\u0131yor.<\/p>\n","protected":false},"excerpt":{"rendered":"<p>Cem Yay\u0131nevi, okuyucular\u0131na \u015fimdiye dek Rilke\u2019nin \u00f6yk\u00fclerinden olu\u015fan iki kitap sunmu\u015ftur: Tanr\u0131\u2019dan \u00d6yk\u00fcler ve Beyaz Mutluluk. Elinizdeki kitap, Rilke\u2019nin \u00f6yk\u00fclerinden olu\u015fan \u00fc\u00e7\u00fcnc\u00fc kitap. On \u00f6yk\u00fcden olu\u015fan<span class=\"excerpt-hellip\"> [\u2026]<\/span><\/p>\n","protected":false},"featured_media":0,"template":"","meta":{"_monsterinsights_skip_tracking":false,"_monsterinsights_sitenote_active":false,"_monsterinsights_sitenote_note":"","_monsterinsights_sitenote_category":0},"product_brand":[],"product_cat":[13661,12291],"product_tag":[],"class_list":{"0":"post-774689","1":"product","2":"type-product","3":"status-publish","5":"product_cat-diger-ulke-edebiyatlari","6":"product_cat-edebiyat","7":"pa_cilt-ciltsiz","8":"pa_tur-kitap","9":"pa_yayinevi-cem-yayinevi","10":"pa_yazar-rainer-maria-rilke","12":"first","13":"instock","14":"sale","15":"shipping-taxable","16":"purchasable","17":"product-type-simple"},"_links":{"self":[{"href":"https:\/\/roveyayinevi.com.tr\/index.php\/wp-json\/wp\/v2\/product\/774689","targetHints":{"allow":["GET"]}}],"collection":[{"href":"https:\/\/roveyayinevi.com.tr\/index.php\/wp-json\/wp\/v2\/product"}],"about":[{"href":"https:\/\/roveyayinevi.com.tr\/index.php\/wp-json\/wp\/v2\/types\/product"}],"wp:attachment":[{"href":"https:\/\/roveyayinevi.com.tr\/index.php\/wp-json\/wp\/v2\/media?parent=774689"}],"wp:term":[{"taxonomy":"product_brand","embeddable":true,"href":"https:\/\/roveyayinevi.com.tr\/index.php\/wp-json\/wp\/v2\/product_brand?post=774689"},{"taxonomy":"product_cat","embeddable":true,"href":"https:\/\/roveyayinevi.com.tr\/index.php\/wp-json\/wp\/v2\/product_cat?post=774689"},{"taxonomy":"product_tag","embeddable":true,"href":"https:\/\/roveyayinevi.com.tr\/index.php\/wp-json\/wp\/v2\/product_tag?post=774689"}],"curies":[{"name":"wp","href":"https:\/\/api.w.org\/{rel}","templated":true}]}}