{"id":774680,"date":"2025-09-09T10:09:17","date_gmt":"2025-09-09T07:09:17","guid":{"rendered":"https:\/\/roveyayinevi.com.tr\/index.php\/urun\/psikolojik-travma\/"},"modified":"2026-04-16T02:09:58","modified_gmt":"2026-04-15T23:09:58","slug":"psikolojik-travma","status":"publish","type":"product","link":"https:\/\/roveyayinevi.com.tr\/index.php\/urun\/psikolojik-travma\/","title":{"rendered":"Psikolojik Travma"},"content":{"rendered":"<p>Travma bir bireyi ola\u011fan bilin\u00e7li ya\u015famdan kopar\u0131r, psikolojisini da\u011f\u0131t\u0131r, duygular\u0131n\u0131 ya da \u00f6fkesini bilin\u00e7alt\u0131na g\u00f6nderir, akl\u0131n\u0131 kullanamaz duruma getirir. \u00c7ocuklu\u011funda b\u00fcy\u00fck bir travma ge\u00e7irmi\u015f insan\u0131n bu sars\u0131nt\u0131s\u0131 kal\u0131c\u0131 olur. Travma ge\u00e7irmi\u015f insan, art\u0131k bir de\u011fer olmaktan \u00e7\u0131km\u0131\u015f, toplumun d\u0131\u015f\u0131na itilmi\u015ftir. Bu birey, istese de toplumun ortak de\u011ferlerini payla\u015famaz, topluma kat\u0131lamaz; topluma kat\u0131lmamak i\u00e7in yapaca\u011f\u0131 tek \u015fey su\u00e7 i\u015flemek, b\u00f6ylece kendini toplumun d\u0131\u015f\u0131nda tutmakt\u0131r. K\u00fc\u00e7\u00fck \u015feyler a\u015f\u0131rmak, bir eve girip i\u00e7 \u00e7ama\u015f\u0131r\u0131 \u00e7almak, yang\u0131n \u00e7\u0131karmak hep bu travmal\u0131 insanlar\u0131n i\u015fledi\u011fi su\u00e7lardand\u0131r. Su\u00e7 i\u015flemek bu yaral\u0131 insanlar i\u00e7in g\u00fcd\u00fcsel bir durumdur. Sandor Ferenczi, Psikolojik Travma\u2019da psikanalizin temel konular\u0131ndan biri olan \u201ctravma\u201dy\u0131 ele al\u0131yor. \ufffcTan\u0131t\u0131m Metni<\/p>\n","protected":false},"excerpt":{"rendered":"<p>Travma bir bireyi ola\u011fan bilin\u00e7li ya\u015famdan kopar\u0131r, psikolojisini da\u011f\u0131t\u0131r, duygular\u0131n\u0131 ya da \u00f6fkesini bilin\u00e7alt\u0131na g\u00f6nderir, akl\u0131n\u0131 kullanamaz duruma getirir. \u00c7ocuklu\u011funda b\u00fcy\u00fck bir travma ge\u00e7irmi\u015f insan\u0131n bu<span class=\"excerpt-hellip\"> [\u2026]<\/span><\/p>\n","protected":false},"featured_media":0,"template":"","meta":{"_monsterinsights_skip_tracking":false,"_monsterinsights_sitenote_active":false,"_monsterinsights_sitenote_note":"","_monsterinsights_sitenote_category":0},"product_brand":[],"product_cat":[12358,12357],"product_tag":[],"class_list":{"0":"post-774680","1":"product","2":"type-product","3":"status-publish","5":"product_cat-genel-psikoloji","6":"product_cat-psikoloji","7":"pa_cilt-ciltsiz","8":"pa_tur-kitap","9":"pa_yayinevi-cem-yayinevi","10":"pa_yazar-sandor-ferenczi","12":"first","13":"instock","14":"sale","15":"shipping-taxable","16":"purchasable","17":"product-type-simple"},"_links":{"self":[{"href":"https:\/\/roveyayinevi.com.tr\/index.php\/wp-json\/wp\/v2\/product\/774680","targetHints":{"allow":["GET"]}}],"collection":[{"href":"https:\/\/roveyayinevi.com.tr\/index.php\/wp-json\/wp\/v2\/product"}],"about":[{"href":"https:\/\/roveyayinevi.com.tr\/index.php\/wp-json\/wp\/v2\/types\/product"}],"wp:attachment":[{"href":"https:\/\/roveyayinevi.com.tr\/index.php\/wp-json\/wp\/v2\/media?parent=774680"}],"wp:term":[{"taxonomy":"product_brand","embeddable":true,"href":"https:\/\/roveyayinevi.com.tr\/index.php\/wp-json\/wp\/v2\/product_brand?post=774680"},{"taxonomy":"product_cat","embeddable":true,"href":"https:\/\/roveyayinevi.com.tr\/index.php\/wp-json\/wp\/v2\/product_cat?post=774680"},{"taxonomy":"product_tag","embeddable":true,"href":"https:\/\/roveyayinevi.com.tr\/index.php\/wp-json\/wp\/v2\/product_tag?post=774680"}],"curies":[{"name":"wp","href":"https:\/\/api.w.org\/{rel}","templated":true}]}}