{"id":774664,"date":"2025-09-09T09:58:16","date_gmt":"2025-09-09T06:58:16","guid":{"rendered":"https:\/\/roveyayinevi.com.tr\/index.php\/urun\/esmau-l-husna-serhi\/"},"modified":"2026-02-03T02:13:43","modified_gmt":"2026-02-02T23:13:43","slug":"esmau-l-husna-serhi","status":"publish","type":"product","link":"https:\/\/roveyayinevi.com.tr\/index.php\/urun\/esmau-l-husna-serhi\/","title":{"rendered":"Esma\u00fc-l-H\u00fcsna \u015eerhi"},"content":{"rendered":"<p>\u201cAllah ad\u0131yla and\u0131\u011f\u0131m\u0131z b\u00fcy\u00fck zat, bu muazzam varl\u0131\u011f\u0131 yaratan, tutan, her lahza g\u00f6r\u00fcp g\u00f6zeten zatt\u0131r. Hudutsuz kudret sahibidir, isterse yarat\u0131lm\u0131\u015flar\u0131n daha nice benzerlerini de v\u00fccuda getirir; yine de kudretinden bir zerre eksilmez. O, Rabb\u00fc\u2019l-Alemin olmakla beraber kendisiyle a\u015final\u0131\u011f\u0131 olan kullar\u0131na bilhassa \u00f6yle l\u00fctuflar\u0131, \u00f6yle ikramlar\u0131 vard\u0131r ki, bunlar\u0131 s\u00f6ylemeye ve saymaya kimsenin g\u00fcc\u00fc yeti\u015fmez. Bu sebepten bir insan i\u00e7in m\u00fcmk\u00fcn olabilen en b\u00fcy\u00fck kazan\u00e7, O\u2019nu tan\u0131mak ve en b\u00fcy\u00fck kay\u0131p da O\u2019ndan gaflet halinde bulunmakt\u0131r.\u201d<\/p>\n","protected":false},"excerpt":{"rendered":"<p>\u201cAllah ad\u0131yla and\u0131\u011f\u0131m\u0131z b\u00fcy\u00fck zat, bu muazzam varl\u0131\u011f\u0131 yaratan, tutan, her lahza g\u00f6r\u00fcp g\u00f6zeten zatt\u0131r. Hudutsuz kudret sahibidir, isterse yarat\u0131lm\u0131\u015flar\u0131n daha nice benzerlerini de v\u00fccuda getirir;<span class=\"excerpt-hellip\"> [\u2026]<\/span><\/p>\n","protected":false},"featured_media":0,"template":"","meta":{"_monsterinsights_skip_tracking":false,"_monsterinsights_sitenote_active":false,"_monsterinsights_sitenote_note":"","_monsterinsights_sitenote_category":0},"product_brand":[],"product_cat":[12718,12719,17284],"product_tag":[],"class_list":{"0":"post-774664","1":"product","2":"type-product","3":"status-publish","5":"product_cat-din","6":"product_cat-islam","7":"product_cat-kuran-ve-kuran-uzerine","8":"pa_cilt-ciltsiz","9":"pa_tur-kitap","10":"pa_yayinevi-kapi-yayinlari","11":"pa_yazar-ali-osman-tatlisu","13":"first","14":"instock","15":"sale","16":"shipping-taxable","17":"purchasable","18":"product-type-simple"},"_links":{"self":[{"href":"https:\/\/roveyayinevi.com.tr\/index.php\/wp-json\/wp\/v2\/product\/774664","targetHints":{"allow":["GET"]}}],"collection":[{"href":"https:\/\/roveyayinevi.com.tr\/index.php\/wp-json\/wp\/v2\/product"}],"about":[{"href":"https:\/\/roveyayinevi.com.tr\/index.php\/wp-json\/wp\/v2\/types\/product"}],"wp:attachment":[{"href":"https:\/\/roveyayinevi.com.tr\/index.php\/wp-json\/wp\/v2\/media?parent=774664"}],"wp:term":[{"taxonomy":"product_brand","embeddable":true,"href":"https:\/\/roveyayinevi.com.tr\/index.php\/wp-json\/wp\/v2\/product_brand?post=774664"},{"taxonomy":"product_cat","embeddable":true,"href":"https:\/\/roveyayinevi.com.tr\/index.php\/wp-json\/wp\/v2\/product_cat?post=774664"},{"taxonomy":"product_tag","embeddable":true,"href":"https:\/\/roveyayinevi.com.tr\/index.php\/wp-json\/wp\/v2\/product_tag?post=774664"}],"curies":[{"name":"wp","href":"https:\/\/api.w.org\/{rel}","templated":true}]}}