{"id":774655,"date":"2025-09-09T09:50:17","date_gmt":"2025-09-09T06:50:17","guid":{"rendered":"https:\/\/roveyayinevi.com.tr\/index.php\/urun\/entelektuel-yolculugum\/"},"modified":"2026-01-29T02:12:52","modified_gmt":"2026-01-28T23:12:52","slug":"entelektuel-yolculugum","status":"publish","type":"product","link":"https:\/\/roveyayinevi.com.tr\/index.php\/urun\/entelektuel-yolculugum\/","title":{"rendered":"Entelekt\u00fcel Yolculu\u011fum"},"content":{"rendered":"<p>D\u00fcnyaca \u00fcnl\u00fc bir ekonomi politik profes\u00f6r\u00fc ve ya\u015fayan entellekt\u00fcellerin en se\u00e7kinlerinden biri say\u0131lan Samir Amin, elinizdeki entellekt\u00fcel biyografisinde kendini de\u011fil, d\u00fcnya \u00f6l\u00e7e\u011findeki kapitalist sermaye birikimini, onda i\u00e7erilmi\u015f kutupla\u015fmay\u0131, \u0130kinci D\u00fcnya Sava\u015f\u0131 sonras\u0131 d\u00f6nemin tart\u0131\u015fmal\u0131 sorunlar\u0131 hakk\u0131ndaki tezlerini \u00f6zetliyor. Sava\u015f sonras\u0131nda d\u00fcnyan\u0131n \u00fc\u00e7 b\u00f6lgesinde ge\u00e7erli modellerin (sovyetizm, refah devleti, ulusal kalk\u0131nmac\u0131l\u0131k) neden ve nas\u0131l a\u015f\u0131nd\u0131\u011f\u0131n\u0131 tahlil ederek, ezilenler cephesinin nas\u0131l yeni bir ba\u015flang\u0131\u00e7 yapabilece\u011fine dair baz\u0131 \u00e7\u0131karsamalarda bulunuyor. <\/p>\n","protected":false},"excerpt":{"rendered":"<p>D\u00fcnyaca \u00fcnl\u00fc bir ekonomi politik profes\u00f6r\u00fc ve ya\u015fayan entellekt\u00fcellerin en se\u00e7kinlerinden biri say\u0131lan Samir Amin, elinizdeki entellekt\u00fcel biyografisinde kendini de\u011fil, d\u00fcnya \u00f6l\u00e7e\u011findeki kapitalist sermaye birikimini, onda<span class=\"excerpt-hellip\"> [\u2026]<\/span><\/p>\n","protected":false},"featured_media":0,"template":"","meta":{"_monsterinsights_skip_tracking":false,"_monsterinsights_sitenote_active":false,"_monsterinsights_sitenote_note":"","_monsterinsights_sitenote_category":0},"product_brand":[],"product_cat":[17574,13527],"product_tag":[],"class_list":{"0":"post-774655","1":"product","2":"type-product","3":"status-publish","5":"product_cat-politika","6":"product_cat-sureli-yayinlar","7":"pa_cilt-ciltsiz","8":"pa_tur-kitap","9":"pa_yayinevi-utopya-yayinevi","10":"pa_yazar-samir-amin","12":"first","13":"instock","14":"sale","15":"shipping-taxable","16":"purchasable","17":"product-type-simple"},"_links":{"self":[{"href":"https:\/\/roveyayinevi.com.tr\/index.php\/wp-json\/wp\/v2\/product\/774655","targetHints":{"allow":["GET"]}}],"collection":[{"href":"https:\/\/roveyayinevi.com.tr\/index.php\/wp-json\/wp\/v2\/product"}],"about":[{"href":"https:\/\/roveyayinevi.com.tr\/index.php\/wp-json\/wp\/v2\/types\/product"}],"wp:attachment":[{"href":"https:\/\/roveyayinevi.com.tr\/index.php\/wp-json\/wp\/v2\/media?parent=774655"}],"wp:term":[{"taxonomy":"product_brand","embeddable":true,"href":"https:\/\/roveyayinevi.com.tr\/index.php\/wp-json\/wp\/v2\/product_brand?post=774655"},{"taxonomy":"product_cat","embeddable":true,"href":"https:\/\/roveyayinevi.com.tr\/index.php\/wp-json\/wp\/v2\/product_cat?post=774655"},{"taxonomy":"product_tag","embeddable":true,"href":"https:\/\/roveyayinevi.com.tr\/index.php\/wp-json\/wp\/v2\/product_tag?post=774655"}],"curies":[{"name":"wp","href":"https:\/\/api.w.org\/{rel}","templated":true}]}}

Entelektüel Yolculuğum

<p>Dünyaca ünlü bir ekonomi politik profesörü ve yaşayan entellektüellerin en seçkinlerinden biri sayılan Samir Amin, elinizdeki entellektüel biyografisinde kendini değil, dünya ölçeğindeki kapitalist sermaye birikimini, onda içerilmiş kutuplaşmayı, İkinci Dünya Savaşı sonrası dönemin tartışmalı sorunları hakkındaki tezlerini özetliyor. Savaş sonrasında dünyanın üç bölgesinde geçerli modellerin (sovyetizm, refah devleti, ulusal kalkınmacılık) neden ve nasıl aşındığını tahlil ederek, ezilenler cephesinin nasıl yeni bir başlangıç yapabileceğine dair bazı çıkarsamalarda bulunuyor. </p>

<p>Dünyaca ünlü bir ekonomi politik profesörü ve yaşayan entellektüellerin en seçkinlerinden biri sayılan Samir Amin, elinizdeki entellektüel biyografisinde kendini değil, dünya ölçeğindeki kapitalist sermaye birikimini, onda<span class="excerpt-hellip"> […]</span></p>
